{"id":2226,"date":"2025-08-11T10:18:08","date_gmt":"2025-08-11T08:18:08","guid":{"rendered":"https:\/\/wordpress.nibis.de\/bgs\/?page_id=2226"},"modified":"2025-08-11T10:46:49","modified_gmt":"2025-08-11T08:46:49","slug":"sommerferienbetreuung-in-der-bgs-2025","status":"publish","type":"page","link":"https:\/\/wordpress.nibis.de\/bgs\/sommerferienbetreuung-in-der-bgs-2025\/","title":{"rendered":"Sommerferienbetreuung in der BGS 2025"},"content":{"rendered":"<p>Die Sommerferienbetreuung der Stiftung help ging \u00fcber drei Wochen. Jede Woche hatte ein anderes Thema:<\/p>\n\n\n<h3>1. Woche: Umweltbewusst und kreativ &#8211; M\u00fcll sammeln und Upcycling erleben<br><br><\/h3>\n\n\n\n<div class=\"wp-block-columns is-layout-flex wp-container-core-columns-is-layout-abceabcf wp-block-columns-is-layout-flex\">\n<div class=\"wp-block-column is-layout-flow wp-block-column-is-layout-flow\" style=\"--col-width:33.33%;flex-basis:33.33%\">\n<figure class=\"wp-block-image size-full\"><img loading=\"lazy\" decoding=\"async\" width=\"427\" height=\"640\" src=\"https:\/\/wordpress.nibis.de\/bgs\/files\/2025\/08\/Bild-Woche-1.jpg\" alt=\"\" class=\"wp-image-2227\" \/><\/figure>\n<\/div>\n\n\n\n<div class=\"wp-block-column is-layout-flow wp-block-column-is-layout-flow\" style=\"--col-width:66.66%;flex-basis:66.66%\">\n<p>In der ersten Woche der Sommerferienbetreuung drehte sich alles um das wichtige Thema Umwelt und Upcycling.<\/p>\n<p>Gemeinsam mit dem Ganztagsteam besch\u00e4ftigten sich die Kinder spielerisch und altersgerecht mit dem Umgang mit M\u00fcll, der Vermeidung von Abfall und der M\u00f6glichkeit, scheinbar nutzlose Dinge in kreative Sch\u00e4tze zu verwandeln.<br data-rich-text-line-break=\"true\">Ein besonderes Highlight war die M\u00fcllsammelaktion auf dem Spielplatz , die in Absprache mit dem zust\u00e4ndigen Wertstoffhof durchgef\u00fchrt wurde. Ausgestattet mit Handschuhen, M\u00fcllzangen und Eimern machten sich die Kinder mit gro\u00dfem Eifer ans Werk. Dabei staunten sie nicht schlecht und waren zugleich ziemlich schockiert, wie viel M\u00fcll achtlos weggeworfen worden war. Viele Kinder fragten sich, warum manche Menschen ihren Abfall einfach in die Natur werfen, statt ihn ordnungsgem\u00e4\u00df zu entsorgen. Doch statt sich zu \u00e4rgern, wurde im Anschluss umso motivierter weitergearbeitet.<\/p>\n<\/div>\n<\/div>\n\n\n<p>In kleinen Spielen und Gespr\u00e4chsrunden erfuhren die Kinder viel Wissenswertes rund um M\u00fcllvermeidung, Recycling, Upcyling und Umweltschutz. <br data-rich-text-line-break=\"true\" \/>Der H\u00f6hepunkt der Woche war eine Upcycling-Kreativaktion, bei der leere Tetrapacks zu Vogelh\u00e4usern wurden, ausrangierte T-Shirts zu Lieblingsbekleidung und einzelne Socken zu Sockenmonstern umfunktioniert wurden.<\/p>\n<h4 class=\"western\">Zusatzangebote<\/h4>\n<p class=\"western\">In der 1. und 2. Ferienwoche fand eine kreative Zusatzaktion im Werkraum statt, die bei den Kindern gro\u00dfen Anklang fand. Mit viel Neugier und handwerklichen Geschick setzten sie sich mit dem Werkstoff Holz auseinander, lernten unterschiedliche Bearbeitungstechniken kennen und gestalteten unter fachkundiger Anleitung eigene kleine Kunstwerke. Ob Schatzkisten, Kerzenst\u00e4nder oder fantasievolle Zauberst\u00e4be &#8211; jedes Werkst\u00fcck war ein echtes Unikat, auf das die Kinder am Ende sehr stolz waren.<\/p>\n<p class=\"western\">Au\u00dferdem wurde immer mal wieder gemeinsam mit den Kindern an einem besonderen Ausstellungsobjekt gebastelt &#8211; als Beitrag zum 10-j\u00e4hrigen Jubil\u00e4um des Ganztags. Was genau entsteht, bleibt vorerst ein Geheimnis. Nur so viel sei verraten: Es hat allen, Kindern wie Betreuenden, riesigen Spa\u00df gemacht. Am 17. September 2025 wird das fertige Werk ausgestellt.<\/p>\n<h3>2. Woche: eine Reise durch Hannover<\/h3>\n<p class=\"western\">In der zweiten Woche der Sommerferienbetreuung stand alles im Zeichen unserer spannenden Landeshauptstadt: Hannover! In der Schule wurde gelesen, ger\u00e4tselt, gespielt und gebastelt \u2013 und das alles rund um eine Stadt, die viel mehr zu bieten hat, als man auf dem ersten Blick denkt.<br \/>Schon am Montag ging es los mit spannenden Geschichten, kleinen Spielen und jeder Menge interessanter Informationen \u00fcber Hannover.<\/p>\n\n\n<div class=\"wp-block-columns is-layout-flex wp-container-core-columns-is-layout-abceabcf wp-block-columns-is-layout-flex\">\n<div class=\"wp-block-column is-layout-flow wp-block-column-is-layout-flow\" style=\"--col-width:66.66%;flex-basis:66.66%\">\n<p class=\"western\">Jeden Tag der Woche gab es weitere interessante Dinge \u00fcber Hannover zu entdecken. Besonders die Geschichte vom goldenen Keks, der 2013 verschwunden war und vor der Leibniz-Universit\u00e4t mit roter Schleife wieder auftauchte, faszinierte die Kinder. \u201eDas war ja wie ein echter Schatz!\u201c, meinte ein Zweitkl\u00e4ssler begeistert.<br>Auch die vielen Erfindungen, die aus Hannover stammen \u2013 von der Schallplatte, CD bis zum Farbfernseher\u2013 sorgten f\u00fcr gro\u00dfe Augen und staunende Gesichter. \u201eDas wusste ich ja gar nicht!\u201c, rief ein Viertkl\u00e4ssler \u00fcberrascht.<\/p>\n<p class=\"western\">Der Ausflug der Woche wurde zu einem ganz besonderen Erlebnis: Eigentlich war ein Besuch der Herrenh\u00e4user G\u00e4rten geplant \u2013 mit einer spannenden \u201eZeitreise in die Vergangenheit\u201c. Doch weil der Regen ausgerechnet an diesem Tag kein Ende nehmen wollte, wurde kurzerhand umdisponiert. Die Alternative? Ein Besuch im SEA LIFE Hannover! Und der hatte es in sich: In den geheimnisvollen Unterwasserwelten bestaunten die Kinder farbenfrohe Fische, elegante Rochen und sogar Haie aus n\u00e4chster N\u00e4he.<\/p>\n<\/div>\n\n\n\n<div class=\"wp-block-column is-layout-flow wp-block-column-is-layout-flow\" style=\"--col-width:33.33%;flex-basis:33.33%\">\n<figure class=\"wp-block-image size-full\"><img loading=\"lazy\" decoding=\"async\" width=\"427\" height=\"640\" src=\"https:\/\/wordpress.nibis.de\/bgs\/files\/2025\/08\/Bild-Woche-2.jpg\" alt=\"\" class=\"wp-image-2231\" \/><\/figure>\n<\/div>\n<\/div>\n\n\n<p>&nbsp;Die leuchtenden Augen, das Staunen und die vielen Fragen zeigten: Diese Entdeckungstour war ein echtes Highlight \u2013 wetterunabh\u00e4ngig und voller Wunder!<\/p>\n<p class=\"western\">Am Ende der Woche wurden die Kinder selbst zu kleinen Radiomoderatorinnen und -moderatoren: Sie produzierten ihren eigenen Podcast \u00fcber Hannover \u2013 mit vielen kreativen Ideen und selbstgemachten Ger\u00e4uschen. Vom Br\u00fcllen des \u201eLeibniz-L\u00f6wen\u201c bis zum Schnattern einer Ente aus dem Maschsee: Der Fantasie waren keine Grenzen gesetzt. Besonders das Erdm\u00e4nnchen, vertont von einem Erstkl\u00e4ssler, brachte alle zum Lachen. Viele der teilnehmenden Kinder verbrachten auch schon die erste Sommerferienwoche zum Thema Upcyling und Umwelt in der Schule.<br>Eine Kreativaktion mit alten CDs verband beide Wochen miteinander. Die Kinder hatten viel Freude bei der Gestaltung ihrer CD-Fische.<\/p>\n<p>Am Freitag war klar: Diese Woche hat nicht nur viel Wissen gebracht, sondern auch richtig viel Spa\u00df gemacht. Und eines stand fest: Wir sind jetzt echte Hannover-Expertinnen und -Experten!<\/p>\n\n\n<h3 class=\"wp-block-heading\">3. Woche: Auf Weltreise &#8211; einmal um die Erde und zur\u00fcck<\/h3>\n\n\n<p class=\"western\">In der dritten Woche der Sommerferienbetreuung hoben wir ab \u2013 und zwar im wahrsten Sinne des Wortes! Bereits am Morgen wurden die Kinder von einer Stewardess mit einem riesigen Koffer und liebevoll gestalteten Bordkarten begr\u00fc\u00dft. In der Schulmensa stand ein gro\u00dfes Flugzeug bereit, und los ging die Fantasiereise rund um den Globus.<\/p>\n\n\n<div class=\"wp-block-columns is-layout-flex wp-container-core-columns-is-layout-abceabcf wp-block-columns-is-layout-flex\">\n<div class=\"wp-block-column is-layout-flow wp-block-column-is-layout-flow\" style=\"--col-width:33.33%;flex-basis:33.33%\">\n<figure class=\"wp-block-image size-full\"><img loading=\"lazy\" decoding=\"async\" width=\"427\" height=\"640\" src=\"https:\/\/wordpress.nibis.de\/bgs\/files\/2025\/08\/Bild-Woche-3.jpg\" alt=\"\" class=\"wp-image-2237\" \/><\/figure>\n<\/div>\n\n\n\n<div class=\"wp-block-column is-layout-flow wp-block-column-is-layout-flow\" style=\"--col-width:66.66%;flex-basis:66.66%\">\n<p class=\"western\">Doch der Flug verlief nicht ganz ohne Zwischenf\u00e4lle \u2013 es gab leichte Turbulenzen, und pl\u00f6tzlich befand sich unsere bunte Reisegruppe mitten im Dschungel!<br>Ein besonderer Spa\u00df f\u00fcr alle Beteiligten \u2013 besonders als die Kinder riesige Schmetterlinge bastelten, die sp\u00e4ter durch das Schulgeb\u00e4ude \u201eflatterten\u201c.<br>Jeder Tag stand im Zeichen eines anderen Landes: Ob Afrika, Indien, Brasilien oder Italien \u2013 \u00fcberall gab es spannende Geschichten, typische Musik, bunte Dekorationen und kulinarische K\u00f6stlichkeiten zu entdecken. Die Kinder erfuhren spielerisch interessante Dinge \u00fcber andere Kulturen, Sprachen und Lebensweisen.<br>Besonders begeistert waren sie vom Flug mit Landung im Dschungel.<br>In manchen L\u00e4ndern erz\u00e4hlten die\u201eEinheimischen\u201c, kleine Geschichten aus ihrer Kindheit \u2013 dazu wurde gemeinsam gebacken und lecker gegessen.<\/p>\n<\/div>\n<\/div>\n\n\n<p class=\"western\">Am Mittwoch f\u00fchrte uns unsere Weltreise zu einem ganz besonderen Ziel: in den Zoo Hannover. Dort begegneten die Kinder Tieren aus aller Welt \u2013 und konnten passend zur Themenwoche erfahren, wo die Tiere zuhause sind.<br \/>Die afrikanischen Elefanten beeindruckten mit ihrer Gr\u00f6\u00dfe und Ruhe, die L\u00f6wen wirkten majest\u00e4tisch wie echte K\u00f6nige der Savanne. Aus S\u00fcdamerika bestaunten wir die quirligen Totenkopfaffen und die bunten Aras.<br \/>In der Kanada-Anlage entdeckten wir die wendigen Waschb\u00e4ren, w\u00e4hrend im indischen Dschungel die Tiger unser Staunen weckten. Und nat\u00fcrlich waren auch die K\u00e4ngurus aus Australien ein echtes Highlight.<\/p>\n<p class=\"western\">Diese Woche war bunt, aufregend, lehrreich \u2013 und vor allem: ein riesengro\u00dfes Abenteuer! Am Ende waren sich alle einig: Die Welt ist voller Wunder \u2013 und gemeinsam macht das Reisen am meisten Spa\u00df.<\/p>\n\n\n<div class=\"wp-block-image\"><figure class=\"aligncenter size-full\"><img loading=\"lazy\" decoding=\"async\" width=\"333\" height=\"500\" src=\"https:\/\/wordpress.nibis.de\/bgs\/files\/2025\/08\/Foto-Collage-Creme-Ordentlich-Layout-Inspiration-Typografie-Fotografie-2.png\" alt=\"\" class=\"wp-image-2246\" \/><\/figure><\/div>\n","protected":false},"excerpt":{"rendered":"<p>Die Sommerferienbetreuung der Stiftung help ging \u00fcber drei Wochen. Jede Woche hatte ein anderes Thema: 1. Woche: Umweltbewusst und kreativ &#8211; M\u00fcll sammeln und Upcycling &hellip; <\/p>\n","protected":false},"author":9193915,"featured_media":0,"parent":0,"menu_order":0,"comment_status":"closed","ping_status":"closed","template":"","meta":{"footnotes":""},"class_list":["post-2226","page","type-page","status-publish","hentry"],"_links":{"self":[{"href":"https:\/\/wordpress.nibis.de\/bgs\/wp-json\/wp\/v2\/pages\/2226","targetHints":{"allow":["GET"]}}],"collection":[{"href":"https:\/\/wordpress.nibis.de\/bgs\/wp-json\/wp\/v2\/pages"}],"about":[{"href":"https:\/\/wordpress.nibis.de\/bgs\/wp-json\/wp\/v2\/types\/page"}],"author":[{"embeddable":true,"href":"https:\/\/wordpress.nibis.de\/bgs\/wp-json\/wp\/v2\/users\/9193915"}],"replies":[{"embeddable":true,"href":"https:\/\/wordpress.nibis.de\/bgs\/wp-json\/wp\/v2\/comments?post=2226"}],"version-history":[{"count":9,"href":"https:\/\/wordpress.nibis.de\/bgs\/wp-json\/wp\/v2\/pages\/2226\/revisions"}],"predecessor-version":[{"id":2325,"href":"https:\/\/wordpress.nibis.de\/bgs\/wp-json\/wp\/v2\/pages\/2226\/revisions\/2325"}],"wp:attachment":[{"href":"https:\/\/wordpress.nibis.de\/bgs\/wp-json\/wp\/v2\/media?parent=2226"}],"curies":[{"name":"wp","href":"https:\/\/api.w.org\/{rel}","templated":true}]}}

<p>Die Sommerferienbetreuung der Stiftung help ging über drei Wochen. Jede Woche hatte ein anderes Thema:</p>


<h3>1. Woche: Umweltbewusst und kreativ &#8211; Müll sammeln und Upcycling erleben<br><br></h3>



<div class="wp-block-columns is-layout-flex wp-container-core-columns-is-layout-abceabcf wp-block-columns-is-layout-flex">
<div class="wp-block-column is-layout-flow wp-block-column-is-layout-flow" style="--col-width:33.33%;flex-basis:33.33%">
<figure class="wp-block-image size-full"><img loading="lazy" decoding="async" width="427" height="640" src="https://wordpress.nibis.de/bgs/files/2025/08/Bild-Woche-1.jpg" alt="" class="wp-image-2227" /></figure>
</div>



<div class="wp-block-column is-layout-flow wp-block-column-is-layout-flow" style="--col-width:66.66%;flex-basis:66.66%">
<p>In der ersten Woche der Sommerferienbetreuung drehte sich alles um das wichtige Thema Umwelt und Upcycling.</p>
<p>Gemeinsam mit dem Ganztagsteam beschäftigten sich die Kinder spielerisch und altersgerecht mit dem Umgang mit Müll, der Vermeidung von Abfall und der Möglichkeit, scheinbar nutzlose Dinge in kreative Schätze zu verwandeln.<br data-rich-text-line-break="true">Ein besonderes Highlight war die Müllsammelaktion auf dem Spielplatz , die in Absprache mit dem zuständigen Wertstoffhof durchgeführt wurde. Ausgestattet mit Handschuhen, Müllzangen und Eimern machten sich die Kinder mit großem Eifer ans Werk. Dabei staunten sie nicht schlecht und waren zugleich ziemlich schockiert, wie viel Müll achtlos weggeworfen worden war. Viele Kinder fragten sich, warum manche Menschen ihren Abfall einfach in die Natur werfen, statt ihn ordnungsgemäß zu entsorgen. Doch statt sich zu ärgern, wurde im Anschluss umso motivierter weitergearbeitet.</p>
</div>
</div>


<p>In kleinen Spielen und Gesprächsrunden erfuhren die Kinder viel Wissenswertes rund um Müllvermeidung, Recycling, Upcyling und Umweltschutz. <br data-rich-text-line-break="true" />Der Höhepunkt der Woche war eine Upcycling-Kreativaktion, bei der leere Tetrapacks zu Vogelhäusern wurden, ausrangierte T-Shirts zu Lieblingsbekleidung und einzelne Socken zu Sockenmonstern umfunktioniert wurden.</p>
<h4 class="western">Zusatzangebote</h4>
<p class="western">In der 1. und 2. Ferienwoche fand eine kreative Zusatzaktion im Werkraum statt, die bei den Kindern großen Anklang fand. Mit viel Neugier und handwerklichen Geschick setzten sie sich mit dem Werkstoff Holz auseinander, lernten unterschiedliche Bearbeitungstechniken kennen und gestalteten unter fachkundiger Anleitung eigene kleine Kunstwerke. Ob Schatzkisten, Kerzenständer oder fantasievolle Zauberstäbe &#8211; jedes Werkstück war ein echtes Unikat, auf das die Kinder am Ende sehr stolz waren.</p>
<p class="western">Außerdem wurde immer mal wieder gemeinsam mit den Kindern an einem besonderen Ausstellungsobjekt gebastelt &#8211; als Beitrag zum 10-jährigen Jubiläum des Ganztags. Was genau entsteht, bleibt vorerst ein Geheimnis. Nur so viel sei verraten: Es hat allen, Kindern wie Betreuenden, riesigen Spaß gemacht. Am 17. September 2025 wird das fertige Werk ausgestellt.</p>
<h3>2. Woche: eine Reise durch Hannover</h3>
<p class="western">In der zweiten Woche der Sommerferienbetreuung stand alles im Zeichen unserer spannenden Landeshauptstadt: Hannover! In der Schule wurde gelesen, gerätselt, gespielt und gebastelt – und das alles rund um eine Stadt, die viel mehr zu bieten hat, als man auf dem ersten Blick denkt.<br />Schon am Montag ging es los mit spannenden Geschichten, kleinen Spielen und jeder Menge interessanter Informationen über Hannover.</p>


<div class="wp-block-columns is-layout-flex wp-container-core-columns-is-layout-abceabcf wp-block-columns-is-layout-flex">
<div class="wp-block-column is-layout-flow wp-block-column-is-layout-flow" style="--col-width:66.66%;flex-basis:66.66%">
<p class="western">Jeden Tag der Woche gab es weitere interessante Dinge über Hannover zu entdecken. Besonders die Geschichte vom goldenen Keks, der 2013 verschwunden war und vor der Leibniz-Universität mit roter Schleife wieder auftauchte, faszinierte die Kinder. „Das war ja wie ein echter Schatz!“, meinte ein Zweitklässler begeistert.<br>Auch die vielen Erfindungen, die aus Hannover stammen – von der Schallplatte, CD bis zum Farbfernseher– sorgten für große Augen und staunende Gesichter. „Das wusste ich ja gar nicht!“, rief ein Viertklässler überrascht.</p>
<p class="western">Der Ausflug der Woche wurde zu einem ganz besonderen Erlebnis: Eigentlich war ein Besuch der Herrenhäuser Gärten geplant – mit einer spannenden „Zeitreise in die Vergangenheit“. Doch weil der Regen ausgerechnet an diesem Tag kein Ende nehmen wollte, wurde kurzerhand umdisponiert. Die Alternative? Ein Besuch im SEA LIFE Hannover! Und der hatte es in sich: In den geheimnisvollen Unterwasserwelten bestaunten die Kinder farbenfrohe Fische, elegante Rochen und sogar Haie aus nächster Nähe.</p>
</div>



<div class="wp-block-column is-layout-flow wp-block-column-is-layout-flow" style="--col-width:33.33%;flex-basis:33.33%">
<figure class="wp-block-image size-full"><img loading="lazy" decoding="async" width="427" height="640" src="https://wordpress.nibis.de/bgs/files/2025/08/Bild-Woche-2.jpg" alt="" class="wp-image-2231" /></figure>
</div>
</div>


<p>&nbsp;Die leuchtenden Augen, das Staunen und die vielen Fragen zeigten: Diese Entdeckungstour war ein echtes Highlight – wetterunabhängig und voller Wunder!</p>
<p class="western">Am Ende der Woche wurden die Kinder selbst zu kleinen Radiomoderatorinnen und -moderatoren: Sie produzierten ihren eigenen Podcast über Hannover – mit vielen kreativen Ideen und selbstgemachten Geräuschen. Vom Brüllen des „Leibniz-Löwen“ bis zum Schnattern einer Ente aus dem Maschsee: Der Fantasie waren keine Grenzen gesetzt. Besonders das Erdmännchen, vertont von einem Erstklässler, brachte alle zum Lachen. Viele der teilnehmenden Kinder verbrachten auch schon die erste Sommerferienwoche zum Thema Upcyling und Umwelt in der Schule.<br>Eine Kreativaktion mit alten CDs verband beide Wochen miteinander. Die Kinder hatten viel Freude bei der Gestaltung ihrer CD-Fische.</p>
<p>Am Freitag war klar: Diese Woche hat nicht nur viel Wissen gebracht, sondern auch richtig viel Spaß gemacht. Und eines stand fest: Wir sind jetzt echte Hannover-Expertinnen und -Experten!</p>


<h3 class="wp-block-heading">3. Woche: Auf Weltreise &#8211; einmal um die Erde und zurück</h3>


<p class="western">In der dritten Woche der Sommerferienbetreuung hoben wir ab – und zwar im wahrsten Sinne des Wortes! Bereits am Morgen wurden die Kinder von einer Stewardess mit einem riesigen Koffer und liebevoll gestalteten Bordkarten begrüßt. In der Schulmensa stand ein großes Flugzeug bereit, und los ging die Fantasiereise rund um den Globus.</p>


<div class="wp-block-columns is-layout-flex wp-container-core-columns-is-layout-abceabcf wp-block-columns-is-layout-flex">
<div class="wp-block-column is-layout-flow wp-block-column-is-layout-flow" style="--col-width:33.33%;flex-basis:33.33%">
<figure class="wp-block-image size-full"><img loading="lazy" decoding="async" width="427" height="640" src="https://wordpress.nibis.de/bgs/files/2025/08/Bild-Woche-3.jpg" alt="" class="wp-image-2237" /></figure>
</div>



<div class="wp-block-column is-layout-flow wp-block-column-is-layout-flow" style="--col-width:66.66%;flex-basis:66.66%">
<p class="western">Doch der Flug verlief nicht ganz ohne Zwischenfälle – es gab leichte Turbulenzen, und plötzlich befand sich unsere bunte Reisegruppe mitten im Dschungel!<br>Ein besonderer Spaß für alle Beteiligten – besonders als die Kinder riesige Schmetterlinge bastelten, die später durch das Schulgebäude „flatterten“.<br>Jeder Tag stand im Zeichen eines anderen Landes: Ob Afrika, Indien, Brasilien oder Italien – überall gab es spannende Geschichten, typische Musik, bunte Dekorationen und kulinarische Köstlichkeiten zu entdecken. Die Kinder erfuhren spielerisch interessante Dinge über andere Kulturen, Sprachen und Lebensweisen.<br>Besonders begeistert waren sie vom Flug mit Landung im Dschungel.<br>In manchen Ländern erzählten die„Einheimischen“, kleine Geschichten aus ihrer Kindheit – dazu wurde gemeinsam gebacken und lecker gegessen.</p>
</div>
</div>


<p class="western">Am Mittwoch führte uns unsere Weltreise zu einem ganz besonderen Ziel: in den Zoo Hannover. Dort begegneten die Kinder Tieren aus aller Welt – und konnten passend zur Themenwoche erfahren, wo die Tiere zuhause sind.<br />Die afrikanischen Elefanten beeindruckten mit ihrer Größe und Ruhe, die Löwen wirkten majestätisch wie echte Könige der Savanne. Aus Südamerika bestaunten wir die quirligen Totenkopfaffen und die bunten Aras.<br />In der Kanada-Anlage entdeckten wir die wendigen Waschbären, während im indischen Dschungel die Tiger unser Staunen weckten. Und natürlich waren auch die Kängurus aus Australien ein echtes Highlight.</p>
<p class="western">Diese Woche war bunt, aufregend, lehrreich – und vor allem: ein riesengroßes Abenteuer! Am Ende waren sich alle einig: Die Welt ist voller Wunder – und gemeinsam macht das Reisen am meisten Spaß.</p>


<div class="wp-block-image"><figure class="aligncenter size-full"><img loading="lazy" decoding="async" width="333" height="500" src="https://wordpress.nibis.de/bgs/files/2025/08/Foto-Collage-Creme-Ordentlich-Layout-Inspiration-Typografie-Fotografie-2.png" alt="" class="wp-image-2246" /></figure></div>

<p>Die Sommerferienbetreuung der Stiftung help ging über drei Wochen. Jede Woche hatte ein anderes Thema: 1. Woche: Umweltbewusst und kreativ &#8211; Müll sammeln und Upcycling &hellip; </p>
