{"id":2341,"date":"2025-10-09T13:22:40","date_gmt":"2025-10-09T11:22:40","guid":{"rendered":"https:\/\/wordpress.nibis.de\/bgs\/?page_id=2341"},"modified":"2025-10-09T13:22:41","modified_gmt":"2025-10-09T11:22:41","slug":"projektwoche-zum-thema-mobilitaet-zukunftsstrasse-elterntaxis-vermeiden-vom-22-09-bis-26-09-2025","status":"publish","type":"page","link":"https:\/\/wordpress.nibis.de\/bgs\/projektwoche-zum-thema-mobilitaet-zukunftsstrasse-elterntaxis-vermeiden-vom-22-09-bis-26-09-2025\/","title":{"rendered":"Projektwoche zum Thema \u201eMobilit\u00e4t- Zukunftsstra\u00dfe \u2013 Elterntaxis vermeiden\u201c vom 22.09. bis 26.09.2025"},"content":{"rendered":"\n<p>In der Woche vom 22. bis 26. September 2025 fand an unserer Schule eine spannende Projektwoche statt. Unter dem Motto \u201eZukunftsstra\u00dfe \u2013 Elterntaxis vermeiden\u201c besch\u00e4ftigten sich die Klassen mit Ideen f\u00fcr einen sicheren, nachhaltigen und kinderfreundlichen Schulweg.<\/p>\n<p>Der 3. Jahrgang nahm unter anderem am Projekt \u201eWert der Dinge\u201c teil und setzte sich auf vielf\u00e4ltige Weise mit dem Thema Mobilit\u00e4t auseinander.<\/p>\n<p>Zu Beginn der Woche wurde zun\u00e4chst gemeinsam \u00fcberlegt: Wie bewegen wir uns zur Schule \u2013 und wie sieht das in anderen L\u00e4ndern aus? Die Kinder lernten Schulwege aus verschiedenen Teilen der Welt kennen und konnten vergleichen, wie unterschiedlich der Schulweg in anderen Kulturen aussieht.<\/p>\n<p>Ein weiterer Programmpunkt war die Stra\u00dfenbegehung mit dem VCD (Verkehrsclub Deutschland). Gemeinsam mit Experten und Lehrkr\u00e4ften untersuchten die Kinder die Stra\u00dfe vor der Schule: Wo ist es gef\u00e4hrlich? Wo parken Elterntaxis? Wie k\u00f6nnte die Stra\u00dfe sicherer werden? Dabei entstanden viele gute Ideen f\u00fcr eine \u201eZukunftsstra\u00dfe\u201c, die vor allem Kindern gerecht wird.<\/p>\n<p>Kreativ wurde es beim Gestalten von Pflanzk\u00fcbeln, die sp\u00e4ter als bunte Hingucker und sichere Abgrenzungen im Stra\u00dfenbereich dienen sollen. Au\u00dferdem gestalteten die Kinder ein altes Fahrrad um, das nun als Symbol f\u00fcr nachhaltige Mobilit\u00e4t an der Schule stehen bleibt.<\/p>\n<p>Die Projektwoche war nicht nur lehrreich, sondern auch sehr motivierend. Die Sch\u00fclerinnen und Sch\u00fcler entwickelten ein besseres Verst\u00e4ndnis daf\u00fcr, warum der Schulweg ohne Auto oft die bessere Wahl ist.<\/p>\n<p><img loading=\"lazy\" decoding=\"async\" class=\"size-medium wp-image-2342 aligncenter\" src=\"https:\/\/wordpress.nibis.de\/bgs\/files\/2025\/10\/Projektwoche-700x478.jpg\" alt=\"\" width=\"700\" height=\"478\" \/><\/p>\n","protected":false},"excerpt":{"rendered":"<p>In der Woche vom 22. bis 26. September 2025 fand an unserer Schule eine spannende Projektwoche statt. Unter dem Motto \u201eZukunftsstra\u00dfe \u2013 Elterntaxis vermeiden\u201c besch\u00e4ftigten &hellip; <\/p>\n","protected":false},"author":9193915,"featured_media":0,"parent":0,"menu_order":0,"comment_status":"closed","ping_status":"closed","template":"","meta":{"footnotes":""},"class_list":["post-2341","page","type-page","status-publish","hentry"],"_links":{"self":[{"href":"https:\/\/wordpress.nibis.de\/bgs\/wp-json\/wp\/v2\/pages\/2341","targetHints":{"allow":["GET"]}}],"collection":[{"href":"https:\/\/wordpress.nibis.de\/bgs\/wp-json\/wp\/v2\/pages"}],"about":[{"href":"https:\/\/wordpress.nibis.de\/bgs\/wp-json\/wp\/v2\/types\/page"}],"author":[{"embeddable":true,"href":"https:\/\/wordpress.nibis.de\/bgs\/wp-json\/wp\/v2\/users\/9193915"}],"replies":[{"embeddable":true,"href":"https:\/\/wordpress.nibis.de\/bgs\/wp-json\/wp\/v2\/comments?post=2341"}],"version-history":[{"count":1,"href":"https:\/\/wordpress.nibis.de\/bgs\/wp-json\/wp\/v2\/pages\/2341\/revisions"}],"predecessor-version":[{"id":2343,"href":"https:\/\/wordpress.nibis.de\/bgs\/wp-json\/wp\/v2\/pages\/2341\/revisions\/2343"}],"wp:attachment":[{"href":"https:\/\/wordpress.nibis.de\/bgs\/wp-json\/wp\/v2\/media?parent=2341"}],"curies":[{"name":"wp","href":"https:\/\/api.w.org\/{rel}","templated":true}]}}

Projektwoche zum Thema „Mobilität- Zukunftsstraße – Elterntaxis vermeiden“ vom 22.09. bis 26.09.2025

<p>In der Woche vom 22. bis 26. September 2025 fand an unserer Schule eine spannende Projektwoche statt. Unter dem Motto „Zukunftsstraße – Elterntaxis vermeiden“ beschäftigten sich die Klassen mit Ideen für einen sicheren, nachhaltigen und kinderfreundlichen Schulweg.</p>
<p>Der 3. Jahrgang nahm unter anderem am Projekt „Wert der Dinge“ teil und setzte sich auf vielfältige Weise mit dem Thema Mobilität auseinander.</p>
<p>Zu Beginn der Woche wurde zunächst gemeinsam überlegt: Wie bewegen wir uns zur Schule – und wie sieht das in anderen Ländern aus? Die Kinder lernten Schulwege aus verschiedenen Teilen der Welt kennen und konnten vergleichen, wie unterschiedlich der Schulweg in anderen Kulturen aussieht.</p>
<p>Ein weiterer Programmpunkt war die Straßenbegehung mit dem VCD (Verkehrsclub Deutschland). Gemeinsam mit Experten und Lehrkräften untersuchten die Kinder die Straße vor der Schule: Wo ist es gefährlich? Wo parken Elterntaxis? Wie könnte die Straße sicherer werden? Dabei entstanden viele gute Ideen für eine „Zukunftsstraße“, die vor allem Kindern gerecht wird.</p>
<p>Kreativ wurde es beim Gestalten von Pflanzkübeln, die später als bunte Hingucker und sichere Abgrenzungen im Straßenbereich dienen sollen. Außerdem gestalteten die Kinder ein altes Fahrrad um, das nun als Symbol für nachhaltige Mobilität an der Schule stehen bleibt.</p>
<p>Die Projektwoche war nicht nur lehrreich, sondern auch sehr motivierend. Die Schülerinnen und Schüler entwickelten ein besseres Verständnis dafür, warum der Schulweg ohne Auto oft die bessere Wahl ist.</p>
<p><img loading="lazy" decoding="async" class="size-medium wp-image-2342 aligncenter" src="https://wordpress.nibis.de/bgs/files/2025/10/Projektwoche-700x478.jpg" alt="" width="700" height="478" /></p>

<p>In der Woche vom 22. bis 26. September 2025 fand an unserer Schule eine spannende Projektwoche statt. Unter dem Motto „Zukunftsstraße – Elterntaxis vermeiden“ beschäftigten &hellip; </p>
