{"id":2350,"date":"2026-01-08T11:28:48","date_gmt":"2026-01-08T10:28:48","guid":{"rendered":"https:\/\/wordpress.nibis.de\/bgs\/?page_id=2350"},"modified":"2026-01-08T11:28:48","modified_gmt":"2026-01-08T10:28:48","slug":"bundesweiter-vorlesetag","status":"publish","type":"page","link":"https:\/\/wordpress.nibis.de\/bgs\/bundesweiter-vorlesetag\/","title":{"rendered":"Bundesweiter Vorlesetag"},"content":{"rendered":"\n<p>Am bundesweiten Vorlesetag am 21. November 2025 bekam die Klasse 3b Besuch von ihren Unsere Lesementorinnen Frau Dargatz und Frau H\u00fcnitzsch, die den den Kindern spannende und humorvolle Geschichten vorgelesen haben.<br \/><br \/>Frau Dargatz brachte ihr Buch \u201eMo und die Kr\u00fcmel auf Klassenfahrt\u201c mit und begeisterte die Sch\u00fclerinnen und Sch\u00fcler mit den lebendigen und witzigen Erlebnissen der Figuren. Die Kinder h\u00f6rten aufmerksam zu und mussten immer wieder schmunzeln.<br \/><br \/>Frau H\u00fcnitzsch las aus dem beliebten Kinderbuch \u201eDer Tag, als die Oma das Internet kaputtmachte\u201c vor. Die humorvolle Geschichte sorgte f\u00fcr viele Lacher und bot gleichzeitig Gespr\u00e4chsanl\u00e4sse dar\u00fcber, wie wichtig der bewusste Umgang mit digitalen Medien ist.<br \/><br \/>Die Kinder der 3b lauschten interessiert, stellten Fragen und tauschten sich anschlie\u00dfend \u00fcber ihre Lieblingsstellen aus. Der Vorlesetag zeigte einmal mehr, wie sehr gemeinsames Lesen die Fantasie anregt und die Freude an B\u00fcchern st\u00e4rkt.<br \/><br \/>Ein herzliches Dankesch\u00f6n an Frau Dargatz und Frau H\u00fcnitzsch f\u00fcr diesen sch\u00f6nen Vormittag!<\/p>\n<div class=\"wp-block-image\">\u00a0<\/div>\n\n\n<div class=\"wp-block-image\">\n<figure class=\"aligncenter size-full\"><img loading=\"lazy\" decoding=\"async\" width=\"700\" height=\"300\" src=\"https:\/\/wordpress.nibis.de\/bgs\/files\/2026\/01\/Bericht-Vorlesetag-Broe-1.jpg\" alt=\"\" class=\"wp-image-2356\" srcset=\"https:\/\/wordpress.nibis.de\/bgs\/files\/2026\/01\/Bericht-Vorlesetag-Broe-1.jpg 700w, https:\/\/wordpress.nibis.de\/bgs\/files\/2026\/01\/Bericht-Vorlesetag-Broe-1-100x43.jpg 100w\" sizes=\"auto, (max-width: 700px) 100vw, 700px\" \/><\/figure>\n<\/div>\n\n<div class=\"wp-block-image\">\n<figure class=\"aligncenter size-full\"><img loading=\"lazy\" decoding=\"async\" width=\"600\" height=\"450\" src=\"https:\/\/wordpress.nibis.de\/bgs\/files\/2026\/01\/Vorlesetag2-1.jpg\" alt=\"\" class=\"wp-image-2364\" srcset=\"https:\/\/wordpress.nibis.de\/bgs\/files\/2026\/01\/Vorlesetag2-1.jpg 600w, https:\/\/wordpress.nibis.de\/bgs\/files\/2026\/01\/Vorlesetag2-1-100x75.jpg 100w\" sizes=\"auto, (max-width: 600px) 100vw, 600px\" \/><\/figure>\n<\/div>","protected":false},"excerpt":{"rendered":"<p>Am bundesweiten Vorlesetag am 21. November 2025 bekam die Klasse 3b Besuch von ihren Unsere Lesementorinnen Frau Dargatz und Frau H\u00fcnitzsch, die den den Kindern &hellip; <\/p>\n","protected":false},"author":9193915,"featured_media":0,"parent":0,"menu_order":0,"comment_status":"closed","ping_status":"closed","template":"","meta":{"footnotes":""},"class_list":["post-2350","page","type-page","status-publish","hentry"],"_links":{"self":[{"href":"https:\/\/wordpress.nibis.de\/bgs\/wp-json\/wp\/v2\/pages\/2350","targetHints":{"allow":["GET"]}}],"collection":[{"href":"https:\/\/wordpress.nibis.de\/bgs\/wp-json\/wp\/v2\/pages"}],"about":[{"href":"https:\/\/wordpress.nibis.de\/bgs\/wp-json\/wp\/v2\/types\/page"}],"author":[{"embeddable":true,"href":"https:\/\/wordpress.nibis.de\/bgs\/wp-json\/wp\/v2\/users\/9193915"}],"replies":[{"embeddable":true,"href":"https:\/\/wordpress.nibis.de\/bgs\/wp-json\/wp\/v2\/comments?post=2350"}],"version-history":[{"count":1,"href":"https:\/\/wordpress.nibis.de\/bgs\/wp-json\/wp\/v2\/pages\/2350\/revisions"}],"predecessor-version":[{"id":2365,"href":"https:\/\/wordpress.nibis.de\/bgs\/wp-json\/wp\/v2\/pages\/2350\/revisions\/2365"}],"wp:attachment":[{"href":"https:\/\/wordpress.nibis.de\/bgs\/wp-json\/wp\/v2\/media?parent=2350"}],"curies":[{"name":"wp","href":"https:\/\/api.w.org\/{rel}","templated":true}]}}