{"id":61,"date":"2021-10-04T20:05:33","date_gmt":"2021-10-04T18:05:33","guid":{"rendered":"https:\/\/wordpress.nibis.de\/bgs\/?page_id=61"},"modified":"2025-05-15T08:23:17","modified_gmt":"2025-05-15T06:23:17","slug":"leistungsbeurteilung","status":"publish","type":"page","link":"https:\/\/wordpress.nibis.de\/bgs\/unterricht\/leistungsbeurteilung\/","title":{"rendered":"Leistungsbeurteilung"},"content":{"rendered":"\n<p>Hier erhalten Sie einen Einblick in die Leistungsbeurteilung der einzelnen F\u00e4cher. Wie viele Arbeiten werden geschrieben? Wie setzt sich die Zeugnisnote zusammen? &#8222;M\u00fcndlich&#8220; oder &#8222;Schriftlich&#8220; &#8211; was z\u00e4hlt wozu?<\/p>\n\n\n\n<p>Auf all diese Fragen finden Sie hier Antworten.<\/p>\n\n\n\n<div class=\"wp-block-columns is-layout-flex wp-container-core-columns-is-layout-abceabcf wp-block-columns-is-layout-flex\">\n<div class=\"wp-block-column is-layout-flow wp-block-column-is-layout-flow\">\n<h5><a href=\"https:\/\/wordpress.nibis.de\/bgs\/aussagen-zu-bewertungsgrundsaetzen-und-kriterien-der-leistungsmessung-im-fach-deutsch\/\">Deutsch<\/a><\/h5>\n<h5><a href=\"https:\/\/wordpress.nibis.de\/bgs\/aussagen-zu-bewertungsgrundsaetzen-und-kriterien-der-leistungsmessung-im-fach-mathematik\/\">Mathe<\/a><\/h5>\n<h5><a href=\"https:\/\/wordpress.nibis.de\/bgs\/unterricht\/leistungsbeurteilung\/aussagen-zu-bewertungsgrundsaetzen-und-kriterien-der-leistungsmessung-im-fach-sachunterricht\/\">Sachuntericht<\/a><\/h5>\n<\/div>\n\n\n\n<div class=\"wp-block-column is-layout-flow wp-block-column-is-layout-flow\">\n<figure class=\"wp-block-image size-full is-resized\"><img loading=\"lazy\" decoding=\"async\" src=\"https:\/\/wordpress.nibis.de\/bgs\/files\/2025\/05\/Zebrabilder.jpg\" alt=\"\" class=\"wp-image-2121\" width=\"330\" height=\"416\" \/><\/figure>\n<\/div>\n<\/div>\n\n\n\n\n\n<p><\/p>\n","protected":false},"excerpt":{"rendered":"<p>Hier erhalten Sie einen Einblick in die Leistungsbeurteilung der einzelnen F\u00e4cher. Wie viele Arbeiten werden geschrieben? Wie setzt sich die Zeugnisnote zusammen? &#8222;M\u00fcndlich&#8220; oder &#8222;Schriftlich&#8220; &hellip; <\/p>\n","protected":false},"author":9193811,"featured_media":0,"parent":31,"menu_order":1,"comment_status":"closed","ping_status":"closed","template":"","meta":{"footnotes":""},"class_list":["post-61","page","type-page","status-publish","hentry"],"_links":{"self":[{"href":"https:\/\/wordpress.nibis.de\/bgs\/wp-json\/wp\/v2\/pages\/61","targetHints":{"allow":["GET"]}}],"collection":[{"href":"https:\/\/wordpress.nibis.de\/bgs\/wp-json\/wp\/v2\/pages"}],"about":[{"href":"https:\/\/wordpress.nibis.de\/bgs\/wp-json\/wp\/v2\/types\/page"}],"author":[{"embeddable":true,"href":"https:\/\/wordpress.nibis.de\/bgs\/wp-json\/wp\/v2\/users\/9193811"}],"replies":[{"embeddable":true,"href":"https:\/\/wordpress.nibis.de\/bgs\/wp-json\/wp\/v2\/comments?post=61"}],"version-history":[{"count":11,"href":"https:\/\/wordpress.nibis.de\/bgs\/wp-json\/wp\/v2\/pages\/61\/revisions"}],"predecessor-version":[{"id":2122,"href":"https:\/\/wordpress.nibis.de\/bgs\/wp-json\/wp\/v2\/pages\/61\/revisions\/2122"}],"up":[{"embeddable":true,"href":"https:\/\/wordpress.nibis.de\/bgs\/wp-json\/wp\/v2\/pages\/31"}],"wp:attachment":[{"href":"https:\/\/wordpress.nibis.de\/bgs\/wp-json\/wp\/v2\/media?parent=61"}],"curies":[{"name":"wp","href":"https:\/\/api.w.org\/{rel}","templated":true}]}}

<p>Hier erhalten Sie einen Einblick in die Leistungsbeurteilung der einzelnen Fächer. Wie viele Arbeiten werden geschrieben? Wie setzt sich die Zeugnisnote zusammen? &#8222;Mündlich&#8220; oder &#8222;Schriftlich&#8220; &#8211; was zählt wozu?</p>



<p>Auf all diese Fragen finden Sie hier Antworten.</p>



<div class="wp-block-columns is-layout-flex wp-container-core-columns-is-layout-abceabcf wp-block-columns-is-layout-flex">
<div class="wp-block-column is-layout-flow wp-block-column-is-layout-flow">
<h5><a href="https://wordpress.nibis.de/bgs/aussagen-zu-bewertungsgrundsaetzen-und-kriterien-der-leistungsmessung-im-fach-deutsch/">Deutsch</a></h5>
<h5><a href="https://wordpress.nibis.de/bgs/aussagen-zu-bewertungsgrundsaetzen-und-kriterien-der-leistungsmessung-im-fach-mathematik/">Mathe</a></h5>
<h5><a href="https://wordpress.nibis.de/bgs/unterricht/leistungsbeurteilung/aussagen-zu-bewertungsgrundsaetzen-und-kriterien-der-leistungsmessung-im-fach-sachunterricht/">Sachuntericht</a></h5>
</div>



<div class="wp-block-column is-layout-flow wp-block-column-is-layout-flow">
<figure class="wp-block-image size-full is-resized"><img loading="lazy" decoding="async" src="https://wordpress.nibis.de/bgs/files/2025/05/Zebrabilder.jpg" alt="" class="wp-image-2121" width="330" height="416" /></figure>
</div>
</div>





<p></p>

<p>Hier erhalten Sie einen Einblick in die Leistungsbeurteilung der einzelnen Fächer. Wie viele Arbeiten werden geschrieben? Wie setzt sich die Zeugnisnote zusammen? &#8222;Mündlich&#8220; oder &#8222;Schriftlich&#8220; &hellip; </p>
