{"id":65,"date":"2021-10-04T20:06:36","date_gmt":"2021-10-04T18:06:36","guid":{"rendered":"https:\/\/wordpress.nibis.de\/bgs\/?page_id=65"},"modified":"2026-04-24T12:32:56","modified_gmt":"2026-04-24T10:32:56","slug":"mitarbeiter","status":"publish","type":"page","link":"https:\/\/wordpress.nibis.de\/bgs\/ganztag\/mitarbeiter\/","title":{"rendered":"\u00dcberblick &#8211; Ganztag"},"content":{"rendered":"\n<figure class=\"wp-block-table is-style-stripes\"><table><tbody><tr><td> <strong>Ansprechpartner<\/strong> <\/td><td><\/td><\/tr><tr><td>Sonja K\u00f6necke<br>Telefon: 015202046558<br>Email: <a href=\"&#x6d;&#x61;&#x69;&#108;&#116;o:&#x62;&#x72;&#x75;&#x65;&#100;&#101;rg&#x72;&#x69;&#x6d;&#109;&#115;&#99;hu&#x6c;&#x65;&#x40;&#115;&#116;if&#x74;&#x75;&#x6e;&#x67;&#45;&#104;el&#x70;&#x2e;&#x64;&#101;\">&#x62;&#114;u&#x65;&#x64;&#101;r&#x67;&#114;i&#x6d;&#x6d;&#115;c&#x68;&#117;l&#x65;&#x40;&#115;t&#x69;&#x66;&#116;&#x75;&#x6e;&#103;-&#x68;&#x65;&#108;p&#x2e;&#100;e<\/a><br>&nbsp;<\/td><td><\/td><\/tr><tr><td><strong>Kooperationspartner<\/strong>&nbsp;<\/td><td><\/td><\/tr><tr><td>Stiftung Help<br>Sutelstra\u00dfe 73<br>30659 Hannover<br><a href=\"https:\/\/www.stiftung-help.de\/\" data-type=\"URL\" data-id=\"https:\/\/www.stiftung-help.de\/\">www.stiftung-help.de<\/a><\/td><td><img loading=\"lazy\" decoding=\"async\" src=\"https:\/\/wordpress.nibis.de\/bgs\/files\/2022\/01\/Logo-Ganztag.jpg\" alt=\"\" width=\"312\" height=\"228\"><\/td><\/tr><tr><td><strong>Mitarbeiter<\/strong><\/td><td><\/td><\/tr><\/tbody><\/table><\/figure>\n\n\n\n<p>&#8230;<\/p>\n\n\n\n<figure class=\"wp-block-table is-style-stripes\"><table><tbody><tr><td><strong>Zeiten<\/strong><\/td><\/tr><\/tbody><\/table><\/figure>\n\n\n\n<div class=\"wp-block-columns is-layout-flex wp-container-core-columns-is-layout-abceabcf wp-block-columns-is-layout-flex\">\n<div class=\"wp-block-column is-layout-flow wp-block-column-is-layout-flow\">\n<table style=\"height: 354px;width: 99.7845%;border-collapse: collapse;background-color: #c2c2c2\" border=\"0\">\n<tbody>\n<tr style=\"background-color: #a3a3a3\">\n<td style=\"width: 50%\" colspan=\"2\">\n<h5 style=\"text-align: center\"><strong>Montag &#8211; Donnerstag<\/strong><\/h5>\n<\/td>\n<\/tr>\n<tr style=\"height: 34px\">\n<td style=\"width: 50%;height: 34px\">07:00 Uhr &#8211; 08:00 Uhr<\/td>\n<td style=\"width: 50%;height: 34px\">Fr\u00fchbetreuung (kostenpflichtig)<\/td>\n<\/tr>\n<tr style=\"border-color: #fcfcfc\">\n<td style=\"width: 50%;height: 34px\">08:00 Uhr &#8211; 08:30 Uhr<\/td>\n<td style=\"width: 50%;height: 34px\">Betreuung, Lern-\/\u00dcbezeit<\/td>\n<\/tr>\n<tr style=\"background-color: #f0f0f0\">\n<td style=\"width: 50%\">08:30 Uhr &#8211; 12:40 Uhr<\/td>\n<td style=\"width: 50%\">Unterrichtszeit <br>Klassen 1 &amp; 2<\/td>\n<\/tr>\n<tr style=\"border-color: #fcfcfc\">\n<td style=\"width: 50%;height: 34px\">ab 12:40 Uhr<\/td>\n<td style=\"width: 50%;height: 34px\">Beginn Ganztag<br>Klassen 1 &amp; 2<\/td>\n<\/tr>\n<tr style=\"background-color: #faf7f7\">\n<td style=\"width: 50%\">08:30 Uhr &#8211; 13:30 Uhr<\/td>\n<td style=\"width: 50%\">Unterrichtszeit<br>Klassen 3 &amp; 4<\/td>\n<\/tr>\n<tr>\n<td style=\"width: 50%\">ab 13:30 Uhr<\/td>\n<td style=\"width: 50%\">Beginn Ganztag <br>Klassen 3 &amp; 4<\/td>\n<\/tr>\n<tr style=\"border-color: #fcfcfc\">\n<td style=\"width: 50%;height: 81px\">12:40 Uhr &#8211; 14:00 Uhr<br>(abh\u00e4ngig vom Jahrgang)<\/td>\n<td style=\"width: 50%;height: 81px\">Mittagessen in der <br>Mensa <br><br><\/td>\n<\/tr>\n<tr>\n<td style=\"width: 50%\">14:00 Uhr&nbsp;<\/td>\n<td style=\"width: 50%\">1. Abholzeit<\/td>\n<\/tr>\n<tr style=\"border-color: #fcfcfc\">\n<td style=\"width: 50%;height: 34px\">13:30 Uhr &#8211; 14:30 Uhr<br>(abh\u00e4ngig vom Jahrgang)<\/td>\n<td style=\"width: 50%;height: 34px\">Hausaufgabenzeit<\/td>\n<\/tr>\n<tr style=\"border-color: #fcfcfc\">\n<td style=\"width: 50%;height: 34px\">14:30 Uhr &#8211; 15:30 Uhr<\/td>\n<td style=\"width: 50%;height: 34px\">Nachmittagsbetreuung<\/td>\n<\/tr>\n<tr>\n<td style=\"width: 50%\">15:30 Uhr<\/td>\n<td style=\"width: 50%\">2. Abholzeit (Ende des Ganztags)<\/td>\n<\/tr>\n<tr style=\"border-color: #fcfcfc\">\n<td style=\"width: 50%;height: 34px\">15:30 Uhr &#8211; 16:30 Uhr<\/td>\n<td style=\"width: 50%;height: 34px\">Sp\u00e4tbetreuung (kostenpflichtig)<\/td>\n<\/tr>\n<\/tbody>\n<\/table>\n<\/div>\n\n\n\n<div class=\"wp-block-column is-layout-flow wp-block-column-is-layout-flow\">\n<table style=\"height: 589px;width: 100%;border-collapse: collapse;background-color: #a2a2a2\">\n<tbody>\n<tr style=\"height: 86px\">\n<td style=\"width: 50%;text-align: center;height: 86px\" colspan=\"2\">\n<h5><strong>Freitag<\/strong><\/h5>\n<\/td>\n<\/tr>\n<tr style=\"background-color: #cfcccc\">\n<td style=\"width: 50%;height: 34px\">07:00 Uhr &#8211; 08:00 Uhr<\/td>\n<td style=\"width: 50%;height: 34px\">Fr\u00fchbetreuung (kostenpflichtig)<\/td>\n<\/tr>\n<tr style=\"background-color: #cfcccc\">\n<td style=\"width: 50%;height: 34px\">08:00 Uhr &#8211; 08:30 Uhr<\/td>\n<td style=\"width: 50%;height: 34px\">Betreuung, Lern-\/\u00dcbezeit<\/td>\n<\/tr>\n<tr style=\"height: 34px;background-color: #fafafa\">\n<td style=\"width: 50%;height: 34px\">08:30 Uhr &#8211; 12:40 Uhr<\/td>\n<td style=\"width: 50%;height: 34px\">Unterrichtszeit<br>Klassen 1 &amp; 2<\/td>\n<\/tr>\n<tr style=\"height: 34px;background-color: #c9c3c3\">\n<td style=\"width: 50%;height: 34px\">ab 12:40 Uhr<\/td>\n<td style=\"width: 50%;height: 34px\">Beginn Ganztag<br>Klassen 1 &amp; 2<\/td>\n<\/tr>\n<tr style=\"height: 34px;background-color: #faf7f7\">\n<td style=\"width: 50%;height: 34px\">08:30 Uhr &#8211; 13:30 Uhr<\/td>\n<td style=\"width: 50%;height: 34px\">Unterrichtszeit<br>Klassen 3 &amp; 4<\/td>\n<\/tr>\n<tr style=\"background-color: #d1cfcf\">\n<td style=\"width: 50%;height: 57px\">ab 13:30 Uhr<\/td>\n<td style=\"width: 50%;height: 57px\">Beginn Ganztag<br>Klassen 3 &amp; 4<\/td>\n<\/tr>\n<tr style=\"background-color: #d1cfcf\">\n<td style=\"width: 50%;height: 81px\">12:40 Uhr &#8211; 14:00 Uhr<br>(abh\u00e4ngig vom Jahrgang)<\/td>\n<td style=\"width: 50%;height: 81px\">Mittagessen in der <br>Mensa<br><br><\/td>\n<\/tr>\n<tr style=\"height: 34px\">\n<td style=\"width: 50%;height: 34px\">14:00 Uhr<\/td>\n<td style=\"width: 50%;height: 34px\">1. Abholzeit<\/td>\n<\/tr>\n<tr style=\"background-color: #d1cfcf\">\n<td style=\"width: 50%;height: 34px\">13:35 Uhr &#8211; 14:30 Uhr<br>(abh\u00e4ngig vom Jahrgang)<\/td>\n<td style=\"width: 50%;height: 34px\">Nachmittagsbetreuung<\/td>\n<\/tr>\n<tr style=\"height: 57px\">\n<td style=\"width: 50%;height: 57px\">14:30 Uhr<\/td>\n<td style=\"width: 50%;height: 57px\">2. Abholzeit (Ende des Ganztags)<\/td>\n<\/tr>\n<tr style=\"background-color: #d1cfcf\">\n<td style=\"width: 50%;height: 70px\">14:30 Uhr &#8211; 16:30 Uhr<\/td>\n<td style=\"width: 50%;height: 70px\">\n<p>Sp\u00e4tbetreuung (kostenpflichtig)<\/p>\n<\/td>\n<\/tr>\n<\/tbody>\n<\/table>\n<\/div>\n<\/div>\n\n\n\n<figure class=\"wp-block-table is-style-stripes\">\n<table style=\"width: 100%;height: 968px\">\n<tbody>\n<tr style=\"height: 34px\">\n<td style=\"height: 34px\"><strong>\u00a0Informationen und Anmeldung zum Ganztag<\/strong><\/td>\n<\/tr>\n<tr style=\"height: 162px\">\n<td style=\"text-align: left;height: 162px\">\n<p>Unsere Schule ist seit dem Schuljahr 2015\/2016 eine offene Ganztagschule. Hier gelangen Sie zur Ameldung Ihres Kindes f\u00fcr die Betreuung im Ganztag, zu Informationen speziell f\u00fcr Eltern unserer Lernanf\u00e4nger*innen und zum Ganztagkonzept:<\/p>\n<p style=\"text-align: center\"><a href=\"https:\/\/wordpress.nibis.de\/bgs\/ganztag\/formulare\/\">Formulare &amp; weitere Informationen &#8211; Ganztag<\/a><\/p>\n<\/td>\n<\/tr>\n<tr style=\"height: 46px\">\n<td style=\"text-align: left;height: 46px\"><strong>Ferienbetreuung<\/strong><\/td>\n<\/tr>\n<tr style=\"height: 162px\">\n<td style=\"text-align: left;height: 162px\">\n<p>Die Ferienbetreuung macht den teilnehmenden Kindern und auch den Betreuungskr\u00e4ften immer viel Spa\u00df. Hier ein paar Eindr\u00fccke der Ferienbetreuungen des vergangenen Jahres:<\/p>\n<p style=\"text-align: center\"><a href=\"https:\/\/wordpress.nibis.de\/bgs\/sommerferienbetreuung-in-der-bgs-2025\/\">Sommerferienbetreuung in der BGS 2025<\/a><br \/><a href=\"https:\/\/wordpress.nibis.de\/bgs\/files\/2026\/03\/Text_Herbstferienbetreuung_2.pdf\">Herbstferienbetreuung in der BGS 2025<\/a><br \/><a href=\"https:\/\/wordpress.nibis.de\/bgs\/osterferienbetreuung-in-der-bgs\/\">Osterferienbetreuung in der BGS 2026<\/a><br \/><br \/>Die n\u00e4chsten Ferien, in denen eine Betreuung angeboten wird, sind die Sommerferien 2026. Es wird eine Ferienbetreuung vom <strong>06.07.2026 bis 24.07.2026<\/strong> angeboten. Anmeldungen sind voraussichtlich ab Mitte Mai m\u00f6glich.<\/p>\n<p>F\u00fcr das Mittagessen fallen <strong>zus\u00e4tzliche Kosten<\/strong> an. Dieses bestellen Sie direkt beim Dienstleister Meyer Men\u00fc.<\/p>\n<section>\n<p>Bei Fragen zur Ferienbetreuung rufen Sie bitte ausschlie\u00dflich <a href=\"tel:+4915202046558\">Frau K\u00f6necke<\/a> an.<\/p>\n<\/section>\n<\/td>\n<\/tr>\n<tr style=\"height: 34px\">\n<td style=\"text-align: left;height: 34px\"><strong>Essen im Ganztag<\/strong><\/td>\n<\/tr>\n<tr style=\"height: 253px\">\n<td style=\"text-align: left;height: 253px\">\n<p>Die Sch\u00fclerinnen und Sch\u00fcler der Br\u00fcder-Grimm-Schule Letter, die unsere Ganztagsbetreuung wahrnehmen, m\u00fcssen nat\u00fcrlich auch zwischendurch eine Mahlzeit zu sich nehmen. Das Essen wird nicht in der Schule gekocht, sondern von <a href=\"https:\/\/www.meyer-menue.de\/\"><em>Meyer Men\u00fc<\/em><\/a> geliefert.<\/p>\n<p>Allgemeine Informationen zu Meyer Men\u00fc und alles, was Sie f\u00fcr die Anmeldung Ihres Kindes ben\u00f6tigen, finden Sie hier:<\/p>\n<p style=\"text-align: center\"><a href=\"https:\/\/wordpress.nibis.de\/bgs\/ganztag\/formulare\/\">Ganztag &#8211; Formulare<\/a><\/p>\n<\/td>\n<\/tr>\n<tr style=\"height: 34px\">\n<td style=\"text-align: left;height: 78px\"><strong>Fotogenehmigung<\/strong><\/td>\n<\/tr>\n<tr style=\"height: 199px\">\n<td style=\"text-align: left;height: 199px\">\n<p>Es kommt vor, dass im Zusammenhang mit Projekten der Stiftung HELP im Rahmen des Ganztagangebotes Aufnahmen von den Kindern gemacht werden. Diese Aufnahmen werden manchmal zu Zwecken der Dokumentation oder der Berichterstattung ver\u00f6ffentlicht. Zum Beispiel sind viele Aufnahmen hier auf der Homepage zu finden. Wenn Sie damit einverstanden sind, dass Aufnahmen, auf denen Ihr Kind zu sehen ist, ver\u00f6ffentlicht werden, dann f\u00fcllen Sie bitte die nachstehende Fotogenehmigung aus: <a href=\"https:\/\/wordpress.nibis.de\/bgs\/files\/2022\/02\/Fotogenehmigung_Kinder_2018.pdf\">Fotogenehmigung der Stiftung Help<\/a><\/p>\n<\/td>\n<\/tr>\n<\/tbody>\n<\/table>\n<\/figure>\n","protected":false},"excerpt":{"rendered":"<p>Ansprechpartner Sonja K\u00f6neckeTelefon: 015202046558Email: b&#114;&#117;&#x65;&#x64;e&#114;&#103;&#x72;&#x69;&#x6d;m&#115;&#99;&#x68;&#x75;le&#64;&#x73;&#x74;&#x69;f&#116;&#117;&#x6e;&#x67;-h&#101;&#x6c;&#x70;&#x2e;d&#101;&nbsp; Kooperationspartner&nbsp; Stiftung HelpSutelstra\u00dfe 7330659 Hannoverwww.stiftung-help.de Mitarbeiter &#8230; Zeiten Montag &#8211; Donnerstag 07:00 Uhr &#8211; 08:00 Uhr Fr\u00fchbetreuung (kostenpflichtig) 08:00 Uhr &hellip; <\/p>\n","protected":false},"author":9193811,"featured_media":0,"parent":33,"menu_order":10,"comment_status":"closed","ping_status":"closed","template":"","meta":{"footnotes":""},"class_list":["post-65","page","type-page","status-publish","hentry"],"_links":{"self":[{"href":"https:\/\/wordpress.nibis.de\/bgs\/wp-json\/wp\/v2\/pages\/65","targetHints":{"allow":["GET"]}}],"collection":[{"href":"https:\/\/wordpress.nibis.de\/bgs\/wp-json\/wp\/v2\/pages"}],"about":[{"href":"https:\/\/wordpress.nibis.de\/bgs\/wp-json\/wp\/v2\/types\/page"}],"author":[{"embeddable":true,"href":"https:\/\/wordpress.nibis.de\/bgs\/wp-json\/wp\/v2\/users\/9193811"}],"replies":[{"embeddable":true,"href":"https:\/\/wordpress.nibis.de\/bgs\/wp-json\/wp\/v2\/comments?post=65"}],"version-history":[{"count":78,"href":"https:\/\/wordpress.nibis.de\/bgs\/wp-json\/wp\/v2\/pages\/65\/revisions"}],"predecessor-version":[{"id":2516,"href":"https:\/\/wordpress.nibis.de\/bgs\/wp-json\/wp\/v2\/pages\/65\/revisions\/2516"}],"up":[{"embeddable":true,"href":"https:\/\/wordpress.nibis.de\/bgs\/wp-json\/wp\/v2\/pages\/33"}],"wp:attachment":[{"href":"https:\/\/wordpress.nibis.de\/bgs\/wp-json\/wp\/v2\/media?parent=65"}],"curies":[{"name":"wp","href":"https:\/\/api.w.org\/{rel}","templated":true}]}}

Überblick &#8211; Ganztag

<figure class="wp-block-table is-style-stripes"><table><tbody><tr><td> <strong>Ansprechpartner</strong> </td><td></td></tr><tr><td>Sonja Könecke<br>Telefon: 015202046558<br>Email: <a href="&#x6d;&#x61;&#x69;&#108;&#116;o:&#x62;&#x72;&#x75;&#x65;&#100;&#101;rg&#x72;&#x69;&#x6d;&#109;&#115;&#99;hu&#x6c;&#x65;&#x40;&#115;&#116;if&#x74;&#x75;&#x6e;&#x67;&#45;&#104;el&#x70;&#x2e;&#x64;&#101;">&#x62;&#114;u&#x65;&#x64;&#101;r&#x67;&#114;i&#x6d;&#x6d;&#115;c&#x68;&#117;l&#x65;&#x40;&#115;t&#x69;&#x66;&#116;&#x75;&#x6e;&#103;-&#x68;&#x65;&#108;p&#x2e;&#100;e</a><br>&nbsp;</td><td></td></tr><tr><td><strong>Kooperationspartner</strong>&nbsp;</td><td></td></tr><tr><td>Stiftung Help<br>Sutelstraße 73<br>30659 Hannover<br><a href="https://www.stiftung-help.de/" data-type="URL" data-id="https://www.stiftung-help.de/">www.stiftung-help.de</a></td><td><img loading="lazy" decoding="async" src="https://wordpress.nibis.de/bgs/files/2022/01/Logo-Ganztag.jpg" alt="" width="312" height="228"></td></tr><tr><td><strong>Mitarbeiter</strong></td><td></td></tr></tbody></table></figure>



<p>&#8230;</p>



<figure class="wp-block-table is-style-stripes"><table><tbody><tr><td><strong>Zeiten</strong></td></tr></tbody></table></figure>



<div class="wp-block-columns is-layout-flex wp-container-core-columns-is-layout-abceabcf wp-block-columns-is-layout-flex">
<div class="wp-block-column is-layout-flow wp-block-column-is-layout-flow">
<table style="height: 354px;width: 99.7845%;border-collapse: collapse;background-color: #c2c2c2" border="0">
<tbody>
<tr style="background-color: #a3a3a3">
<td style="width: 50%" colspan="2">
<h5 style="text-align: center"><strong>Montag &#8211; Donnerstag</strong></h5>
</td>
</tr>
<tr style="height: 34px">
<td style="width: 50%;height: 34px">07:00 Uhr &#8211; 08:00 Uhr</td>
<td style="width: 50%;height: 34px">Frühbetreuung (kostenpflichtig)</td>
</tr>
<tr style="border-color: #fcfcfc">
<td style="width: 50%;height: 34px">08:00 Uhr &#8211; 08:30 Uhr</td>
<td style="width: 50%;height: 34px">Betreuung, Lern-/Übezeit</td>
</tr>
<tr style="background-color: #f0f0f0">
<td style="width: 50%">08:30 Uhr &#8211; 12:40 Uhr</td>
<td style="width: 50%">Unterrichtszeit <br>Klassen 1 &amp; 2</td>
</tr>
<tr style="border-color: #fcfcfc">
<td style="width: 50%;height: 34px">ab 12:40 Uhr</td>
<td style="width: 50%;height: 34px">Beginn Ganztag<br>Klassen 1 &amp; 2</td>
</tr>
<tr style="background-color: #faf7f7">
<td style="width: 50%">08:30 Uhr &#8211; 13:30 Uhr</td>
<td style="width: 50%">Unterrichtszeit<br>Klassen 3 &amp; 4</td>
</tr>
<tr>
<td style="width: 50%">ab 13:30 Uhr</td>
<td style="width: 50%">Beginn Ganztag <br>Klassen 3 &amp; 4</td>
</tr>
<tr style="border-color: #fcfcfc">
<td style="width: 50%;height: 81px">12:40 Uhr &#8211; 14:00 Uhr<br>(abhängig vom Jahrgang)</td>
<td style="width: 50%;height: 81px">Mittagessen in der <br>Mensa <br><br></td>
</tr>
<tr>
<td style="width: 50%">14:00 Uhr&nbsp;</td>
<td style="width: 50%">1. Abholzeit</td>
</tr>
<tr style="border-color: #fcfcfc">
<td style="width: 50%;height: 34px">13:30 Uhr &#8211; 14:30 Uhr<br>(abhängig vom Jahrgang)</td>
<td style="width: 50%;height: 34px">Hausaufgabenzeit</td>
</tr>
<tr style="border-color: #fcfcfc">
<td style="width: 50%;height: 34px">14:30 Uhr &#8211; 15:30 Uhr</td>
<td style="width: 50%;height: 34px">Nachmittagsbetreuung</td>
</tr>
<tr>
<td style="width: 50%">15:30 Uhr</td>
<td style="width: 50%">2. Abholzeit (Ende des Ganztags)</td>
</tr>
<tr style="border-color: #fcfcfc">
<td style="width: 50%;height: 34px">15:30 Uhr &#8211; 16:30 Uhr</td>
<td style="width: 50%;height: 34px">Spätbetreuung (kostenpflichtig)</td>
</tr>
</tbody>
</table>
</div>



<div class="wp-block-column is-layout-flow wp-block-column-is-layout-flow">
<table style="height: 589px;width: 100%;border-collapse: collapse;background-color: #a2a2a2">
<tbody>
<tr style="height: 86px">
<td style="width: 50%;text-align: center;height: 86px" colspan="2">
<h5><strong>Freitag</strong></h5>
</td>
</tr>
<tr style="background-color: #cfcccc">
<td style="width: 50%;height: 34px">07:00 Uhr &#8211; 08:00 Uhr</td>
<td style="width: 50%;height: 34px">Frühbetreuung (kostenpflichtig)</td>
</tr>
<tr style="background-color: #cfcccc">
<td style="width: 50%;height: 34px">08:00 Uhr &#8211; 08:30 Uhr</td>
<td style="width: 50%;height: 34px">Betreuung, Lern-/Übezeit</td>
</tr>
<tr style="height: 34px;background-color: #fafafa">
<td style="width: 50%;height: 34px">08:30 Uhr &#8211; 12:40 Uhr</td>
<td style="width: 50%;height: 34px">Unterrichtszeit<br>Klassen 1 &amp; 2</td>
</tr>
<tr style="height: 34px;background-color: #c9c3c3">
<td style="width: 50%;height: 34px">ab 12:40 Uhr</td>
<td style="width: 50%;height: 34px">Beginn Ganztag<br>Klassen 1 &amp; 2</td>
</tr>
<tr style="height: 34px;background-color: #faf7f7">
<td style="width: 50%;height: 34px">08:30 Uhr &#8211; 13:30 Uhr</td>
<td style="width: 50%;height: 34px">Unterrichtszeit<br>Klassen 3 &amp; 4</td>
</tr>
<tr style="background-color: #d1cfcf">
<td style="width: 50%;height: 57px">ab 13:30 Uhr</td>
<td style="width: 50%;height: 57px">Beginn Ganztag<br>Klassen 3 &amp; 4</td>
</tr>
<tr style="background-color: #d1cfcf">
<td style="width: 50%;height: 81px">12:40 Uhr &#8211; 14:00 Uhr<br>(abhängig vom Jahrgang)</td>
<td style="width: 50%;height: 81px">Mittagessen in der <br>Mensa<br><br></td>
</tr>
<tr style="height: 34px">
<td style="width: 50%;height: 34px">14:00 Uhr</td>
<td style="width: 50%;height: 34px">1. Abholzeit</td>
</tr>
<tr style="background-color: #d1cfcf">
<td style="width: 50%;height: 34px">13:35 Uhr &#8211; 14:30 Uhr<br>(abhängig vom Jahrgang)</td>
<td style="width: 50%;height: 34px">Nachmittagsbetreuung</td>
</tr>
<tr style="height: 57px">
<td style="width: 50%;height: 57px">14:30 Uhr</td>
<td style="width: 50%;height: 57px">2. Abholzeit (Ende des Ganztags)</td>
</tr>
<tr style="background-color: #d1cfcf">
<td style="width: 50%;height: 70px">14:30 Uhr &#8211; 16:30 Uhr</td>
<td style="width: 50%;height: 70px">
<p>Spätbetreuung (kostenpflichtig)</p>
</td>
</tr>
</tbody>
</table>
</div>
</div>



<figure class="wp-block-table is-style-stripes">
<table style="width: 100%;height: 968px">
<tbody>
<tr style="height: 34px">
<td style="height: 34px"><strong> Informationen und Anmeldung zum Ganztag</strong></td>
</tr>
<tr style="height: 162px">
<td style="text-align: left;height: 162px">
<p>Unsere Schule ist seit dem Schuljahr 2015/2016 eine offene Ganztagschule. Hier gelangen Sie zur Ameldung Ihres Kindes für die Betreuung im Ganztag, zu Informationen speziell für Eltern unserer Lernanfänger*innen und zum Ganztagkonzept:</p>
<p style="text-align: center"><a href="https://wordpress.nibis.de/bgs/ganztag/formulare/">Formulare &amp; weitere Informationen &#8211; Ganztag</a></p>
</td>
</tr>
<tr style="height: 46px">
<td style="text-align: left;height: 46px"><strong>Ferienbetreuung</strong></td>
</tr>
<tr style="height: 162px">
<td style="text-align: left;height: 162px">
<p>Die Ferienbetreuung macht den teilnehmenden Kindern und auch den Betreuungskräften immer viel Spaß. Hier ein paar Eindrücke der Ferienbetreuungen des vergangenen Jahres:</p>
<p style="text-align: center"><a href="https://wordpress.nibis.de/bgs/sommerferienbetreuung-in-der-bgs-2025/">Sommerferienbetreuung in der BGS 2025</a><br /><a href="https://wordpress.nibis.de/bgs/files/2026/03/Text_Herbstferienbetreuung_2.pdf">Herbstferienbetreuung in der BGS 2025</a><br /><a href="https://wordpress.nibis.de/bgs/osterferienbetreuung-in-der-bgs/">Osterferienbetreuung in der BGS 2026</a><br /><br />Die nächsten Ferien, in denen eine Betreuung angeboten wird, sind die Sommerferien 2026. Es wird eine Ferienbetreuung vom <strong>06.07.2026 bis 24.07.2026</strong> angeboten. Anmeldungen sind voraussichtlich ab Mitte Mai möglich.</p>
<p>Für das Mittagessen fallen <strong>zusätzliche Kosten</strong> an. Dieses bestellen Sie direkt beim Dienstleister Meyer Menü.</p>
<section>
<p>Bei Fragen zur Ferienbetreuung rufen Sie bitte ausschließlich <a href="tel:+4915202046558">Frau Könecke</a> an.</p>
</section>
</td>
</tr>
<tr style="height: 34px">
<td style="text-align: left;height: 34px"><strong>Essen im Ganztag</strong></td>
</tr>
<tr style="height: 253px">
<td style="text-align: left;height: 253px">
<p>Die Schülerinnen und Schüler der Brüder-Grimm-Schule Letter, die unsere Ganztagsbetreuung wahrnehmen, müssen natürlich auch zwischendurch eine Mahlzeit zu sich nehmen. Das Essen wird nicht in der Schule gekocht, sondern von <a href="https://www.meyer-menue.de/"><em>Meyer Menü</em></a> geliefert.</p>
<p>Allgemeine Informationen zu Meyer Menü und alles, was Sie für die Anmeldung Ihres Kindes benötigen, finden Sie hier:</p>
<p style="text-align: center"><a href="https://wordpress.nibis.de/bgs/ganztag/formulare/">Ganztag &#8211; Formulare</a></p>
</td>
</tr>
<tr style="height: 34px">
<td style="text-align: left;height: 78px"><strong>Fotogenehmigung</strong></td>
</tr>
<tr style="height: 199px">
<td style="text-align: left;height: 199px">
<p>Es kommt vor, dass im Zusammenhang mit Projekten der Stiftung HELP im Rahmen des Ganztagangebotes Aufnahmen von den Kindern gemacht werden. Diese Aufnahmen werden manchmal zu Zwecken der Dokumentation oder der Berichterstattung veröffentlicht. Zum Beispiel sind viele Aufnahmen hier auf der Homepage zu finden. Wenn Sie damit einverstanden sind, dass Aufnahmen, auf denen Ihr Kind zu sehen ist, veröffentlicht werden, dann füllen Sie bitte die nachstehende Fotogenehmigung aus: <a href="https://wordpress.nibis.de/bgs/files/2022/02/Fotogenehmigung_Kinder_2018.pdf">Fotogenehmigung der Stiftung Help</a></p>
</td>
</tr>
</tbody>
</table>
</figure>

<p>Ansprechpartner Sonja KöneckeTelefon: 015202046558Email: b&#114;&#117;&#x65;&#x64;e&#114;&#103;&#x72;&#x69;&#x6d;m&#115;&#99;&#x68;&#x75;le&#64;&#x73;&#x74;&#x69;f&#116;&#117;&#x6e;&#x67;-h&#101;&#x6c;&#x70;&#x2e;d&#101;&nbsp; Kooperationspartner&nbsp; Stiftung HelpSutelstraße 7330659 Hannoverwww.stiftung-help.de Mitarbeiter &#8230; Zeiten Montag &#8211; Donnerstag 07:00 Uhr &#8211; 08:00 Uhr Frühbetreuung (kostenpflichtig) 08:00 Uhr &hellip; </p>
