{"id":83,"date":"2021-10-04T20:10:16","date_gmt":"2021-10-04T18:10:16","guid":{"rendered":"https:\/\/wordpress.nibis.de\/bgs\/?page_id=83"},"modified":"2024-11-01T11:08:58","modified_gmt":"2024-11-01T10:08:58","slug":"schulanmeldung","status":"publish","type":"page","link":"https:\/\/wordpress.nibis.de\/bgs\/service\/schulanmeldung\/","title":{"rendered":"Schulanmeldung\/Einschulung"},"content":{"rendered":"\n<p><\/p>\n\n\n\n<h4><strong>Schulreife<\/strong><\/h4>\n<p>Liebe Eltern,<br \/>die Frage &#8222;Ist mein Kind schulreif?&#8220; besch\u00e4ftigt Sie sicherlich alle. Die Br\u00fcder-Grimm-Schule hat in Zusammenarbeit mit den Kitas in Letter eine Auflistung erarbeitet, welche F\u00e4higkeiten Ihr Kind erreicht haben sollte, wenn es in die Schule kommt.<\/p>\n\n\n\n<div data-wp-interactive=\"core\/file\" class=\"wp-block-file\"><object data-wp-bind--hidden=\"!state.hasPdfPreview\" hidden class=\"wp-block-file__embed\" data=\"https:\/\/wordpress.nibis.de\/bgs\/files\/2022\/11\/Informationen-zum-Thema-Schulfaehigkeit-Homepage.pdf\" type=\"application\/pdf\" style=\"width:100%;height:600px\" aria-label=\"Einbettung von Einbettung von Informationen zum Thema Schulf\u00e4higkeit..\"><\/object><a id=\"wp-block-file--media-2738f44e-550e-4fe4-a911-234ddb14df78\" href=\"https:\/\/wordpress.nibis.de\/bgs\/files\/2022\/11\/Informationen-zum-Thema-Schulfaehigkeit-Homepage.pdf\">Informationen zum Thema Schulf\u00e4higkeit<\/a><a href=\"https:\/\/wordpress.nibis.de\/bgs\/files\/2022\/11\/Informationen-zum-Thema-Schulfaehigkeit-Homepage.pdf\" class=\"wp-block-file__button\" download aria-describedby=\"wp-block-file--media-2738f44e-550e-4fe4-a911-234ddb14df78\">Herunterladen<\/a><\/div>\n","protected":false},"excerpt":{"rendered":"<p>Schulreife Liebe Eltern,die Frage &#8222;Ist mein Kind schulreif?&#8220; besch\u00e4ftigt Sie sicherlich alle. Die Br\u00fcder-Grimm-Schule hat in Zusammenarbeit mit den Kitas in Letter eine Auflistung erarbeitet, &hellip; <\/p>\n","protected":false},"author":9193811,"featured_media":0,"parent":39,"menu_order":20,"comment_status":"closed","ping_status":"closed","template":"","meta":{"footnotes":""},"class_list":["post-83","page","type-page","status-publish","hentry"],"_links":{"self":[{"href":"https:\/\/wordpress.nibis.de\/bgs\/wp-json\/wp\/v2\/pages\/83","targetHints":{"allow":["GET"]}}],"collection":[{"href":"https:\/\/wordpress.nibis.de\/bgs\/wp-json\/wp\/v2\/pages"}],"about":[{"href":"https:\/\/wordpress.nibis.de\/bgs\/wp-json\/wp\/v2\/types\/page"}],"author":[{"embeddable":true,"href":"https:\/\/wordpress.nibis.de\/bgs\/wp-json\/wp\/v2\/users\/9193811"}],"replies":[{"embeddable":true,"href":"https:\/\/wordpress.nibis.de\/bgs\/wp-json\/wp\/v2\/comments?post=83"}],"version-history":[{"count":19,"href":"https:\/\/wordpress.nibis.de\/bgs\/wp-json\/wp\/v2\/pages\/83\/revisions"}],"predecessor-version":[{"id":1890,"href":"https:\/\/wordpress.nibis.de\/bgs\/wp-json\/wp\/v2\/pages\/83\/revisions\/1890"}],"up":[{"embeddable":true,"href":"https:\/\/wordpress.nibis.de\/bgs\/wp-json\/wp\/v2\/pages\/39"}],"wp:attachment":[{"href":"https:\/\/wordpress.nibis.de\/bgs\/wp-json\/wp\/v2\/media?parent=83"}],"curies":[{"name":"wp","href":"https:\/\/api.w.org\/{rel}","templated":true}]}}