{"id":833,"date":"2022-06-30T18:19:37","date_gmt":"2022-06-30T16:19:37","guid":{"rendered":"https:\/\/wordpress.nibis.de\/bgs\/?page_id=833"},"modified":"2022-07-01T22:29:28","modified_gmt":"2022-07-01T20:29:28","slug":"lesewettbewerb-der-brueder-grimm-schule","status":"publish","type":"page","link":"https:\/\/wordpress.nibis.de\/bgs\/lesewettbewerb-der-brueder-grimm-schule\/","title":{"rendered":"Lesewettbewerb der Br\u00fcder-Grimm-Schule"},"content":{"rendered":"\n<p>Am 15.06.2022 fand der allj\u00e4hrlich stattfindende Lesewettbewerb in der Schule statt. Die zehn besten Leser des dritten Jahrgangs wurden im Vorfeld in ihren Klassen nominiert.<\/p>\n<p>\u00a0<\/p>\n<p><img loading=\"lazy\" decoding=\"async\" class=\"size-medium wp-image-850 aligncenter\" src=\"https:\/\/wordpress.nibis.de\/bgs\/files\/2022\/07\/Lesewettbewerb-Gruppe-700x478.jpg\" alt=\"\" width=\"700\" height=\"478\" \/><\/p>\n<p>Das waren:<br \/>Daniele Vavra und Niklas Franke aus der Klasse 3a,<br \/>zwei Kinder, deren Namen nicht genannt werden d\u00fcrfen, aus der Klasse 3b,<br \/>Elias Grund und ein M\u00e4dchen, dessen Name nicht ver\u00f6ffentlicht werden darf, aus der Klasse 3c,<br \/>Stella Mahmoud und Lennox Mertens aus der Klasse 3d<br \/>Efsa Albayrak und Taylor Keil aus der Klasse 3e<\/p>\n<p>Jeder stellte zuerst sein Lieblingsbuch vor. Danach wurde ein ge\u00fcbter Text aus dem jeweiligen Buch vorgelesen. Im Anschluss musste dann jeder sein K\u00f6nnen beim Vortrag eines unbekannten Textes beweisen.<br \/>Die Leistungen der Nominierten lagen nah beieinander. Die Jury vergab den <strong>ersten Platz<\/strong> an ein M\u00e4dchen aus der Klasse 3b. Sie las aus dem Buch &#8222;Die Tierpolizei&#8220; von Anna B\u00f6hm.<br \/>Den <strong>zweiten Platz<\/strong> erlangte ein Junge aus der Klasse 3b. Er las aus &#8222;Drei Fragezeichen R\u00fcckkehr der Saurier&#8220;, von Boris Pfeiffer.<br \/>Den <strong>dritten Platz<\/strong> erreichte Niklas Franke aus der Klasse 3a. Er las aus dem Buch &#8222;Bitte nicht \u00f6ffnen 1: Bissig&#8220; von Charlotte Habersack.<\/p>\n<p>\u00a0<\/p>\n\n\n\n<div class=\"wp-block-image\"><figure class=\"aligncenter size-full\"><img loading=\"lazy\" decoding=\"async\" width=\"800\" height=\"600\" src=\"https:\/\/wordpress.nibis.de\/bgs\/files\/2022\/07\/Lesewettbewerb-1.jpg\" alt=\"\" class=\"wp-image-856\" srcset=\"https:\/\/wordpress.nibis.de\/bgs\/files\/2022\/07\/Lesewettbewerb-1.jpg 800w, https:\/\/wordpress.nibis.de\/bgs\/files\/2022\/07\/Lesewettbewerb-1-768x576.jpg 768w\" sizes=\"auto, (max-width: 800px) 100vw, 800px\" \/><\/figure><\/div>\n\n\n\n<p>Wir bedanken uns herzlich bei Frau Rohde aus der Bibliothek in Seelze f\u00fcr ihre Unterst\u00fctzung. Ein Dankesch\u00f6n geht auch an den L\u00f6wen-Verlag f\u00fcr die Bereitstellung des Turnbeutels und die B\u00fcchergutscheine f\u00fcr die Gewinner.<\/p>\n","protected":false},"excerpt":{"rendered":"<p>Am 15.06.2022 fand der allj\u00e4hrlich stattfindende Lesewettbewerb in der Schule statt. Die zehn besten Leser des dritten Jahrgangs wurden im Vorfeld in ihren Klassen nominiert. &hellip; <\/p>\n","protected":false},"author":9193915,"featured_media":0,"parent":0,"menu_order":0,"comment_status":"closed","ping_status":"closed","template":"","meta":{"footnotes":""},"class_list":["post-833","page","type-page","status-publish","hentry"],"_links":{"self":[{"href":"https:\/\/wordpress.nibis.de\/bgs\/wp-json\/wp\/v2\/pages\/833","targetHints":{"allow":["GET"]}}],"collection":[{"href":"https:\/\/wordpress.nibis.de\/bgs\/wp-json\/wp\/v2\/pages"}],"about":[{"href":"https:\/\/wordpress.nibis.de\/bgs\/wp-json\/wp\/v2\/types\/page"}],"author":[{"embeddable":true,"href":"https:\/\/wordpress.nibis.de\/bgs\/wp-json\/wp\/v2\/users\/9193915"}],"replies":[{"embeddable":true,"href":"https:\/\/wordpress.nibis.de\/bgs\/wp-json\/wp\/v2\/comments?post=833"}],"version-history":[{"count":2,"href":"https:\/\/wordpress.nibis.de\/bgs\/wp-json\/wp\/v2\/pages\/833\/revisions"}],"predecessor-version":[{"id":857,"href":"https:\/\/wordpress.nibis.de\/bgs\/wp-json\/wp\/v2\/pages\/833\/revisions\/857"}],"wp:attachment":[{"href":"https:\/\/wordpress.nibis.de\/bgs\/wp-json\/wp\/v2\/media?parent=833"}],"curies":[{"name":"wp","href":"https:\/\/api.w.org\/{rel}","templated":true}]}}

Lesewettbewerb der Brüder-Grimm-Schule

<p>Am 15.06.2022 fand der alljährlich stattfindende Lesewettbewerb in der Schule statt. Die zehn besten Leser des dritten Jahrgangs wurden im Vorfeld in ihren Klassen nominiert.</p>
<p> </p>
<p><img loading="lazy" decoding="async" class="size-medium wp-image-850 aligncenter" src="https://wordpress.nibis.de/bgs/files/2022/07/Lesewettbewerb-Gruppe-700x478.jpg" alt="" width="700" height="478" /></p>
<p>Das waren:<br />Daniele Vavra und Niklas Franke aus der Klasse 3a,<br />zwei Kinder, deren Namen nicht genannt werden dürfen, aus der Klasse 3b,<br />Elias Grund und ein Mädchen, dessen Name nicht veröffentlicht werden darf, aus der Klasse 3c,<br />Stella Mahmoud und Lennox Mertens aus der Klasse 3d<br />Efsa Albayrak und Taylor Keil aus der Klasse 3e</p>
<p>Jeder stellte zuerst sein Lieblingsbuch vor. Danach wurde ein geübter Text aus dem jeweiligen Buch vorgelesen. Im Anschluss musste dann jeder sein Können beim Vortrag eines unbekannten Textes beweisen.<br />Die Leistungen der Nominierten lagen nah beieinander. Die Jury vergab den <strong>ersten Platz</strong> an ein Mädchen aus der Klasse 3b. Sie las aus dem Buch &#8222;Die Tierpolizei&#8220; von Anna Böhm.<br />Den <strong>zweiten Platz</strong> erlangte ein Junge aus der Klasse 3b. Er las aus &#8222;Drei Fragezeichen Rückkehr der Saurier&#8220;, von Boris Pfeiffer.<br />Den <strong>dritten Platz</strong> erreichte Niklas Franke aus der Klasse 3a. Er las aus dem Buch &#8222;Bitte nicht öffnen 1: Bissig&#8220; von Charlotte Habersack.</p>
<p> </p>



<div class="wp-block-image"><figure class="aligncenter size-full"><img loading="lazy" decoding="async" width="800" height="600" src="https://wordpress.nibis.de/bgs/files/2022/07/Lesewettbewerb-1.jpg" alt="" class="wp-image-856" srcset="https://wordpress.nibis.de/bgs/files/2022/07/Lesewettbewerb-1.jpg 800w, https://wordpress.nibis.de/bgs/files/2022/07/Lesewettbewerb-1-768x576.jpg 768w" sizes="auto, (max-width: 800px) 100vw, 800px" /></figure></div>



<p>Wir bedanken uns herzlich bei Frau Rohde aus der Bibliothek in Seelze für ihre Unterstützung. Ein Dankeschön geht auch an den Löwen-Verlag für die Bereitstellung des Turnbeutels und die Büchergutscheine für die Gewinner.</p>

<p>Am 15.06.2022 fand der alljährlich stattfindende Lesewettbewerb in der Schule statt. Die zehn besten Leser des dritten Jahrgangs wurden im Vorfeld in ihren Klassen nominiert. &hellip; </p>
