{"id":935,"date":"2022-07-18T23:42:36","date_gmt":"2022-07-18T21:42:36","guid":{"rendered":"https:\/\/wordpress.nibis.de\/bgs\/?page_id=935"},"modified":"2022-07-18T23:42:37","modified_gmt":"2022-07-18T21:42:37","slug":"jahresrueckblick-der-4d","status":"publish","type":"page","link":"https:\/\/wordpress.nibis.de\/bgs\/jahresrueckblick-der-4d\/","title":{"rendered":"Jahresr\u00fcckblick der 4d"},"content":{"rendered":"\n<p>Alle Jahre wieder &#8211; die Weihnachtszeit steht vor der T\u00fcr und es wird wieder \u00fcberall flei\u00dfig gebacken, gebastelt und dekoriert. Wir freuen uns auf die kuschelige Zeit und das Kekse essen \ud83d\ude42<\/p>\n\n\n\n<div class=\"wp-block-image\"><figure class=\"aligncenter size-large\"><img loading=\"lazy\" decoding=\"async\" width=\"500\" height=\"675\" src=\"https:\/\/wordpress.nibis.de\/bgs\/files\/2022\/07\/Winter-1-500x675.jpg\" alt=\"\" class=\"wp-image-939\" \/><\/figure><\/div>\n\n\n\n<p>Die Projektwoche zum Thema \u201egesunde Ern\u00e4hrung\u201c hat allen viel Spa\u00df gemacht. Das Highlight war auf jeden Fall der Marktbesuch des gesamten vierten Jahrgangs. Das gemeinsam zubereitete Buffet wurde von allen mit gro\u00dfem Appetit verspeist \ud83d\ude42<\/p>\n\n\n\n<div class=\"wp-block-image\"><figure class=\"aligncenter size-large\"><img loading=\"lazy\" decoding=\"async\" width=\"500\" height=\"675\" src=\"https:\/\/wordpress.nibis.de\/bgs\/files\/2022\/07\/Projektwoche-1-500x675.jpg\" alt=\"\" class=\"wp-image-940\" \/><\/figure><\/div>\n\n\n\n<p>Es ging rund in der Sporthalle! Die 4d hat im Mai an einem Selbstbehauptungstraining teilgenommen. Treten, schlagen, schreien: all das haben wir drei Stunden trainiert &#8211; eine tolle Erfahrung!<\/p>\n\n\n\n<div class=\"wp-block-image\"><figure class=\"aligncenter size-large\"><img loading=\"lazy\" decoding=\"async\" width=\"500\" height=\"675\" src=\"https:\/\/wordpress.nibis.de\/bgs\/files\/2022\/07\/Mai4d-1-500x675.jpg\" alt=\"\" class=\"wp-image-941\" \/><\/figure><\/div>\n","protected":false},"excerpt":{"rendered":"<p>Alle Jahre wieder &#8211; die Weihnachtszeit steht vor der T\u00fcr und es wird wieder \u00fcberall flei\u00dfig gebacken, gebastelt und dekoriert. Wir freuen uns auf die &hellip; <\/p>\n","protected":false},"author":9193915,"featured_media":0,"parent":0,"menu_order":0,"comment_status":"closed","ping_status":"closed","template":"","meta":{"footnotes":""},"class_list":["post-935","page","type-page","status-publish","hentry"],"_links":{"self":[{"href":"https:\/\/wordpress.nibis.de\/bgs\/wp-json\/wp\/v2\/pages\/935","targetHints":{"allow":["GET"]}}],"collection":[{"href":"https:\/\/wordpress.nibis.de\/bgs\/wp-json\/wp\/v2\/pages"}],"about":[{"href":"https:\/\/wordpress.nibis.de\/bgs\/wp-json\/wp\/v2\/types\/page"}],"author":[{"embeddable":true,"href":"https:\/\/wordpress.nibis.de\/bgs\/wp-json\/wp\/v2\/users\/9193915"}],"replies":[{"embeddable":true,"href":"https:\/\/wordpress.nibis.de\/bgs\/wp-json\/wp\/v2\/comments?post=935"}],"version-history":[{"count":1,"href":"https:\/\/wordpress.nibis.de\/bgs\/wp-json\/wp\/v2\/pages\/935\/revisions"}],"predecessor-version":[{"id":942,"href":"https:\/\/wordpress.nibis.de\/bgs\/wp-json\/wp\/v2\/pages\/935\/revisions\/942"}],"wp:attachment":[{"href":"https:\/\/wordpress.nibis.de\/bgs\/wp-json\/wp\/v2\/media?parent=935"}],"curies":[{"name":"wp","href":"https:\/\/api.w.org\/{rel}","templated":true}]}}

Jahresrückblick der 4d

<p>Alle Jahre wieder &#8211; die Weihnachtszeit steht vor der Tür und es wird wieder überall fleißig gebacken, gebastelt und dekoriert. Wir freuen uns auf die kuschelige Zeit und das Kekse essen 🙂</p>



<div class="wp-block-image"><figure class="aligncenter size-large"><img loading="lazy" decoding="async" width="500" height="675" src="https://wordpress.nibis.de/bgs/files/2022/07/Winter-1-500x675.jpg" alt="" class="wp-image-939" /></figure></div>



<p>Die Projektwoche zum Thema „gesunde Ernährung“ hat allen viel Spaß gemacht. Das Highlight war auf jeden Fall der Marktbesuch des gesamten vierten Jahrgangs. Das gemeinsam zubereitete Buffet wurde von allen mit großem Appetit verspeist 🙂</p>



<div class="wp-block-image"><figure class="aligncenter size-large"><img loading="lazy" decoding="async" width="500" height="675" src="https://wordpress.nibis.de/bgs/files/2022/07/Projektwoche-1-500x675.jpg" alt="" class="wp-image-940" /></figure></div>



<p>Es ging rund in der Sporthalle! Die 4d hat im Mai an einem Selbstbehauptungstraining teilgenommen. Treten, schlagen, schreien: all das haben wir drei Stunden trainiert &#8211; eine tolle Erfahrung!</p>



<div class="wp-block-image"><figure class="aligncenter size-large"><img loading="lazy" decoding="async" width="500" height="675" src="https://wordpress.nibis.de/bgs/files/2022/07/Mai4d-1-500x675.jpg" alt="" class="wp-image-941" /></figure></div>

<p>Alle Jahre wieder &#8211; die Weihnachtszeit steht vor der Tür und es wird wieder überall fleißig gebacken, gebastelt und dekoriert. Wir freuen uns auf die &hellip; </p>
