{"id":976,"date":"2022-09-08T16:05:03","date_gmt":"2022-09-08T14:05:03","guid":{"rendered":"https:\/\/wordpress.nibis.de\/bgs\/?page_id=976"},"modified":"2022-09-08T16:05:04","modified_gmt":"2022-09-08T14:05:04","slug":"einschulung-2022","status":"publish","type":"page","link":"https:\/\/wordpress.nibis.de\/bgs\/einschulung-2022\/","title":{"rendered":"Einschulung 2022"},"content":{"rendered":"\n<p>Am 27. August 2022 war es wieder soweit &#8211; die neuen Erstkl\u00e4ssler wurden eingeschult. An dem Vormittag waren viele strahlende Kindergesichter zu sehen und auch viele Eltern, die voller stolz ihre Kinder in die Aula begleiteten und ihnen halfen ihren Platz in den ersten Reihen zu suchen. Aufregung war allgegenw\u00e4rtig und die Spannung auf die neue Klasse und die Klassenlehrerin war bei vielen Kindern riesen gro\u00df. Selbstverst\u00e4ndlich waren nicht nur die Eltern und Kinder aufgeregt, auch die Lehrerinnen waren schon ganz gespannt auf ihre neuen Sch\u00fcler*innen, die sie f\u00fcr die n\u00e4chsten vier Jahre begleiten und unterrichten werden.  <br>Es gab ein sch\u00f6nes Rahmenprogramm, welches vom dritten Jahrgang gestaltet wurde &#8211; vielen Dank daf\u00fcr!<\/p>\n\n\n\n<p><img loading=\"lazy\" decoding=\"async\" class=\"alignnone size-full wp-image-977 aligncenter\" src=\"https:\/\/wordpress.nibis.de\/bgs\/files\/2022\/09\/Einschulung2022.jpg\" alt=\"\" width=\"800\" height=\"400\" srcset=\"https:\/\/wordpress.nibis.de\/bgs\/files\/2022\/09\/Einschulung2022.jpg 800w, https:\/\/wordpress.nibis.de\/bgs\/files\/2022\/09\/Einschulung2022-768x384.jpg 768w\" sizes=\"auto, (max-width: 800px) 100vw, 800px\" \/><br \/>Und dann war es endlich so weit: Die erste Unterrichtsstunde. Die Kinder durften sich \u00fcber liebevoll vorbereitete Klassenr\u00e4ume freuen, in denen sie von ihrer Klassenlehrerin willkommen gehei\u00dfen wurden. Es wurde eine Geschichte vorgelesen und auch gemalt und pl\u00f6tzlich war schon diese erste Schulstunde herum. Drau\u00dfen warteten bereits die Eltern mit der Schult\u00fcte &#8211; welch eine Freude. Nun konnte gefeiert werden.<\/p>\n","protected":false},"excerpt":{"rendered":"<p>Am 27. August 2022 war es wieder soweit &#8211; die neuen Erstkl\u00e4ssler wurden eingeschult. An dem Vormittag waren viele strahlende Kindergesichter zu sehen und auch &hellip; <\/p>\n","protected":false},"author":9193915,"featured_media":0,"parent":0,"menu_order":0,"comment_status":"closed","ping_status":"closed","template":"","meta":{"footnotes":""},"class_list":["post-976","page","type-page","status-publish","hentry"],"_links":{"self":[{"href":"https:\/\/wordpress.nibis.de\/bgs\/wp-json\/wp\/v2\/pages\/976","targetHints":{"allow":["GET"]}}],"collection":[{"href":"https:\/\/wordpress.nibis.de\/bgs\/wp-json\/wp\/v2\/pages"}],"about":[{"href":"https:\/\/wordpress.nibis.de\/bgs\/wp-json\/wp\/v2\/types\/page"}],"author":[{"embeddable":true,"href":"https:\/\/wordpress.nibis.de\/bgs\/wp-json\/wp\/v2\/users\/9193915"}],"replies":[{"embeddable":true,"href":"https:\/\/wordpress.nibis.de\/bgs\/wp-json\/wp\/v2\/comments?post=976"}],"version-history":[{"count":1,"href":"https:\/\/wordpress.nibis.de\/bgs\/wp-json\/wp\/v2\/pages\/976\/revisions"}],"predecessor-version":[{"id":978,"href":"https:\/\/wordpress.nibis.de\/bgs\/wp-json\/wp\/v2\/pages\/976\/revisions\/978"}],"wp:attachment":[{"href":"https:\/\/wordpress.nibis.de\/bgs\/wp-json\/wp\/v2\/media?parent=976"}],"curies":[{"name":"wp","href":"https:\/\/api.w.org\/{rel}","templated":true}]}}

<p>Am 27. August 2022 war es wieder soweit &#8211; die neuen Erstklässler wurden eingeschult. An dem Vormittag waren viele strahlende Kindergesichter zu sehen und auch viele Eltern, die voller stolz ihre Kinder in die Aula begleiteten und ihnen halfen ihren Platz in den ersten Reihen zu suchen. Aufregung war allgegenwärtig und die Spannung auf die neue Klasse und die Klassenlehrerin war bei vielen Kindern riesen groß. Selbstverständlich waren nicht nur die Eltern und Kinder aufgeregt, auch die Lehrerinnen waren schon ganz gespannt auf ihre neuen Schüler*innen, die sie für die nächsten vier Jahre begleiten und unterrichten werden.  <br>Es gab ein schönes Rahmenprogramm, welches vom dritten Jahrgang gestaltet wurde &#8211; vielen Dank dafür!</p>



<p><img loading="lazy" decoding="async" class="alignnone size-full wp-image-977 aligncenter" src="https://wordpress.nibis.de/bgs/files/2022/09/Einschulung2022.jpg" alt="" width="800" height="400" srcset="https://wordpress.nibis.de/bgs/files/2022/09/Einschulung2022.jpg 800w, https://wordpress.nibis.de/bgs/files/2022/09/Einschulung2022-768x384.jpg 768w" sizes="auto, (max-width: 800px) 100vw, 800px" /><br />Und dann war es endlich so weit: Die erste Unterrichtsstunde. Die Kinder durften sich über liebevoll vorbereitete Klassenräume freuen, in denen sie von ihrer Klassenlehrerin willkommen geheißen wurden. Es wurde eine Geschichte vorgelesen und auch gemalt und plötzlich war schon diese erste Schulstunde herum. Draußen warteten bereits die Eltern mit der Schultüte &#8211; welch eine Freude. Nun konnte gefeiert werden.</p>

<p>Am 27. August 2022 war es wieder soweit &#8211; die neuen Erstklässler wurden eingeschult. An dem Vormittag waren viele strahlende Kindergesichter zu sehen und auch &hellip; </p>
