{"id":2,"date":"2021-11-03T16:18:12","date_gmt":"2021-11-03T15:18:12","guid":{"rendered":"https:\/\/wordpress.nibis.de\/bloggi\/?page_id=2"},"modified":"2023-01-09T15:20:51","modified_gmt":"2023-01-09T14:20:51","slug":"beispiel-seite","status":"publish","type":"page","link":"https:\/\/wordpress.nibis.de\/bloggi\/beispiel-seite\/","title":{"rendered":"Das bloGGIng-Team"},"content":{"rendered":"\n<p>Seit dem Schuljahr 2021\/2022 gibt es an unserer Schule die Presse AG, die den Blog betreibt und ihn mit schulischen Themen, aber auch sonstigen Inhalten, die den Alltag von Sch\u00fclerinnen und Sch\u00fclern betreffen, f\u00fcllt.  <\/p>\n\n\n\n<figure class=\"wp-block-image size-large is-resized\"><img loading=\"lazy\" decoding=\"async\" src=\"https:\/\/wordpress.nibis.de\/bloggi\/files\/2023\/01\/F036ABC9-ABE4-49DD-97C1-7331A5918501-1024x768.jpeg\" alt=\"\" class=\"wp-image-1379\" width=\"841\" height=\"631\" srcset=\"https:\/\/wordpress.nibis.de\/bloggi\/files\/2023\/01\/F036ABC9-ABE4-49DD-97C1-7331A5918501-1024x768.jpeg 1024w, https:\/\/wordpress.nibis.de\/bloggi\/files\/2023\/01\/F036ABC9-ABE4-49DD-97C1-7331A5918501-300x225.jpeg 300w, https:\/\/wordpress.nibis.de\/bloggi\/files\/2023\/01\/F036ABC9-ABE4-49DD-97C1-7331A5918501-768x576.jpeg 768w, https:\/\/wordpress.nibis.de\/bloggi\/files\/2023\/01\/F036ABC9-ABE4-49DD-97C1-7331A5918501-1536x1152.jpeg 1536w, https:\/\/wordpress.nibis.de\/bloggi\/files\/2023\/01\/F036ABC9-ABE4-49DD-97C1-7331A5918501-2048x1536.jpeg 2048w, https:\/\/wordpress.nibis.de\/bloggi\/files\/2023\/01\/F036ABC9-ABE4-49DD-97C1-7331A5918501-600x450.jpeg 600w, https:\/\/wordpress.nibis.de\/bloggi\/files\/2023\/01\/F036ABC9-ABE4-49DD-97C1-7331A5918501-945x709.jpeg 945w\" sizes=\"auto, (max-width: 841px) 100vw, 841px\" \/><figcaption>das bloGGIng-Team 22\/23 (von links nach rechts) stehend: Hr. Hirschl (betreuende Lehrkraft), Jamie, Kiara, Tabea, Johanna, Lene, Elisa, Frederike<\/figcaption><\/figure>\n\n\n\n<p class=\"has-text-align-center\"><strong>Derzeitige Mitglieder des bloGGIng-Teams<\/strong><\/p>\n\n\n\n<p><\/p>\n\n\n\n<p>Damals war\u00b4s&#8230;Schuljahr 21\/22<\/p>\n\n\n\n<figure class=\"wp-block-image size-large\"><img loading=\"lazy\" decoding=\"async\" width=\"1024\" height=\"592\" src=\"https:\/\/wordpress.nibis.de\/bloggi\/files\/2022\/04\/zOfLKZBFVwBmRcDTIoNRWyJj-1024x592.jpg\" alt=\"\" class=\"wp-image-903\" srcset=\"https:\/\/wordpress.nibis.de\/bloggi\/files\/2022\/04\/zOfLKZBFVwBmRcDTIoNRWyJj-1024x592.jpg 1024w, https:\/\/wordpress.nibis.de\/bloggi\/files\/2022\/04\/zOfLKZBFVwBmRcDTIoNRWyJj-300x174.jpg 300w, https:\/\/wordpress.nibis.de\/bloggi\/files\/2022\/04\/zOfLKZBFVwBmRcDTIoNRWyJj-768x444.jpg 768w, https:\/\/wordpress.nibis.de\/bloggi\/files\/2022\/04\/zOfLKZBFVwBmRcDTIoNRWyJj-1536x888.jpg 1536w, https:\/\/wordpress.nibis.de\/bloggi\/files\/2022\/04\/zOfLKZBFVwBmRcDTIoNRWyJj-600x347.jpg 600w, https:\/\/wordpress.nibis.de\/bloggi\/files\/2022\/04\/zOfLKZBFVwBmRcDTIoNRWyJj-945x547.jpg 945w, https:\/\/wordpress.nibis.de\/bloggi\/files\/2022\/04\/zOfLKZBFVwBmRcDTIoNRWyJj.jpg 1587w\" sizes=\"auto, (max-width: 1024px) 100vw, 1024px\" \/><figcaption>Das bloGGIng-Team 21\/22 (von links nach rechts) stehend: Jamie, Paavo, Malik, Laura, Maeva, Robin, Kiara, Tabea, Josfine, Johanna <br>sitzend: Elisa, Lene, Frederike, Hr. Hirschl (betreuende Lehrkraft), Laura, Annalena <\/figcaption><\/figure>\n\n\n\n<p class=\"has-text-align-center\"><\/p>\n\n\n\n<p class=\"has-text-align-left\"><\/p>\n","protected":false},"excerpt":{"rendered":"<p>Seit dem Schuljahr 2021\/2022 gibt es an unserer Schule die Presse AG, die den Blog betreibt und ihn mit schulischen Themen, aber auch sonstigen Inhalten, die den Alltag von Sch\u00fclerinnen und Sch\u00fclern betreffen, f\u00fcllt. Derzeitige Mitglieder des bloGGIng-Teams Damals war\u00b4s&#8230;Schuljahr&#8230; <a class=\"more-link\" href=\"https:\/\/wordpress.nibis.de\/bloggi\/beispiel-seite\/\">Weiterlesen &rarr;<\/a><\/p>\n","protected":false},"author":9193911,"featured_media":0,"parent":0,"menu_order":0,"comment_status":"closed","ping_status":"open","template":"","meta":{"footnotes":""},"class_list":["post-2","page","type-page","status-publish","hentry"],"_links":{"self":[{"href":"https:\/\/wordpress.nibis.de\/bloggi\/wp-json\/wp\/v2\/pages\/2","targetHints":{"allow":["GET"]}}],"collection":[{"href":"https:\/\/wordpress.nibis.de\/bloggi\/wp-json\/wp\/v2\/pages"}],"about":[{"href":"https:\/\/wordpress.nibis.de\/bloggi\/wp-json\/wp\/v2\/types\/page"}],"author":[{"embeddable":true,"href":"https:\/\/wordpress.nibis.de\/bloggi\/wp-json\/wp\/v2\/users\/9193911"}],"replies":[{"embeddable":true,"href":"https:\/\/wordpress.nibis.de\/bloggi\/wp-json\/wp\/v2\/comments?post=2"}],"version-history":[{"count":16,"href":"https:\/\/wordpress.nibis.de\/bloggi\/wp-json\/wp\/v2\/pages\/2\/revisions"}],"predecessor-version":[{"id":1383,"href":"https:\/\/wordpress.nibis.de\/bloggi\/wp-json\/wp\/v2\/pages\/2\/revisions\/1383"}],"wp:attachment":[{"href":"https:\/\/wordpress.nibis.de\/bloggi\/wp-json\/wp\/v2\/media?parent=2"}],"curies":[{"name":"wp","href":"https:\/\/api.w.org\/{rel}","templated":true}]}}