{"id":322,"date":"2021-12-12T21:36:47","date_gmt":"2021-12-12T20:36:47","guid":{"rendered":"https:\/\/wordpress.nibis.de\/bloggi\/?page_id=322"},"modified":"2023-09-11T14:15:05","modified_gmt":"2023-09-11T12:15:05","slug":"unsere-schule","status":"publish","type":"page","link":"https:\/\/wordpress.nibis.de\/bloggi\/unsere-schule\/","title":{"rendered":"unsere Schule"},"content":{"rendered":"\n<p class=\"has-black-color has-text-color\">Das Gymnasium Gro\u00df Ilsede ist ein \u00f6ffentliches allgemeinbildendes Gymnasium f\u00fcr Jungen und M\u00e4dchen, das 1963 gegr\u00fcndet wurde. Seit 2004 ist das Gymnasium Gro\u00df Ilsede eine offene Ganztagsschule, was bedeutet, dass ein Nachmittagsprogramm angeboten wird.<\/p>\n\n\n\n<p>Das Gymnasium ist Teil eines Schulzentrums mit angrenzender Grund- und Hauptschule sowie Realschule. Sie sind r\u00e4umlich getrennt, aber in einem gro\u00dfen gemeinsamen Geb\u00e4udekomplex untergebracht.<\/p>\n\n\n\n<p>Derzeit besuchen ca. 1050 Sch\u00fclerinnen und Sch\u00fcler das Gymnasium Gro\u00df Ilsede.<\/p>\n\n\n\n<p>Neben dem eigentlichen Unterricht finden an unserer Schule viele Veranstaltungen statt, wie zum Beispiel Theater- und Musikauff\u00fchrungen, aber auch Sportveranstaltungen. <\/p>\n\n\n\n<p>Daneben gibt es Klassen- und Studienfahrten, die sich stets gro\u00dfer Beliebtheit erfreuen, seien es die p\u00e4dagogischen Klassenfahrten in Jahrgang 5 oder auch Studienfahrten in der Oberstufe (bspw. nach Barcelona, Nizza, Tallinn, Dublin&#8230;).<\/p>\n\n\n\n<p>Eine besondere Stellung nimmt die Sch\u00fclervertretung (SV) ein, die sich sehr engagiert f\u00fcr alle Sch\u00fclerinnen und Sch\u00fcler einsetzt. Sie organisiert Aktionen zu verschiedensten Themen, so zum Beispiel zum Welt-AIDS-Tag, Valentinstag oder auch zu besonderen Jahreszeiten (Ostern, Weihnachten).<\/p>\n\n\n\n<p><strong>Auf dieser Seite erfahrt ihr etwas \u00fcber aktuelle Veranstaltungen, Aktionen der SV, Berichte zu Fahrten, Beitr\u00e4ge von Sch\u00fclerinnen und Sch\u00fclern aus dem Unterrichtsalltag, Schulprojekten und vieles mehr! <\/strong><\/p>\n\n\n\n<figure class=\"wp-block-image size-large is-resized\"><img loading=\"lazy\" decoding=\"async\" src=\"https:\/\/wordpress.nibis.de\/bloggi\/files\/2022\/02\/Collage_unsere-Schule-1024x952.jpg\" alt=\"\" class=\"wp-image-600\" width=\"840\" height=\"780\" srcset=\"https:\/\/wordpress.nibis.de\/bloggi\/files\/2022\/02\/Collage_unsere-Schule-1024x952.jpg 1024w, https:\/\/wordpress.nibis.de\/bloggi\/files\/2022\/02\/Collage_unsere-Schule-300x279.jpg 300w, https:\/\/wordpress.nibis.de\/bloggi\/files\/2022\/02\/Collage_unsere-Schule-768x714.jpg 768w, https:\/\/wordpress.nibis.de\/bloggi\/files\/2022\/02\/Collage_unsere-Schule-600x558.jpg 600w, https:\/\/wordpress.nibis.de\/bloggi\/files\/2022\/02\/Collage_unsere-Schule-945x878.jpg 945w, https:\/\/wordpress.nibis.de\/bloggi\/files\/2022\/02\/Collage_unsere-Schule.jpg 1048w\" sizes=\"auto, (max-width: 840px) 100vw, 840px\" \/><\/figure>\n","protected":false},"excerpt":{"rendered":"<p>Das Gymnasium Gro\u00df Ilsede ist ein \u00f6ffentliches allgemeinbildendes Gymnasium f\u00fcr Jungen und M\u00e4dchen, das 1963 gegr\u00fcndet wurde. Seit 2004 ist das Gymnasium Gro\u00df Ilsede eine offene Ganztagsschule, was bedeutet, dass ein Nachmittagsprogramm angeboten wird. Das Gymnasium ist Teil eines Schulzentrums&#8230; <a class=\"more-link\" href=\"https:\/\/wordpress.nibis.de\/bloggi\/unsere-schule\/\">Weiterlesen &rarr;<\/a><\/p>\n","protected":false},"author":9193912,"featured_media":0,"parent":0,"menu_order":0,"comment_status":"closed","ping_status":"closed","template":"","meta":{"footnotes":""},"class_list":["post-322","page","type-page","status-publish","hentry"],"_links":{"self":[{"href":"https:\/\/wordpress.nibis.de\/bloggi\/wp-json\/wp\/v2\/pages\/322","targetHints":{"allow":["GET"]}}],"collection":[{"href":"https:\/\/wordpress.nibis.de\/bloggi\/wp-json\/wp\/v2\/pages"}],"about":[{"href":"https:\/\/wordpress.nibis.de\/bloggi\/wp-json\/wp\/v2\/types\/page"}],"author":[{"embeddable":true,"href":"https:\/\/wordpress.nibis.de\/bloggi\/wp-json\/wp\/v2\/users\/9193912"}],"replies":[{"embeddable":true,"href":"https:\/\/wordpress.nibis.de\/bloggi\/wp-json\/wp\/v2\/comments?post=322"}],"version-history":[{"count":9,"href":"https:\/\/wordpress.nibis.de\/bloggi\/wp-json\/wp\/v2\/pages\/322\/revisions"}],"predecessor-version":[{"id":1623,"href":"https:\/\/wordpress.nibis.de\/bloggi\/wp-json\/wp\/v2\/pages\/322\/revisions\/1623"}],"wp:attachment":[{"href":"https:\/\/wordpress.nibis.de\/bloggi\/wp-json\/wp\/v2\/media?parent=322"}],"curies":[{"name":"wp","href":"https:\/\/api.w.org\/{rel}","templated":true}]}}