{"id":473,"date":"2021-12-22T10:22:34","date_gmt":"2021-12-22T09:22:34","guid":{"rendered":"https:\/\/wordpress.nibis.de\/bloggi\/?page_id=473"},"modified":"2022-02-19T13:48:58","modified_gmt":"2022-02-19T12:48:58","slug":"interviews-2","status":"publish","type":"page","link":"https:\/\/wordpress.nibis.de\/bloggi\/interviews-2\/","title":{"rendered":"Gespr\u00e4chsstoff"},"content":{"rendered":"\n<p>In einer Schule kommen viele Menschen zu Wort &#8211; die einen mehr, die anderen weniger. Diese Seite soll vielen Mitgliedern der Schulgemeinschaft die M\u00f6glichkeit geben, zu Wort zu kommen. In l\u00e4ngeren Interviews werden verschiedene Mitglieder der Schulgemeinschaft interviewt, aber auch die Kategorie &#8222;5 gefragt&#8230;&#8220; dient dazu, Lehrkr\u00e4fte oder Sch\u00fclerinnen und Sch\u00fcler kurz und knapp etwas besser kennzulernen. Ebenso sollen ehemalige Sch\u00fclerinnen und Sch\u00fcler sowie Lehrkr\u00e4fte in der Kategorie &#8222;Damals war\u00b4s&#8230;&#8220; zu Wort kommen, um vielleicht die ein oder andere Anekdote aus ihrer Schulzeit zu erz\u00e4hlen oder auch mitzuteilen, welchen Weg sie nach der Schulzeit eingeschlagen haben. Weiterhin k\u00f6nnen in der Kategorie &#8222;Kommentare&#8220; auch kritische Meinungsbeitr\u00e4ge zu verschiedensten Themen abgegeben werden.   <\/p>\n\n\n\n<figure class=\"wp-block-image size-full\"><img decoding=\"async\" src=\"https:\/\/wordpress.nibis.de\/bloggi\/files\/2022\/02\/tischszene-1.png\" alt=\"\" class=\"wp-image-790\" \/><figcaption>Idee und Desgin: Marie Pape (Abiturjahrgang 2017)<\/figcaption><\/figure>\n\n\n\n<p> <\/p>\n","protected":false},"excerpt":{"rendered":"<p>In einer Schule kommen viele Menschen zu Wort &#8211; die einen mehr, die anderen weniger. Diese Seite soll vielen Mitgliedern der Schulgemeinschaft die M\u00f6glichkeit geben, zu Wort zu kommen. In l\u00e4ngeren Interviews werden verschiedene Mitglieder der Schulgemeinschaft interviewt, aber auch&#8230; <a class=\"more-link\" href=\"https:\/\/wordpress.nibis.de\/bloggi\/interviews-2\/\">Weiterlesen &rarr;<\/a><\/p>\n","protected":false},"author":9193912,"featured_media":0,"parent":0,"menu_order":0,"comment_status":"closed","ping_status":"closed","template":"","meta":{"footnotes":""},"class_list":["post-473","page","type-page","status-publish","hentry"],"_links":{"self":[{"href":"https:\/\/wordpress.nibis.de\/bloggi\/wp-json\/wp\/v2\/pages\/473","targetHints":{"allow":["GET"]}}],"collection":[{"href":"https:\/\/wordpress.nibis.de\/bloggi\/wp-json\/wp\/v2\/pages"}],"about":[{"href":"https:\/\/wordpress.nibis.de\/bloggi\/wp-json\/wp\/v2\/types\/page"}],"author":[{"embeddable":true,"href":"https:\/\/wordpress.nibis.de\/bloggi\/wp-json\/wp\/v2\/users\/9193912"}],"replies":[{"embeddable":true,"href":"https:\/\/wordpress.nibis.de\/bloggi\/wp-json\/wp\/v2\/comments?post=473"}],"version-history":[{"count":6,"href":"https:\/\/wordpress.nibis.de\/bloggi\/wp-json\/wp\/v2\/pages\/473\/revisions"}],"predecessor-version":[{"id":792,"href":"https:\/\/wordpress.nibis.de\/bloggi\/wp-json\/wp\/v2\/pages\/473\/revisions\/792"}],"wp:attachment":[{"href":"https:\/\/wordpress.nibis.de\/bloggi\/wp-json\/wp\/v2\/media?parent=473"}],"curies":[{"name":"wp","href":"https:\/\/api.w.org\/{rel}","templated":true}]}}