{"id":2845,"date":"2026-07-27T11:32:28","date_gmt":"2026-07-27T09:32:28","guid":{"rendered":"https:\/\/wordpress.nibis.de\/bm-news\/?page_id=2845"},"modified":"2026-08-31T13:58:52","modified_gmt":"2026-08-31T11:58:52","slug":"impressum-2","status":"publish","type":"page","link":"https:\/\/wordpress.nibis.de\/bm-news\/impressum-2\/","title":{"rendered":"Impressum"},"content":{"rendered":"\n<h5 class=\"wp-block-heading\"><strong>Verantwortlich f\u00fcr den Inhalt und Kontakt:<\/strong><\/h5>\n\n\n\n<p class=\"wp-block-paragraph\">Nieders\u00e4chsisches Landesinstitut f\u00fcr schulische Qualit\u00e4tsentwicklung (NLQ)<\/p>\n\n\n\n<p class=\"wp-block-paragraph\">Vertretungsberechtige: Dr. Elke Richlick<\/p>\n\n\n\n<p class=\"wp-block-paragraph\">Ke\u00dflerstra\u00dfe 52<\/p>\n\n\n\n<p class=\"wp-block-paragraph\">31134 Hildesheim<\/p>\n\n\n\n<p class=\"wp-block-paragraph\">Telefon: 05121 1695-400<\/p>\n\n\n\n<p class=\"wp-block-paragraph\">Telefax: 05121 1695-450<\/p>\n\n\n\n<p class=\"wp-block-paragraph\">E-Mail: <a href=\"&#109;&#x61;i&#108;&#x74;o&#58;&#x70;o&#115;&#x74;s&#116;&#x65;l&#108;&#x65;&#64;&#110;&#x6c;q&#46;&#x6e;i&#101;&#x64;e&#114;&#x73;a&#99;&#x68;s&#x65;&#x6e;&#46;&#x64;&#x65;\">&#112;o&#x73;t&#x73;t&#x65;l&#x6c;e&#x40;n&#x6c;&#113;&#x2e;&#110;&#x69;&#101;&#x64;&#101;&#x72;&#115;&#x61;&#99;&#x68;&#115;e&#x6e;&#46;&#x64;e<\/a><\/p>\n\n\n\n<p class=\"wp-block-paragraph\">Missbr\u00e4uchliche Nutzung:<\/p>\n\n\n\n<p class=\"wp-block-paragraph\">Sollten Sie missbr\u00e4uchliche Nutzungen aus dem IP Adressbereich dieser Internetpr\u00e4senz feststellen, senden Sie bitte eine E-Mail an die Adresse <a href=\"m&#97;&#105;&#x6c;&#x74;&#x6f;&#x3a;a&#98;&#117;&#115;&#x65;&#x40;&#x6e;ib&#105;&#115;&#x2e;&#x64;&#x65;\">&#97;&#x62;&#117;&#x73;&#101;&#x40;n&#x69;b&#105;&#x73;&#46;&#x64;&#101;<\/a>.<\/p>\n\n\n\n<h5 class=\"wp-block-heading\"><strong>Rechtstr\u00e4ger des Instituts:<\/strong><\/h5>\n\n\n\n<p class=\"wp-block-paragraph\">Land Niedersachsen,<br>vertreten durch das<br>Nieders\u00e4chsische Kultusministerium<\/p>\n\n\n\n<p class=\"wp-block-paragraph\">Hans-B\u00f6ckler-Allee 5<br>30173 Hannover<br>Telefon: (0511) 120 &#8211; 7146<br>Fax: (0511) 120 &#8211; 7451<\/p>\n\n\n\n<p class=\"wp-block-paragraph\">Vertretungsberechtigte: Frau Dr. Petra Hoppe (Leiterin des Referats 31: Eigenverantwortliche Schule und Schulentwicklung, Bildungsmonitoring und Evaluation, Berufsbild Schulleitung, Eltern- und Sch\u00fclervertretungsrecht)<\/p>\n\n\n\n<p class=\"wp-block-paragraph\"><strong>Administration:<\/strong><br>Nieders\u00e4chsisches Landesinstitut<br>f\u00fcr schulische Qualit\u00e4tsentwicklung (NLQ)<br>Fachbereich 24 &#8211;&nbsp;Systemmonitoring<\/p>\n\n\n\n<p class=\"wp-block-paragraph\">Hohnsen 59<br>31134 Hildesheim<\/p>\n\n\n\n<p class=\"wp-block-paragraph\"><\/p>\n","protected":false},"excerpt":{"rendered":"<p>Verantwortlich f\u00fcr den Inhalt und Kontakt: Nieders\u00e4chsisches Landesinstitut f\u00fcr schulische Qualit\u00e4tsentwicklung (NLQ) Vertretungsberechtige: Dr. Elke Richlick Ke\u00dflerstra\u00dfe 52 31134 Hildesheim Telefon: 05121 1695-400 Telefax: 05121<\/p>\n","protected":false},"author":9193786,"featured_media":0,"parent":0,"menu_order":0,"comment_status":"closed","ping_status":"closed","template":"","meta":{"footnotes":""},"class_list":["post-2845","page","type-page","status-publish","hentry"],"_links":{"self":[{"href":"https:\/\/wordpress.nibis.de\/bm-news\/wp-json\/wp\/v2\/pages\/2845","targetHints":{"allow":["GET"]}}],"collection":[{"href":"https:\/\/wordpress.nibis.de\/bm-news\/wp-json\/wp\/v2\/pages"}],"about":[{"href":"https:\/\/wordpress.nibis.de\/bm-news\/wp-json\/wp\/v2\/types\/page"}],"author":[{"embeddable":true,"href":"https:\/\/wordpress.nibis.de\/bm-news\/wp-json\/wp\/v2\/users\/9193786"}],"replies":[{"embeddable":true,"href":"https:\/\/wordpress.nibis.de\/bm-news\/wp-json\/wp\/v2\/comments?post=2845"}],"version-history":[{"count":3,"href":"https:\/\/wordpress.nibis.de\/bm-news\/wp-json\/wp\/v2\/pages\/2845\/revisions"}],"predecessor-version":[{"id":2923,"href":"https:\/\/wordpress.nibis.de\/bm-news\/wp-json\/wp\/v2\/pages\/2845\/revisions\/2923"}],"wp:attachment":[{"href":"https:\/\/wordpress.nibis.de\/bm-news\/wp-json\/wp\/v2\/media?parent=2845"}],"curies":[{"name":"wp","href":"https:\/\/api.w.org\/{rel}","templated":true}]}}

<h5 class="wp-block-heading"><strong>Verantwortlich für den Inhalt und Kontakt:</strong></h5>



<p class="wp-block-paragraph">Niedersächsisches Landesinstitut für schulische Qualitätsentwicklung (NLQ)</p>



<p class="wp-block-paragraph">Vertretungsberechtige: Dr. Elke Richlick</p>



<p class="wp-block-paragraph">Keßlerstraße 52</p>



<p class="wp-block-paragraph">31134 Hildesheim</p>



<p class="wp-block-paragraph">Telefon: 05121 1695-400</p>



<p class="wp-block-paragraph">Telefax: 05121 1695-450</p>



<p class="wp-block-paragraph">E-Mail: <a href="&#109;&#x61;i&#108;&#x74;o&#58;&#x70;o&#115;&#x74;s&#116;&#x65;l&#108;&#x65;&#64;&#110;&#x6c;q&#46;&#x6e;i&#101;&#x64;e&#114;&#x73;a&#99;&#x68;s&#x65;&#x6e;&#46;&#x64;&#x65;">&#112;o&#x73;t&#x73;t&#x65;l&#x6c;e&#x40;n&#x6c;&#113;&#x2e;&#110;&#x69;&#101;&#x64;&#101;&#x72;&#115;&#x61;&#99;&#x68;&#115;e&#x6e;&#46;&#x64;e</a></p>



<p class="wp-block-paragraph">Missbräuchliche Nutzung:</p>



<p class="wp-block-paragraph">Sollten Sie missbräuchliche Nutzungen aus dem IP Adressbereich dieser Internetpräsenz feststellen, senden Sie bitte eine E-Mail an die Adresse <a href="m&#97;&#105;&#x6c;&#x74;&#x6f;&#x3a;a&#98;&#117;&#115;&#x65;&#x40;&#x6e;ib&#105;&#115;&#x2e;&#x64;&#x65;">&#97;&#x62;&#117;&#x73;&#101;&#x40;n&#x69;b&#105;&#x73;&#46;&#x64;&#101;</a>.</p>



<h5 class="wp-block-heading"><strong>Rechtsträger des Instituts:</strong></h5>



<p class="wp-block-paragraph">Land Niedersachsen,<br>vertreten durch das<br>Niedersächsische Kultusministerium</p>



<p class="wp-block-paragraph">Hans-Böckler-Allee 5<br>30173 Hannover<br>Telefon: (0511) 120 &#8211; 7146<br>Fax: (0511) 120 &#8211; 7451</p>



<p class="wp-block-paragraph">Vertretungsberechtigte: Frau Dr. Petra Hoppe (Leiterin des Referats 31: Eigenverantwortliche Schule und Schulentwicklung, Bildungsmonitoring und Evaluation, Berufsbild Schulleitung, Eltern- und Schülervertretungsrecht)</p>



<p class="wp-block-paragraph"><strong>Administration:</strong><br>Niedersächsisches Landesinstitut<br>für schulische Qualitätsentwicklung (NLQ)<br>Fachbereich 24 &#8211;&nbsp;Systemmonitoring</p>



<p class="wp-block-paragraph">Hohnsen 59<br>31134 Hildesheim</p>



<p class="wp-block-paragraph"></p>

<p>Verantwortlich für den Inhalt und Kontakt: Niedersächsisches Landesinstitut für schulische Qualitätsentwicklung (NLQ) Vertretungsberechtige: Dr. Elke Richlick Keßlerstraße 52 31134 Hildesheim Telefon: 05121 1695-400 Telefax: 05121</p>
