{"id":155,"date":"2021-01-12T20:51:09","date_gmt":"2021-01-12T19:51:09","guid":{"rendered":"https:\/\/wordpress.nibis.de\/campegym\/?page_id=155"},"modified":"2021-01-13T09:33:12","modified_gmt":"2021-01-13T08:33:12","slug":"kontakt","status":"publish","type":"page","link":"https:\/\/wordpress.nibis.de\/campegym\/kontakt\/","title":{"rendered":"Kontakt"},"content":{"rendered":"\n<p>Ihr seid neugierig geworden und m\u00f6chtet selbst als Autor t\u00e4tig werden?<\/p>\n<p>Ihr habt Fragen oder Anmerkungen zu einem Beitrag oder m\u00f6chtet mehr wissen?<\/p>\n<p>Dann schreibt an:<\/p>\n<p>&#x73;&#x63;&#x68;\u00fc&#x6c;&#x65;&#x72;&#x7a;&#x65;&#x69;&#x74;&#x75;&#x6e;&#x67;&#x40;&#x69;&#x73;&#x65;&#x72;&#x76;&#x2d;&#x67;&#x79;&#x6d;&#x2d;&#x68;&#x6f;&#x6c;&#x2e;&#x64;&#x65;<\/p>\n<p>oder kommt zur AG &#8222;Sch\u00fclerzeitung&#8220;. Wir recherchieren, fotografieren,\u00a0 schreiben\u00a0 und gestalten unseren Blog &#8211; wie in einer echten Redaktion.<\/p>\n<p>Schaut gerne vorbei und kommt in unser Team!<\/p>\n","protected":false},"excerpt":{"rendered":"<p>Ihr seid neugierig geworden und m\u00f6chtet selbst als Autor t\u00e4tig werden? Ihr habt Fragen oder Anmerkungen zu einem Beitrag oder m\u00f6chtet mehr wissen? Dann schreibt an: &#x73;&#x63;&#x68;\u00fc&#x6c;&#x65;&#x72;&#x7a;&#x65;&#x69;&#x74;&#x75;&#x6e;&#x67;&#x40;&#x69;&#x73;&#x65;&#x72;&#x76;&#x2d;&#x67;&#x79;&#x6d;&#x2d;&#x68;&#x6f;&#x6c;&#x2e;&#x64;&#x65; oder kommt zur AG &#8222;Sch\u00fclerzeitung&#8220;. Wir recherchieren, fotografieren,\u00a0 schreiben\u00a0 und gestalten unseren Blog &#8211; wie in einer echten Redaktion. Schaut gerne vorbei und kommt in unser Team!<\/p>\n","protected":false},"author":9193570,"featured_media":0,"parent":0,"menu_order":0,"comment_status":"closed","ping_status":"closed","template":"","meta":{"footnotes":""},"class_list":["post-155","page","type-page","status-publish","hentry"],"_links":{"self":[{"href":"https:\/\/wordpress.nibis.de\/campegym\/wp-json\/wp\/v2\/pages\/155","targetHints":{"allow":["GET"]}}],"collection":[{"href":"https:\/\/wordpress.nibis.de\/campegym\/wp-json\/wp\/v2\/pages"}],"about":[{"href":"https:\/\/wordpress.nibis.de\/campegym\/wp-json\/wp\/v2\/types\/page"}],"author":[{"embeddable":true,"href":"https:\/\/wordpress.nibis.de\/campegym\/wp-json\/wp\/v2\/users\/9193570"}],"replies":[{"embeddable":true,"href":"https:\/\/wordpress.nibis.de\/campegym\/wp-json\/wp\/v2\/comments?post=155"}],"version-history":[{"count":6,"href":"https:\/\/wordpress.nibis.de\/campegym\/wp-json\/wp\/v2\/pages\/155\/revisions"}],"predecessor-version":[{"id":192,"href":"https:\/\/wordpress.nibis.de\/campegym\/wp-json\/wp\/v2\/pages\/155\/revisions\/192"}],"wp:attachment":[{"href":"https:\/\/wordpress.nibis.de\/campegym\/wp-json\/wp\/v2\/media?parent=155"}],"curies":[{"name":"wp","href":"https:\/\/api.w.org\/{rel}","templated":true}]}}