{"id":15,"date":"2020-03-05T13:46:01","date_gmt":"2020-03-05T13:46:01","guid":{"rendered":"http:\/\/cfgs.jtmey.de\/?page_id=15"},"modified":"2020-11-17T13:01:36","modified_gmt":"2020-11-17T12:01:36","slug":"austauschfahrten","status":"publish","type":"page","link":"https:\/\/wordpress.nibis.de\/cfgs\/austauschfahrten\/","title":{"rendered":"Austauschfahrten und Schulpartnerschaften"},"content":{"rendered":"\n<p><strong>Frankreich<\/strong><br>Seit 1995 pflegen wir an unserer Schule eine Schulpartnerschaft mit dem Coll\u00e8ge \u201eFran\u00e7ois Mauriac\u201c in unserer Partnergemeinde Houdan bei Paris. Alle zwei Jahre haben unsere Sch\u00fcler ab der 7.Klasse die M\u00f6glichkeit, an diesem Austausch teilzunehmen und ihre erworbenen Franz\u00f6sischkenntnisse in Gastfamilie und Schule zu erproben und auszuweiten. Kultur und Lebensart unseres franz\u00f6sischen Nachbarn werden so \u201een passant\u201c kennengelernt, und es entstehen hierbei oftmals bleibende Kontakte. Zum Abschluss des 5-j\u00e4hrigen Franz\u00f6sischunterrichts an unserer Schule soll regelm\u00e4\u00dfig im 10. Jahrgang eine Studienfahrt nach Paris angeboten werden.<\/p>\n\n\n\n<figure class=\"wp-block-gallery columns-3 wp-block-gallery-1 is-layout-flex wp-block-gallery-is-layout-flex\"><ul class=\"blocks-gallery-grid\"><li class=\"blocks-gallery-item\"><figure><img loading=\"lazy\" decoding=\"async\" width=\"300\" height=\"200\" src=\"https:\/\/wordpress.nibis.de\/cfgs\/files\/houdan_v1-300x200.jpeg\" alt=\"\" data-id=\"764\" data-link=\"http:\/\/cfgs-c.jtmey.de\/austauschfahrten\/houdan_v1\" class=\"wp-image-764\" srcset=\"https:\/\/wordpress.nibis.de\/cfgs\/files\/houdan_v1-300x200.jpeg 300w, https:\/\/wordpress.nibis.de\/cfgs\/files\/houdan_v1.jpeg 410w\" sizes=\"auto, (max-width: 300px) 100vw, 300px\" \/><\/figure><\/li><li class=\"blocks-gallery-item\"><figure><img loading=\"lazy\" decoding=\"async\" width=\"300\" height=\"200\" src=\"https:\/\/wordpress.nibis.de\/cfgs\/files\/houdan_v2-300x200.jpeg\" alt=\"\" data-id=\"765\" data-link=\"http:\/\/cfgs-c.jtmey.de\/austauschfahrten\/houdan_v2\" class=\"wp-image-765\" srcset=\"https:\/\/wordpress.nibis.de\/cfgs\/files\/houdan_v2-300x200.jpeg 300w, https:\/\/wordpress.nibis.de\/cfgs\/files\/houdan_v2.jpeg 410w\" sizes=\"auto, (max-width: 300px) 100vw, 300px\" \/><\/figure><\/li><li class=\"blocks-gallery-item\"><figure><img loading=\"lazy\" decoding=\"async\" width=\"169\" height=\"300\" src=\"https:\/\/wordpress.nibis.de\/cfgs\/files\/20170312_152653-169x300.jpg\" alt=\"\" data-id=\"1204\" data-full-url=\"https:\/\/wordpress.nibis.de\/cfgs\/files\/20170312_152653-scaled.jpg\" data-link=\"https:\/\/wordpress.nibis.de\/cfgs\/austauschfahrten\/20170312_152653\/\" class=\"wp-image-1204\" srcset=\"https:\/\/wordpress.nibis.de\/cfgs\/files\/20170312_152653-169x300.jpg 169w, https:\/\/wordpress.nibis.de\/cfgs\/files\/20170312_152653-270x480.jpg 270w, https:\/\/wordpress.nibis.de\/cfgs\/files\/20170312_152653-768x1365.jpg 768w, https:\/\/wordpress.nibis.de\/cfgs\/files\/20170312_152653-864x1536.jpg 864w, https:\/\/wordpress.nibis.de\/cfgs\/files\/20170312_152653-1152x2048.jpg 1152w, https:\/\/wordpress.nibis.de\/cfgs\/files\/20170312_152653-scaled.jpg 1440w\" sizes=\"auto, (max-width: 169px) 100vw, 169px\" \/><\/figure><\/li><\/ul><\/figure>\n\n\n\n<p><strong>Spanien<\/strong><br>J\u00e4hrlich bieten wir eine Sprachstudienreise nach Valencia in Spanien an. Im Mittelpunkt dieser Reise steht neben der Landeskunde die Anwendung und Verbesserung der spanischen Sprachkenntnisse.<\/p>\n\n\n\n<p><\/p>\n\n\n\n<p><strong>Gro\u00dfbritannien<\/strong><br>W\u00e4hrend einer Studienfahrt nach London in Gro\u00dfbritannien k\u00f6nnen die Sch\u00fcler des 8. \u2013 10. Jahrgangs ihre Englischkenntnisse anwenden und vertiefen. Die Lebensweise und Kultur der Briten erfahren sie dabei unmittelbar.<\/p>\n\n\n\n<p><strong>Bulgarien<\/strong><br>Sch\u00fcler unserer Kunstkurse besuchen seit 2011 das \u201eInternationale Jugendkunstfestival\u201c in Nessebar\/Bulgarien. Hier beteiligen sich unsere Sch\u00fcler zehn Tage lang gemeinsam mit 3000 anderen Jugendlichen aus unterschiedlichen Nationen an kreativen Projekten der bildenden K\u00fcnste und sammeln bleibende Erfahrungen in multikultureller Teamarbeit. Unsere Schule hat wiederholt den Hauptpreis dieses renommierten Jugendkunstfestivals gewonnen<\/p>\n\n\n\n<p><\/p>\n\n\n\n<figure class=\"wp-block-gallery columns-3 is-cropped wp-block-gallery-2 is-layout-flex wp-block-gallery-is-layout-flex\"><ul class=\"blocks-gallery-grid\"><li class=\"blocks-gallery-item\"><figure><img decoding=\"async\" src=\"http:\/\/wordpress.nibis.de\/cfgs\/files\/Gross-Schneer-Schueler-ueberzeugen-bei-Festival-in-Bulgarien-mit-Talent_big_teaser_article.jpg\" alt=\"\" data-id=\"759\" data-full-url=\"http:\/\/wordpress.nibis.de\/cfgs\/files\/Gross-Schneer-Schueler-ueberzeugen-bei-Festival-in-Bulgarien-mit-Talent_big_teaser_article.jpg\" data-link=\"http:\/\/cfgs-c.jtmey.de\/austauschfahrten\/gross-schneer-schueler-ueberzeugen-bei-festival-in-bulgarien-mit-talent_big_teaser_article\" class=\"wp-image-759\" \/><\/figure><\/li><li class=\"blocks-gallery-item\"><figure><img loading=\"lazy\" decoding=\"async\" width=\"410\" height=\"308\" src=\"http:\/\/wordpress.nibis.de\/cfgs\/files\/kunstnessebar_v1.jpeg\" alt=\"\" data-id=\"760\" data-full-url=\"http:\/\/wordpress.nibis.de\/cfgs\/files\/kunstnessebar_v1.jpeg\" data-link=\"http:\/\/cfgs-c.jtmey.de\/austauschfahrten\/kunstnessebar_v1\" class=\"wp-image-760\" srcset=\"https:\/\/wordpress.nibis.de\/cfgs\/files\/kunstnessebar_v1.jpeg 410w, https:\/\/wordpress.nibis.de\/cfgs\/files\/kunstnessebar_v1-300x225.jpeg 300w, https:\/\/wordpress.nibis.de\/cfgs\/files\/kunstnessebar_v1-100x75.jpeg 100w\" sizes=\"auto, (max-width: 410px) 100vw, 410px\" \/><\/figure><\/li><li class=\"blocks-gallery-item\"><figure><img loading=\"lazy\" decoding=\"async\" width=\"410\" height=\"308\" src=\"http:\/\/wordpress.nibis.de\/cfgs\/files\/kunstnessebar_v2.jpeg\" alt=\"\" data-id=\"761\" data-full-url=\"http:\/\/wordpress.nibis.de\/cfgs\/files\/kunstnessebar_v2.jpeg\" data-link=\"http:\/\/cfgs-c.jtmey.de\/austauschfahrten\/kunstnessebar_v2\" class=\"wp-image-761\" srcset=\"https:\/\/wordpress.nibis.de\/cfgs\/files\/kunstnessebar_v2.jpeg 410w, https:\/\/wordpress.nibis.de\/cfgs\/files\/kunstnessebar_v2-300x225.jpeg 300w, https:\/\/wordpress.nibis.de\/cfgs\/files\/kunstnessebar_v2-100x75.jpeg 100w\" sizes=\"auto, (max-width: 410px) 100vw, 410px\" \/><\/figure><\/li><\/ul><\/figure>\n\n\n\n<p><strong>Uganda<\/strong><br>Seit dem Schuljahr 2016 \/ 17 pflegen wir zwei Schulpartnerschaften mit der \u201eGgaba Progessive Nursery &amp; Primary School\u201c und der \u201eSaint Denis Ssebugwao Secondary School\u201c in Kampala, der Hauptstadt von Uganda. Per e-mail, Video- und Briefkontakt f\u00f6rdern wird den Austausch unserer SuS mit den SuS in Uganda. Da dieser Austausch ausschlie\u00dflich in englischer Sprache stattfindet, wird das Interesse unserer SuS, sowie deren sprachlichen Kompetenzen in der englischen Sprache gef\u00f6rdert.<br>Dieser Austausch und diese Partnerschaft f\u00f6rdern in besonderer Weise die V\u00f6lkerverst\u00e4ndigung und Tole-ranz.<\/p>\n","protected":false},"excerpt":{"rendered":"<p>FrankreichSeit 1995 pflegen wir an unserer Schule eine Schulpartnerschaft mit dem Coll\u00e8ge \u201eFran\u00e7ois Mauriac\u201c in unserer Partnergemeinde Houdan bei Paris. Alle zwei Jahre haben unsere Sch\u00fcler ab der 7.Klasse die<\/p>\n","protected":false},"author":277,"featured_media":0,"parent":0,"menu_order":0,"comment_status":"closed","ping_status":"closed","template":"","meta":{"footnotes":""},"class_list":["post-15","page","type-page","status-publish","hentry"],"_links":{"self":[{"href":"https:\/\/wordpress.nibis.de\/cfgs\/wp-json\/wp\/v2\/pages\/15","targetHints":{"allow":["GET"]}}],"collection":[{"href":"https:\/\/wordpress.nibis.de\/cfgs\/wp-json\/wp\/v2\/pages"}],"about":[{"href":"https:\/\/wordpress.nibis.de\/cfgs\/wp-json\/wp\/v2\/types\/page"}],"author":[{"embeddable":true,"href":"https:\/\/wordpress.nibis.de\/cfgs\/wp-json\/wp\/v2\/users\/277"}],"replies":[{"embeddable":true,"href":"https:\/\/wordpress.nibis.de\/cfgs\/wp-json\/wp\/v2\/comments?post=15"}],"version-history":[{"count":3,"href":"https:\/\/wordpress.nibis.de\/cfgs\/wp-json\/wp\/v2\/pages\/15\/revisions"}],"predecessor-version":[{"id":1208,"href":"https:\/\/wordpress.nibis.de\/cfgs\/wp-json\/wp\/v2\/pages\/15\/revisions\/1208"}],"wp:attachment":[{"href":"https:\/\/wordpress.nibis.de\/cfgs\/wp-json\/wp\/v2\/media?parent=15"}],"curies":[{"name":"wp","href":"https:\/\/api.w.org\/{rel}","templated":true}]}}

<p><strong>Frankreich</strong><br>Seit 1995 pflegen wir an unserer Schule eine Schulpartnerschaft mit dem Collège „François Mauriac“ in unserer Partnergemeinde Houdan bei Paris. Alle zwei Jahre haben unsere Schüler ab der 7.Klasse die Möglichkeit, an diesem Austausch teilzunehmen und ihre erworbenen Französischkenntnisse in Gastfamilie und Schule zu erproben und auszuweiten. Kultur und Lebensart unseres französischen Nachbarn werden so „en passant“ kennengelernt, und es entstehen hierbei oftmals bleibende Kontakte. Zum Abschluss des 5-jährigen Französischunterrichts an unserer Schule soll regelmäßig im 10. Jahrgang eine Studienfahrt nach Paris angeboten werden.</p>



<figure class="wp-block-gallery columns-3 wp-block-gallery-1 is-layout-flex wp-block-gallery-is-layout-flex"><ul class="blocks-gallery-grid"><li class="blocks-gallery-item"><figure><img loading="lazy" decoding="async" width="300" height="200" src="https://wordpress.nibis.de/cfgs/files/houdan_v1-300x200.jpeg" alt="" data-id="764" data-link="http://cfgs-c.jtmey.de/austauschfahrten/houdan_v1" class="wp-image-764" srcset="https://wordpress.nibis.de/cfgs/files/houdan_v1-300x200.jpeg 300w, https://wordpress.nibis.de/cfgs/files/houdan_v1.jpeg 410w" sizes="auto, (max-width: 300px) 100vw, 300px" /></figure></li><li class="blocks-gallery-item"><figure><img loading="lazy" decoding="async" width="300" height="200" src="https://wordpress.nibis.de/cfgs/files/houdan_v2-300x200.jpeg" alt="" data-id="765" data-link="http://cfgs-c.jtmey.de/austauschfahrten/houdan_v2" class="wp-image-765" srcset="https://wordpress.nibis.de/cfgs/files/houdan_v2-300x200.jpeg 300w, https://wordpress.nibis.de/cfgs/files/houdan_v2.jpeg 410w" sizes="auto, (max-width: 300px) 100vw, 300px" /></figure></li><li class="blocks-gallery-item"><figure><img loading="lazy" decoding="async" width="169" height="300" src="https://wordpress.nibis.de/cfgs/files/20170312_152653-169x300.jpg" alt="" data-id="1204" data-full-url="https://wordpress.nibis.de/cfgs/files/20170312_152653-scaled.jpg" data-link="https://wordpress.nibis.de/cfgs/austauschfahrten/20170312_152653/" class="wp-image-1204" srcset="https://wordpress.nibis.de/cfgs/files/20170312_152653-169x300.jpg 169w, https://wordpress.nibis.de/cfgs/files/20170312_152653-270x480.jpg 270w, https://wordpress.nibis.de/cfgs/files/20170312_152653-768x1365.jpg 768w, https://wordpress.nibis.de/cfgs/files/20170312_152653-864x1536.jpg 864w, https://wordpress.nibis.de/cfgs/files/20170312_152653-1152x2048.jpg 1152w, https://wordpress.nibis.de/cfgs/files/20170312_152653-scaled.jpg 1440w" sizes="auto, (max-width: 169px) 100vw, 169px" /></figure></li></ul></figure>



<p><strong>Spanien</strong><br>Jährlich bieten wir eine Sprachstudienreise nach Valencia in Spanien an. Im Mittelpunkt dieser Reise steht neben der Landeskunde die Anwendung und Verbesserung der spanischen Sprachkenntnisse.</p>



<p></p>



<p><strong>Großbritannien</strong><br>Während einer Studienfahrt nach London in Großbritannien können die Schüler des 8. – 10. Jahrgangs ihre Englischkenntnisse anwenden und vertiefen. Die Lebensweise und Kultur der Briten erfahren sie dabei unmittelbar.</p>



<p><strong>Bulgarien</strong><br>Schüler unserer Kunstkurse besuchen seit 2011 das „Internationale Jugendkunstfestival“ in Nessebar/Bulgarien. Hier beteiligen sich unsere Schüler zehn Tage lang gemeinsam mit 3000 anderen Jugendlichen aus unterschiedlichen Nationen an kreativen Projekten der bildenden Künste und sammeln bleibende Erfahrungen in multikultureller Teamarbeit. Unsere Schule hat wiederholt den Hauptpreis dieses renommierten Jugendkunstfestivals gewonnen</p>



<p></p>



<figure class="wp-block-gallery columns-3 is-cropped wp-block-gallery-2 is-layout-flex wp-block-gallery-is-layout-flex"><ul class="blocks-gallery-grid"><li class="blocks-gallery-item"><figure><img decoding="async" src="http://wordpress.nibis.de/cfgs/files/Gross-Schneer-Schueler-ueberzeugen-bei-Festival-in-Bulgarien-mit-Talent_big_teaser_article.jpg" alt="" data-id="759" data-full-url="http://wordpress.nibis.de/cfgs/files/Gross-Schneer-Schueler-ueberzeugen-bei-Festival-in-Bulgarien-mit-Talent_big_teaser_article.jpg" data-link="http://cfgs-c.jtmey.de/austauschfahrten/gross-schneer-schueler-ueberzeugen-bei-festival-in-bulgarien-mit-talent_big_teaser_article" class="wp-image-759" /></figure></li><li class="blocks-gallery-item"><figure><img loading="lazy" decoding="async" width="410" height="308" src="http://wordpress.nibis.de/cfgs/files/kunstnessebar_v1.jpeg" alt="" data-id="760" data-full-url="http://wordpress.nibis.de/cfgs/files/kunstnessebar_v1.jpeg" data-link="http://cfgs-c.jtmey.de/austauschfahrten/kunstnessebar_v1" class="wp-image-760" srcset="https://wordpress.nibis.de/cfgs/files/kunstnessebar_v1.jpeg 410w, https://wordpress.nibis.de/cfgs/files/kunstnessebar_v1-300x225.jpeg 300w, https://wordpress.nibis.de/cfgs/files/kunstnessebar_v1-100x75.jpeg 100w" sizes="auto, (max-width: 410px) 100vw, 410px" /></figure></li><li class="blocks-gallery-item"><figure><img loading="lazy" decoding="async" width="410" height="308" src="http://wordpress.nibis.de/cfgs/files/kunstnessebar_v2.jpeg" alt="" data-id="761" data-full-url="http://wordpress.nibis.de/cfgs/files/kunstnessebar_v2.jpeg" data-link="http://cfgs-c.jtmey.de/austauschfahrten/kunstnessebar_v2" class="wp-image-761" srcset="https://wordpress.nibis.de/cfgs/files/kunstnessebar_v2.jpeg 410w, https://wordpress.nibis.de/cfgs/files/kunstnessebar_v2-300x225.jpeg 300w, https://wordpress.nibis.de/cfgs/files/kunstnessebar_v2-100x75.jpeg 100w" sizes="auto, (max-width: 410px) 100vw, 410px" /></figure></li></ul></figure>



<p><strong>Uganda</strong><br>Seit dem Schuljahr 2016 / 17 pflegen wir zwei Schulpartnerschaften mit der „Ggaba Progessive Nursery &amp; Primary School“ und der „Saint Denis Ssebugwao Secondary School“ in Kampala, der Hauptstadt von Uganda. Per e-mail, Video- und Briefkontakt fördern wird den Austausch unserer SuS mit den SuS in Uganda. Da dieser Austausch ausschließlich in englischer Sprache stattfindet, wird das Interesse unserer SuS, sowie deren sprachlichen Kompetenzen in der englischen Sprache gefördert.<br>Dieser Austausch und diese Partnerschaft fördern in besonderer Weise die Völkerverständigung und Tole-ranz.</p>

<p>FrankreichSeit 1995 pflegen wir an unserer Schule eine Schulpartnerschaft mit dem Collège „François Mauriac“ in unserer Partnergemeinde Houdan bei Paris. Alle zwei Jahre haben unsere Schüler ab der 7.Klasse die</p>
