{"id":155,"date":"2020-04-21T14:54:00","date_gmt":"2020-04-21T12:54:00","guid":{"rendered":"http:\/\/cfgs.jtmey.de\/?page_id=155"},"modified":"2026-04-30T10:45:57","modified_gmt":"2026-04-30T08:45:57","slug":"anmeldung","status":"publish","type":"page","link":"https:\/\/wordpress.nibis.de\/cfgs\/anmeldung\/","title":{"rendered":"Anmeldung"},"content":{"rendered":"\n<h3 class=\"wp-block-heading has-tertiary-color has-text-color has-link-color has-large-font-size wp-elements-146d900fef64fa9359bfd22c162de83d\">Anmeldeformulare 2026\/27 <\/h3>\n\n\n\n<p class=\"has-medium-font-size\">Liebe Eltern und Erziehungsberechtigte, liebe Sch\u00fclerinnen und Sch\u00fcler,<\/p>\n\n\n\n<p class=\"has-medium-font-size\">wir freuen uns, dass Sie sich gemeinsam mit Ihrem Kind f\u00fcr die Anmeldung an unserer Schule entschieden haben. Unsere Schule versteht sich als Schule f\u00fcr die Region \u2013 f\u00fcr alle Kinder.<\/p>\n\n\n\n<p class=\"has-medium-font-size\">Damit Sie nicht alle Formulare ausdrucken m\u00fcssen, werden wir f\u00fcr Sie an unserem <span class=\"tadv-color\" style=\"color:#c43c1a\"><strong>\u201eTag der offenen T\u00fcr\u201c am Mittwoch, 15. April 2026,<\/strong>&nbsp;<strong>in der Zeit von 15 Uhr bis 18 Uhr<\/strong><\/span>,&nbsp;Anmeldemappen mit allen Vordrucken am Eingang bereitlegen und statten zus\u00e4tzlich die Grundschulen in unserem Einzugsgebiet anschlie\u00dfend mit weiteren Anmeldemappen aus. Nat\u00fcrlich k\u00f6nnen Sie sich alle Formulare auch selber ausdrucken, wenn Sie m\u00f6chten.   <br><br><mark style=\"background-color:#ffffff\" class=\"has-inline-color\"><strong>Download:<\/strong> <\/mark><a href=\"http:\/\/wordpress.nibis.de\/cfgs\/files\/Anmeldeunterlagen-2026-27-Stand-16.04.2026.pdf\" target=\"_blank\" rel=\"noreferrer noopener\"><mark style=\"background-color:#ffffff\" class=\"has-inline-color has-accent-color\">Anmeldeformulare 2026\/27<\/mark><\/a><\/p>\n\n\n\n<p class=\"has-black-color has-text-color has-link-color has-medium-font-size wp-elements-0bdeb6c3e0958988b32df79503093c51\">Unser <strong>Nachmeldetag<\/strong> findet in diesem Jahr am<span class=\"tadv-color\" style=\"color:#c43c1a\">\u00a0<strong>Montag, 11.05.2026 von 8 \u2013 14 Uhr<\/strong><\/span>\u00a0statt. Bitte kommen Sie an diesen Tagen mit Ihrem Kind und allen erforderlichen Unterlagen zu uns in die Schule. <\/p>\n\n\n\n<p class=\"has-link-color has-medium-font-size wp-elements-0c760c5536d58ae39c7965e8ee70e6ad\"><strong><em><span class=\"tadv-color\" style=\"color:#c43c1a\">Quereinsteiger<\/span><\/em><\/strong><em> <\/em><em><span class=\"tadv-color\" style=\"color:#c43c1a\"><\/span><\/em><em><span class=\"tadv-color\" style=\"color:#c43c1a\"><strong>von anderen Schulen <\/strong><\/span><\/em><em><span class=\"tadv-color\" style=\"color:#c43c1a\"><strong>ab Klasse 6,<\/strong> <\/span> die einen Schulwechsel von einer anderen Schule zu uns in Erw\u00e4gung ziehen, erkundigen sich bitte ausreichend fr\u00fchzeitig vor den Sommerferien  bei uns nach freien Schulpl\u00e4tzen. <\/em><\/p>\n\n\n\n<p class=\"has-link-color has-medium-font-size wp-elements-18e9186d60578ffd391b3fa7235d4d6c\">F\u00fcr R\u00fcckfragen zum Anmeldungsverfahren stehen wir Ihnen sehr gerne unter unserer Telefonnummer 05504 \u2013 80552-0 oder per E-Mail an&nbsp;<a href=\"ma&#105;&#108;&#116;&#x6f;&#x3a;&#x69;&#x6e;&#x66;o&#64;&#99;&#102;&#103;&#x73;&#x2e;&#x64;&#x65;\"><span class=\"tadv-color\" style=\"color:#000000\">&#105;&#x6e;&#x66;&#111;&#x40;&#x63;&#102;&#x67;&#x73;&#46;&#x64;&#x65;<\/span><\/a> zur Verf\u00fcgung.<\/p>\n\n\n\n<p class=\"has-link-color has-medium-font-size wp-elements-106dc4412e20f390e1532695d3b3cc91\">Wir verbleiben mit freundlichen Gr\u00fc\u00dfen<br><strong>Ihr Team der Carl-Friedrich-Gau\u00df-Schule in Gro\u00df Schneen<\/strong><\/p>\n\n\n\n<p><\/p>\n\n\n\n<p><\/p>\n\n\n\n<p><\/p>\n","protected":false},"excerpt":{"rendered":"<p>Anmeldeformulare 2026\/27 Liebe Eltern und Erziehungsberechtigte, liebe Sch\u00fclerinnen und Sch\u00fcler, wir freuen uns, dass Sie sich gemeinsam mit Ihrem Kind f\u00fcr die Anmeldung an unserer Schule entschieden haben. Unsere Schule<\/p>\n","protected":false},"author":9193668,"featured_media":0,"parent":0,"menu_order":0,"comment_status":"closed","ping_status":"closed","template":"","meta":{"footnotes":""},"class_list":["post-155","page","type-page","status-publish","hentry"],"_links":{"self":[{"href":"https:\/\/wordpress.nibis.de\/cfgs\/wp-json\/wp\/v2\/pages\/155","targetHints":{"allow":["GET"]}}],"collection":[{"href":"https:\/\/wordpress.nibis.de\/cfgs\/wp-json\/wp\/v2\/pages"}],"about":[{"href":"https:\/\/wordpress.nibis.de\/cfgs\/wp-json\/wp\/v2\/types\/page"}],"author":[{"embeddable":true,"href":"https:\/\/wordpress.nibis.de\/cfgs\/wp-json\/wp\/v2\/users\/9193668"}],"replies":[{"embeddable":true,"href":"https:\/\/wordpress.nibis.de\/cfgs\/wp-json\/wp\/v2\/comments?post=155"}],"version-history":[{"count":86,"href":"https:\/\/wordpress.nibis.de\/cfgs\/wp-json\/wp\/v2\/pages\/155\/revisions"}],"predecessor-version":[{"id":7634,"href":"https:\/\/wordpress.nibis.de\/cfgs\/wp-json\/wp\/v2\/pages\/155\/revisions\/7634"}],"wp:attachment":[{"href":"https:\/\/wordpress.nibis.de\/cfgs\/wp-json\/wp\/v2\/media?parent=155"}],"curies":[{"name":"wp","href":"https:\/\/api.w.org\/{rel}","templated":true}]}}