{"id":1906,"date":"2021-01-08T12:20:51","date_gmt":"2021-01-08T11:20:51","guid":{"rendered":"http:\/\/wordpress.nibis.de\/cfgs\/?page_id=1906"},"modified":"2021-02-28T20:01:25","modified_gmt":"2021-02-28T19:01:25","slug":"unterrichtszeiten","status":"publish","type":"page","link":"https:\/\/wordpress.nibis.de\/cfgs\/unterrichtszeiten\/","title":{"rendered":"Unterrichtszeiten"},"content":{"rendered":"\n<p>Unsere Schule ist f\u00fcr die ankommenden Fahrsch\u00fcler ab 7:15 Uhr ge\u00f6ffnet. Der Unterricht beginnt um 7:55 Uhr und endet um 15:30 Uhr. <\/p>\n\n\n\n<figure class=\"wp-block-table aligncenter is-style-stripes\"><table><thead><tr><th class=\"has-text-align-center\" data-align=\"center\">Unterrichtszeiten<\/th><\/tr><\/thead><tbody><tr><td class=\"has-text-align-center\" data-align=\"center\"><\/td><\/tr><tr><td class=\"has-text-align-center\" data-align=\"center\">1. Stunde: 7:55 Uhr \u2013 8:40 Uhr<\/td><\/tr><tr><td class=\"has-text-align-center\" data-align=\"center\">2. Stunde: 8:40 Uhr \u2013 9:25 Uhr<\/td><\/tr><tr><td class=\"has-text-align-center\" data-align=\"center\"><em>Pause<\/em><\/td><\/tr><tr><td class=\"has-text-align-center\" data-align=\"center\">3. Stunde: 9:45 Uhr \u2013 10:30 Uhr<\/td><\/tr><tr><td class=\"has-text-align-center\" data-align=\"center\">4. Stunde: 10:30 Uhr \u2013 11:15 Uhr<\/td><\/tr><tr><td class=\"has-text-align-center\" data-align=\"center\"><em>Pause<\/em><\/td><\/tr><tr><td class=\"has-text-align-center\" data-align=\"center\">5. Stunde: 11:35 Uhr \u2013 12:20 Uhr<\/td><\/tr><tr><td class=\"has-text-align-center\" data-align=\"center\">6. Stunde: 12:25 Uhr \u2013 13:10 Uhr<\/td><\/tr><tr><td class=\"has-text-align-center\" data-align=\"center\"><em>Mittagspause<\/em><\/td><\/tr><tr><td class=\"has-text-align-center\" data-align=\"center\">7. Stunde: 14:00 Uhr \u2013 14:45 Uhr<\/td><\/tr><tr><td class=\"has-text-align-center\" data-align=\"center\">8. Stunde: 14:45 Uhr \u2013 15:30 Uhr<\/td><\/tr><\/tbody><\/table><\/figure>\n\n\n\n<p>Der<strong> 5. und 6. Jahrgang<\/strong> hat montags und dienstags verpflichtend Nachmittagsunterricht bis 15:30 Uhr.<\/p>\n\n\n\n<p>Der<strong> 7., 8., 9. und 10. Jahrgang<\/strong> hat mittwochs und donnerstags verpflichtend Nachmittagsunterricht bis 15:30 Uhr.<\/p>\n\n\n\n<p>An den \u00fcbrigen Tagen endet der Unterricht nach der 6. Stunde um 13:10 Uhr. Wer freiwillig und zus\u00e4tzlich eine <a href=\"https:\/\/wordpress.nibis.de\/cfgs\/arbeitsgemeinschaften\/\">Arbeitsgemeinschaft<\/a> belegen m\u00f6chte, kann montags bis donnerstags von 14:00 Uhr bis 15:30 Uhr daran teilnehmen.<\/p>\n\n\n\n<div class=\"wp-block-group is-layout-flow wp-block-group-is-layout-flow\"><div class=\"wp-block-group__inner-container\"><\/div><\/div>\n\n\n\n<div class=\"wp-block-group is-layout-flow wp-block-group-is-layout-flow\"><div class=\"wp-block-group__inner-container\"><\/div><\/div>\n\n\n\n<p><\/p>\n","protected":false},"excerpt":{"rendered":"<p>Unsere Schule ist f\u00fcr die ankommenden Fahrsch\u00fcler ab 7:15 Uhr ge\u00f6ffnet. Der Unterricht beginnt um 7:55 Uhr und endet um 15:30 Uhr. Unterrichtszeiten 1. Stunde: 7:55 Uhr \u2013 8:40 Uhr<\/p>\n","protected":false},"author":9193666,"featured_media":0,"parent":0,"menu_order":0,"comment_status":"closed","ping_status":"closed","template":"","meta":{"footnotes":""},"class_list":["post-1906","page","type-page","status-publish","hentry"],"_links":{"self":[{"href":"https:\/\/wordpress.nibis.de\/cfgs\/wp-json\/wp\/v2\/pages\/1906","targetHints":{"allow":["GET"]}}],"collection":[{"href":"https:\/\/wordpress.nibis.de\/cfgs\/wp-json\/wp\/v2\/pages"}],"about":[{"href":"https:\/\/wordpress.nibis.de\/cfgs\/wp-json\/wp\/v2\/types\/page"}],"author":[{"embeddable":true,"href":"https:\/\/wordpress.nibis.de\/cfgs\/wp-json\/wp\/v2\/users\/9193666"}],"replies":[{"embeddable":true,"href":"https:\/\/wordpress.nibis.de\/cfgs\/wp-json\/wp\/v2\/comments?post=1906"}],"version-history":[{"count":20,"href":"https:\/\/wordpress.nibis.de\/cfgs\/wp-json\/wp\/v2\/pages\/1906\/revisions"}],"predecessor-version":[{"id":3643,"href":"https:\/\/wordpress.nibis.de\/cfgs\/wp-json\/wp\/v2\/pages\/1906\/revisions\/3643"}],"wp:attachment":[{"href":"https:\/\/wordpress.nibis.de\/cfgs\/wp-json\/wp\/v2\/media?parent=1906"}],"curies":[{"name":"wp","href":"https:\/\/api.w.org\/{rel}","templated":true}]}}

<p>Unsere Schule ist für die ankommenden Fahrschüler ab 7:15 Uhr geöffnet. Der Unterricht beginnt um 7:55 Uhr und endet um 15:30 Uhr. </p>



<figure class="wp-block-table aligncenter is-style-stripes"><table><thead><tr><th class="has-text-align-center" data-align="center">Unterrichtszeiten</th></tr></thead><tbody><tr><td class="has-text-align-center" data-align="center"></td></tr><tr><td class="has-text-align-center" data-align="center">1. Stunde: 7:55 Uhr – 8:40 Uhr</td></tr><tr><td class="has-text-align-center" data-align="center">2. Stunde: 8:40 Uhr – 9:25 Uhr</td></tr><tr><td class="has-text-align-center" data-align="center"><em>Pause</em></td></tr><tr><td class="has-text-align-center" data-align="center">3. Stunde: 9:45 Uhr – 10:30 Uhr</td></tr><tr><td class="has-text-align-center" data-align="center">4. Stunde: 10:30 Uhr – 11:15 Uhr</td></tr><tr><td class="has-text-align-center" data-align="center"><em>Pause</em></td></tr><tr><td class="has-text-align-center" data-align="center">5. Stunde: 11:35 Uhr – 12:20 Uhr</td></tr><tr><td class="has-text-align-center" data-align="center">6. Stunde: 12:25 Uhr – 13:10 Uhr</td></tr><tr><td class="has-text-align-center" data-align="center"><em>Mittagspause</em></td></tr><tr><td class="has-text-align-center" data-align="center">7. Stunde: 14:00 Uhr – 14:45 Uhr</td></tr><tr><td class="has-text-align-center" data-align="center">8. Stunde: 14:45 Uhr – 15:30 Uhr</td></tr></tbody></table></figure>



<p>Der<strong> 5. und 6. Jahrgang</strong> hat montags und dienstags verpflichtend Nachmittagsunterricht bis 15:30 Uhr.</p>



<p>Der<strong> 7., 8., 9. und 10. Jahrgang</strong> hat mittwochs und donnerstags verpflichtend Nachmittagsunterricht bis 15:30 Uhr.</p>



<p>An den übrigen Tagen endet der Unterricht nach der 6. Stunde um 13:10 Uhr. Wer freiwillig und zusätzlich eine <a href="https://wordpress.nibis.de/cfgs/arbeitsgemeinschaften/">Arbeitsgemeinschaft</a> belegen möchte, kann montags bis donnerstags von 14:00 Uhr bis 15:30 Uhr daran teilnehmen.</p>



<div class="wp-block-group is-layout-flow wp-block-group-is-layout-flow"><div class="wp-block-group__inner-container"></div></div>



<div class="wp-block-group is-layout-flow wp-block-group-is-layout-flow"><div class="wp-block-group__inner-container"></div></div>



<p></p>

<p>Unsere Schule ist für die ankommenden Fahrschüler ab 7:15 Uhr geöffnet. Der Unterricht beginnt um 7:55 Uhr und endet um 15:30 Uhr. Unterrichtszeiten 1. Stunde: 7:55 Uhr – 8:40 Uhr</p>
