{"id":1993,"date":"2021-01-13T12:19:32","date_gmt":"2021-01-13T11:19:32","guid":{"rendered":"http:\/\/wordpress.nibis.de\/cfgs\/?page_id=1993"},"modified":"2021-02-24T09:29:53","modified_gmt":"2021-02-24T08:29:53","slug":"weihnachtskonzert","status":"publish","type":"page","link":"https:\/\/wordpress.nibis.de\/cfgs\/weihnachtskonzert\/","title":{"rendered":"Weihnachtskonzert"},"content":{"rendered":"\n<p>Am 08.12.2019 fand unser erstes gro\u00dfes Weihnachtskonzert seit langer Zeit in unserer Schule statt. Vorausgegangen war f\u00fcr unsere Sch\u00fclerschaft eine <a href=\"https:\/\/wordpress.nibis.de\/cfgs\/musikstudienfahrt\/\">Musikstudienfahrt<\/a> ins Jugendg\u00e4stehaus Duderstadt. Hier hatten wir alle zusammen vier Tage lang die M\u00f6glichkeit, uns ausschlie\u00dflich auf die Musik zu konzentrieren und intensiv am Programm zu arbeiten. Neben unseren Jugendlichen des <a href=\"https:\/\/wordpress.nibis.de\/cfgs\/blaeserklasse-orchester\/\">Schulorchesters<\/a>, der <a href=\"https:\/\/wordpress.nibis.de\/cfgs\/blaeserklasse-orchester\/\">Bl\u00e4serklasse<\/a>, des <a href=\"https:\/\/wordpress.nibis.de\/cfgs\/musik-2\/\">Schulchores<\/a> und der <a href=\"https:\/\/wordpress.nibis.de\/cfgs\/musik-2\/\">Schulband<\/a> traten hierbei auch die Posaunench\u00f6re aus <a rel=\"noreferrer noopener\" href=\"https:\/\/www.friedland.de\/leben-in-friedland\/vereine\/evang.-posaunenchor235.html\" target=\"_blank\">Gro\u00df Schneen<\/a> und <a rel=\"noreferrer noopener\" href=\"https:\/\/www.friedland.de\/leben-in-friedland\/vereine\/posaunenchor-reckershausen.html\" target=\"_blank\">Reckershausen<\/a> sowie die <a rel=\"noreferrer noopener\" href=\"http:\/\/oberleinetaler.com\/\" target=\"_blank\">Original Oberleinetaler Musikanten<\/a> und der <a rel=\"noreferrer noopener\" href=\"https:\/\/www.friedland.de\/leben-in-friedland\/vereine\/ziegenchor-gross-schneen.html\" target=\"_blank\">Ziegenchor<\/a> auf. W\u00e4hrend des ca. dreist\u00fcndigen Programms, durch das unser ehemaliger Sch\u00fcler Fridolin Parth f\u00fchrte, hatten die G\u00e4ste dann die Gelegenheit, unsere Arbeitsergebnisse live zu sehen und zu h\u00f6ren. Zum Schluss des Konzertes wurden auch die Zuschauer zu Akteuren, indem wir alle zusammen ein von der Schulband begleitetes Weihnachtsmedley auff\u00fchrten und alle mitsingen durften.<\/p>\n\n\n\n<p>In der oberen Mensa wurde in der Pause und nach dem Konzert ein umfangreiches Kuchenbuffet angeboten (herzlichen Dank an dieser Stelle noch einmal f\u00fcr alle Kuchenspenden).<\/p>\n\n\n\n<p>Zum Schluss waren sich alle Akteure einig: Dieses Konzert soll sich dauerhaft an unserer Schule etablieren, denn nicht nur die Zuschauer, sondern auch die Kinder hatten einen riesen Spa\u00df!<\/p>\n\n\n\n<p><a href=\"https:\/\/www.youtube.com\/watch?v=XUJp63lzrM8\">Weihnachtskonzert 2019<\/a><\/p>\n","protected":false},"excerpt":{"rendered":"<p>Am 08.12.2019 fand unser erstes gro\u00dfes Weihnachtskonzert seit langer Zeit in unserer Schule statt. Vorausgegangen war f\u00fcr unsere Sch\u00fclerschaft eine Musikstudienfahrt ins Jugendg\u00e4stehaus Duderstadt. Hier hatten wir alle zusammen vier<\/p>\n","protected":false},"author":277,"featured_media":0,"parent":0,"menu_order":0,"comment_status":"closed","ping_status":"closed","template":"","meta":{"footnotes":""},"class_list":["post-1993","page","type-page","status-publish","hentry"],"_links":{"self":[{"href":"https:\/\/wordpress.nibis.de\/cfgs\/wp-json\/wp\/v2\/pages\/1993","targetHints":{"allow":["GET"]}}],"collection":[{"href":"https:\/\/wordpress.nibis.de\/cfgs\/wp-json\/wp\/v2\/pages"}],"about":[{"href":"https:\/\/wordpress.nibis.de\/cfgs\/wp-json\/wp\/v2\/types\/page"}],"author":[{"embeddable":true,"href":"https:\/\/wordpress.nibis.de\/cfgs\/wp-json\/wp\/v2\/users\/277"}],"replies":[{"embeddable":true,"href":"https:\/\/wordpress.nibis.de\/cfgs\/wp-json\/wp\/v2\/comments?post=1993"}],"version-history":[{"count":6,"href":"https:\/\/wordpress.nibis.de\/cfgs\/wp-json\/wp\/v2\/pages\/1993\/revisions"}],"predecessor-version":[{"id":3548,"href":"https:\/\/wordpress.nibis.de\/cfgs\/wp-json\/wp\/v2\/pages\/1993\/revisions\/3548"}],"wp:attachment":[{"href":"https:\/\/wordpress.nibis.de\/cfgs\/wp-json\/wp\/v2\/media?parent=1993"}],"curies":[{"name":"wp","href":"https:\/\/api.w.org\/{rel}","templated":true}]}}

<p>Am 08.12.2019 fand unser erstes großes Weihnachtskonzert seit langer Zeit in unserer Schule statt. Vorausgegangen war für unsere Schülerschaft eine <a href="https://wordpress.nibis.de/cfgs/musikstudienfahrt/">Musikstudienfahrt</a> ins Jugendgästehaus Duderstadt. Hier hatten wir alle zusammen vier Tage lang die Möglichkeit, uns ausschließlich auf die Musik zu konzentrieren und intensiv am Programm zu arbeiten. Neben unseren Jugendlichen des <a href="https://wordpress.nibis.de/cfgs/blaeserklasse-orchester/">Schulorchesters</a>, der <a href="https://wordpress.nibis.de/cfgs/blaeserklasse-orchester/">Bläserklasse</a>, des <a href="https://wordpress.nibis.de/cfgs/musik-2/">Schulchores</a> und der <a href="https://wordpress.nibis.de/cfgs/musik-2/">Schulband</a> traten hierbei auch die Posaunenchöre aus <a rel="noreferrer noopener" href="https://www.friedland.de/leben-in-friedland/vereine/evang.-posaunenchor235.html" target="_blank">Groß Schneen</a> und <a rel="noreferrer noopener" href="https://www.friedland.de/leben-in-friedland/vereine/posaunenchor-reckershausen.html" target="_blank">Reckershausen</a> sowie die <a rel="noreferrer noopener" href="http://oberleinetaler.com/" target="_blank">Original Oberleinetaler Musikanten</a> und der <a rel="noreferrer noopener" href="https://www.friedland.de/leben-in-friedland/vereine/ziegenchor-gross-schneen.html" target="_blank">Ziegenchor</a> auf. Während des ca. dreistündigen Programms, durch das unser ehemaliger Schüler Fridolin Parth führte, hatten die Gäste dann die Gelegenheit, unsere Arbeitsergebnisse live zu sehen und zu hören. Zum Schluss des Konzertes wurden auch die Zuschauer zu Akteuren, indem wir alle zusammen ein von der Schulband begleitetes Weihnachtsmedley aufführten und alle mitsingen durften.</p>



<p>In der oberen Mensa wurde in der Pause und nach dem Konzert ein umfangreiches Kuchenbuffet angeboten (herzlichen Dank an dieser Stelle noch einmal für alle Kuchenspenden).</p>



<p>Zum Schluss waren sich alle Akteure einig: Dieses Konzert soll sich dauerhaft an unserer Schule etablieren, denn nicht nur die Zuschauer, sondern auch die Kinder hatten einen riesen Spaß!</p>



<p><a href="https://www.youtube.com/watch?v=XUJp63lzrM8">Weihnachtskonzert 2019</a></p>

<p>Am 08.12.2019 fand unser erstes großes Weihnachtskonzert seit langer Zeit in unserer Schule statt. Vorausgegangen war für unsere Schülerschaft eine Musikstudienfahrt ins Jugendgästehaus Duderstadt. Hier hatten wir alle zusammen vier</p>
