{"id":21,"date":"2020-03-05T13:47:22","date_gmt":"2020-03-05T13:47:22","guid":{"rendered":"http:\/\/cfgs.jtmey.de\/?page_id=21"},"modified":"2021-01-17T18:31:03","modified_gmt":"2021-01-17T17:31:03","slug":"themenwoche-erwachsen-werden","status":"publish","type":"page","link":"https:\/\/wordpress.nibis.de\/cfgs\/themenwoche-erwachsen-werden\/","title":{"rendered":"Themenwoche &#8222;Erwachsen werden&#8220;"},"content":{"rendered":"\n<p>In jedem Schuljahr f\u00fchren wir eine jahrgangsbezogene Themenwoche zu alterstypischen Themen durch. Mit dieser Themenwoche unterst\u00fctzen wir pr\u00e4ventiv die Gesundheit und Entwicklung, sowie nachhaltig die <a href=\"https:\/\/www.verbraucherbildung.de\/verbraucherschule\" target=\"_blank\" rel=\"noreferrer noopener\">Verbraucherbildung<\/a> unserer Sch\u00fcler. <\/p>\n\n\n\n<p>Die Themenwoche &#8222;<strong>Erwachsen werden<\/strong>&#8220; findet in allen Jahrgangsstufen zu unterschiedlichen Aspekten statt, welche jeweils dem Alter und der Lebenswirklichkeit der Sch\u00fclerinnen und Sch\u00fcler angepasst sind.<\/p>\n\n\n\n<p>Im <strong>5. Jahrgang<\/strong> besch\u00e4ftigen sich die Lernenden mit dem Thema <strong>&#8222;Das  &#8222;WIR&#8220; st\u00e4rken&#8220;<\/strong>. Sie erarbeiten und trainieren angemessene Verhaltensweisen und lernen  in der (Klassen-) Gemeinschaft sozial respekt- und r\u00fccksichtsvoll zu interagieren.  <\/p>\n\n\n\n<p>Im <strong>6. Jahrgang<\/strong> wird das Thema <strong>&#8222;Digitale Medien\/ social media&#8220;<\/strong> bearbeitet. Die Lernenden informieren sich \u00fcber die Gefahren und den Nutzen der Neuen Medien. Sie f\u00fchren hierzu Workshops zu den den Themen Cybermobbing und Handynutzung durch. Themen wie &#8222;Abzocke&#8220; und Computerspielsucht werden auch begleitend durch externe Trainer und Theaterst\u00fccke thematisiert. <\/p>\n\n\n\n<p>Im <strong>7. Jahrgang<\/strong> setzen sich die Jugendlichen mit dem Thema <strong>&#8222;Suchtpr\u00e4vention&#8220;<\/strong> auseinander und lernen die Gefahren eines Drogenkonsums kennen. Die Erarbeitung dieser Thematik wird auch durch externe Fachkr\u00e4fte wie z.B. die Drogenpr\u00e4ventionsstelle der Polizei unterst\u00fctzt. <\/p>\n\n\n\n<p>Im<strong> 8. Jahrgang<\/strong> steht das Thema <strong>&#8222;Sexualit\u00e4t \/ Verh\u00fctung \/ Ern\u00e4hrung&#8220;<\/strong> auf dem Programm. Die Lernenden erarbeiten diese Thematik in Workshops und lernen wichtige institutionelle Ansprechpartner wie zum Beispiel &#8222;Pro Familia&#8220; u.a. kennen. Sie werden \u00fcber sozialrechtliche und spezifische rechtliche Fragestellungen unterrichtet. Die Ern\u00e4hrungsberatung erfolgt praktisch und in Kooperation mit den Krankenkassen.<\/p>\n\n\n\n<p>Im <strong>9. Jahrgang<\/strong> geht es um das Thema <strong>&#8222;Auf eigenen F\u00fc\u00dfen stehen \/ Eintritt ins Leben&#8220;<\/strong>. Die Sch\u00fclerinnen und Sch\u00fcler besch\u00e4ftigen sich mit der Berufswahl und erhalten Informationen zum Start ins eigenverantwortliche Leben. Wie erstelle ich meine erste eigene Steuererkl\u00e4rung, welche Versicherungen brauche ich, was muss ich beim Abschluss eines Mietvertrages beachten, wozu brauche ich ein Girokonto? Auf all diese Fragen gibt es ein Jahr vor Ende der Schulzeit Antworten. <\/p>\n\n\n\n<p>Im <strong>10. Jahrgang<\/strong> besch\u00e4ftigen sich unsere Lernenden mit ihrer Rolle als vollwertiges Mitglied unserer Gesellschaft. Sie setzen sich mit den M\u00f6glichkeiten der gesellschaftlichen Teilhabe und politischen Partizipation auseinander. Im Mittelpunkt dieser Themenwoche steht die Frage: &#8222;Was kann ich f\u00fcr unsere Gesellschaft tun?&#8220;<\/p>\n\n\n\n<p>Die Themenwoche wird in jedem Jahrgang durch eine Pr\u00e4sentation der erarbeiteten Ergebnisse beendet.<\/p>\n","protected":false},"excerpt":{"rendered":"<p>In jedem Schuljahr f\u00fchren wir eine jahrgangsbezogene Themenwoche zu alterstypischen Themen durch. Mit dieser Themenwoche unterst\u00fctzen wir pr\u00e4ventiv die Gesundheit und Entwicklung, sowie nachhaltig die Verbraucherbildung unserer Sch\u00fcler. Die Themenwoche<\/p>\n","protected":false},"author":277,"featured_media":0,"parent":0,"menu_order":0,"comment_status":"closed","ping_status":"closed","template":"","meta":{"footnotes":""},"class_list":["post-21","page","type-page","status-publish","hentry"],"_links":{"self":[{"href":"https:\/\/wordpress.nibis.de\/cfgs\/wp-json\/wp\/v2\/pages\/21","targetHints":{"allow":["GET"]}}],"collection":[{"href":"https:\/\/wordpress.nibis.de\/cfgs\/wp-json\/wp\/v2\/pages"}],"about":[{"href":"https:\/\/wordpress.nibis.de\/cfgs\/wp-json\/wp\/v2\/types\/page"}],"author":[{"embeddable":true,"href":"https:\/\/wordpress.nibis.de\/cfgs\/wp-json\/wp\/v2\/users\/277"}],"replies":[{"embeddable":true,"href":"https:\/\/wordpress.nibis.de\/cfgs\/wp-json\/wp\/v2\/comments?post=21"}],"version-history":[{"count":9,"href":"https:\/\/wordpress.nibis.de\/cfgs\/wp-json\/wp\/v2\/pages\/21\/revisions"}],"predecessor-version":[{"id":2550,"href":"https:\/\/wordpress.nibis.de\/cfgs\/wp-json\/wp\/v2\/pages\/21\/revisions\/2550"}],"wp:attachment":[{"href":"https:\/\/wordpress.nibis.de\/cfgs\/wp-json\/wp\/v2\/media?parent=21"}],"curies":[{"name":"wp","href":"https:\/\/api.w.org\/{rel}","templated":true}]}}

<p>In jedem Schuljahr führen wir eine jahrgangsbezogene Themenwoche zu alterstypischen Themen durch. Mit dieser Themenwoche unterstützen wir präventiv die Gesundheit und Entwicklung, sowie nachhaltig die <a href="https://www.verbraucherbildung.de/verbraucherschule" target="_blank" rel="noreferrer noopener">Verbraucherbildung</a> unserer Schüler. </p>



<p>Die Themenwoche &#8222;<strong>Erwachsen werden</strong>&#8220; findet in allen Jahrgangsstufen zu unterschiedlichen Aspekten statt, welche jeweils dem Alter und der Lebenswirklichkeit der Schülerinnen und Schüler angepasst sind.</p>



<p>Im <strong>5. Jahrgang</strong> beschäftigen sich die Lernenden mit dem Thema <strong>&#8222;Das  &#8222;WIR&#8220; stärken&#8220;</strong>. Sie erarbeiten und trainieren angemessene Verhaltensweisen und lernen  in der (Klassen-) Gemeinschaft sozial respekt- und rücksichtsvoll zu interagieren.  </p>



<p>Im <strong>6. Jahrgang</strong> wird das Thema <strong>&#8222;Digitale Medien/ social media&#8220;</strong> bearbeitet. Die Lernenden informieren sich über die Gefahren und den Nutzen der Neuen Medien. Sie führen hierzu Workshops zu den den Themen Cybermobbing und Handynutzung durch. Themen wie &#8222;Abzocke&#8220; und Computerspielsucht werden auch begleitend durch externe Trainer und Theaterstücke thematisiert. </p>



<p>Im <strong>7. Jahrgang</strong> setzen sich die Jugendlichen mit dem Thema <strong>&#8222;Suchtprävention&#8220;</strong> auseinander und lernen die Gefahren eines Drogenkonsums kennen. Die Erarbeitung dieser Thematik wird auch durch externe Fachkräfte wie z.B. die Drogenpräventionsstelle der Polizei unterstützt. </p>



<p>Im<strong> 8. Jahrgang</strong> steht das Thema <strong>&#8222;Sexualität / Verhütung / Ernährung&#8220;</strong> auf dem Programm. Die Lernenden erarbeiten diese Thematik in Workshops und lernen wichtige institutionelle Ansprechpartner wie zum Beispiel &#8222;Pro Familia&#8220; u.a. kennen. Sie werden über sozialrechtliche und spezifische rechtliche Fragestellungen unterrichtet. Die Ernährungsberatung erfolgt praktisch und in Kooperation mit den Krankenkassen.</p>



<p>Im <strong>9. Jahrgang</strong> geht es um das Thema <strong>&#8222;Auf eigenen Füßen stehen / Eintritt ins Leben&#8220;</strong>. Die Schülerinnen und Schüler beschäftigen sich mit der Berufswahl und erhalten Informationen zum Start ins eigenverantwortliche Leben. Wie erstelle ich meine erste eigene Steuererklärung, welche Versicherungen brauche ich, was muss ich beim Abschluss eines Mietvertrages beachten, wozu brauche ich ein Girokonto? Auf all diese Fragen gibt es ein Jahr vor Ende der Schulzeit Antworten. </p>



<p>Im <strong>10. Jahrgang</strong> beschäftigen sich unsere Lernenden mit ihrer Rolle als vollwertiges Mitglied unserer Gesellschaft. Sie setzen sich mit den Möglichkeiten der gesellschaftlichen Teilhabe und politischen Partizipation auseinander. Im Mittelpunkt dieser Themenwoche steht die Frage: &#8222;Was kann ich für unsere Gesellschaft tun?&#8220;</p>



<p>Die Themenwoche wird in jedem Jahrgang durch eine Präsentation der erarbeiteten Ergebnisse beendet.</p>

<p>In jedem Schuljahr führen wir eine jahrgangsbezogene Themenwoche zu alterstypischen Themen durch. Mit dieser Themenwoche unterstützen wir präventiv die Gesundheit und Entwicklung, sowie nachhaltig die Verbraucherbildung unserer Schüler. Die Themenwoche</p>
