{"id":2125,"date":"2021-01-13T16:40:21","date_gmt":"2021-01-13T15:40:21","guid":{"rendered":"http:\/\/wordpress.nibis.de\/cfgs\/?page_id=2125"},"modified":"2021-01-15T15:35:56","modified_gmt":"2021-01-15T14:35:56","slug":"gestaltendes-werken","status":"publish","type":"page","link":"https:\/\/wordpress.nibis.de\/cfgs\/gestaltendes-werken\/","title":{"rendered":"Gestaltendes Werken"},"content":{"rendered":"\n<p>Der Unterricht im Fach Gestaltendes Werken soll der Sch\u00fclerschaft Erfahrungen im Umgang mit verschiedenen Materialien, Werkzeugen und Verfahren vermitteln. Sie lernen ihre F\u00e4higkeiten und Fertigkeiten kennen, arbeiten mit ihren H\u00e4nden, Werkzeugen und Maschinen. Diese wertvollen Erfahrungen k\u00f6nnen im Alltag und sp\u00e4ter bei der Berufswahl sehr n\u00fctzlich sein.<\/p>\n\n\n\n<p>Gestaltendes Werken wird f\u00fcr unsere gesamte Sch\u00fclerschaft als <a href=\"https:\/\/wordpress.nibis.de\/cfgs\/wahlpflichtkurse\/\">Wahlpflichtkurs<\/a> und im <a href=\"https:\/\/wordpress.nibis.de\/cfgs\/arbeitsgemeinschaften\/\">AG-Bereich <\/a>angeboten. Die Holz- und die Metallbearbeitung stehen hier im Fokus.<\/p>\n","protected":false},"excerpt":{"rendered":"<p>Der Unterricht im Fach Gestaltendes Werken soll der Sch\u00fclerschaft Erfahrungen im Umgang mit verschiedenen Materialien, Werkzeugen und Verfahren vermitteln. Sie lernen ihre F\u00e4higkeiten und Fertigkeiten kennen, arbeiten mit ihren H\u00e4nden,<\/p>\n","protected":false},"author":277,"featured_media":0,"parent":0,"menu_order":0,"comment_status":"closed","ping_status":"closed","template":"","meta":{"footnotes":""},"class_list":["post-2125","page","type-page","status-publish","hentry"],"_links":{"self":[{"href":"https:\/\/wordpress.nibis.de\/cfgs\/wp-json\/wp\/v2\/pages\/2125","targetHints":{"allow":["GET"]}}],"collection":[{"href":"https:\/\/wordpress.nibis.de\/cfgs\/wp-json\/wp\/v2\/pages"}],"about":[{"href":"https:\/\/wordpress.nibis.de\/cfgs\/wp-json\/wp\/v2\/types\/page"}],"author":[{"embeddable":true,"href":"https:\/\/wordpress.nibis.de\/cfgs\/wp-json\/wp\/v2\/users\/277"}],"replies":[{"embeddable":true,"href":"https:\/\/wordpress.nibis.de\/cfgs\/wp-json\/wp\/v2\/comments?post=2125"}],"version-history":[{"count":2,"href":"https:\/\/wordpress.nibis.de\/cfgs\/wp-json\/wp\/v2\/pages\/2125\/revisions"}],"predecessor-version":[{"id":2269,"href":"https:\/\/wordpress.nibis.de\/cfgs\/wp-json\/wp\/v2\/pages\/2125\/revisions\/2269"}],"wp:attachment":[{"href":"https:\/\/wordpress.nibis.de\/cfgs\/wp-json\/wp\/v2\/media?parent=2125"}],"curies":[{"name":"wp","href":"https:\/\/api.w.org\/{rel}","templated":true}]}}