{"id":2129,"date":"2021-01-13T16:40:47","date_gmt":"2021-01-13T15:40:47","guid":{"rendered":"http:\/\/wordpress.nibis.de\/cfgs\/?page_id=2129"},"modified":"2021-02-12T12:27:14","modified_gmt":"2021-02-12T11:27:14","slug":"hauswirtschaft","status":"publish","type":"page","link":"https:\/\/wordpress.nibis.de\/cfgs\/hauswirtschaft\/","title":{"rendered":"Hauswirtschaft"},"content":{"rendered":"\n<p><em>\u201eDer Bildungsauftrag des Faches Hauswirtschaft zielt auf den Erwerb von Ern\u00e4hrungs-, Gesundheits- und Konsumkompetenzen als kulturelle Kompetenzen. Daher leistet das Fach einen wichtigen Beitrag<br>zur Gesundheitserhaltung der Sch\u00fclerinnen und Sch\u00fcler.\u201c<\/em> (KC HW 2012)<br><br>Unsere Sch\u00fclerschaft des Realschulzweiges belegt verpflichtend im 7.\/8. Jahrgang <em>Hauswirtschaft<\/em> als <a href=\"https:\/\/wordpress.nibis.de\/cfgs\/wahlpflicht-und-profilkurse\/\">Wahlpflichtkurs<\/a> f\u00fcr mindestens ein halbes Jahr. Vertiefend kann dann ab dem 9. Schuljahr der <a href=\"https:\/\/wordpress.nibis.de\/cfgs\/wahlpflicht-und-profilkurse\/\">Profilkurs<\/a> <em>Gesundheit und Soziales<\/em> belegt werden.<br><br>Im Mittelpunkt des Unterrichts steht vordergr\u00fcndig die Freude am praktischen Tun, obwohl sich die praktische Zubereitung der Speisen immer mit der Theorie, z.B. der Funktionsweise des Herdes, abwechselt.<br>Themen in Hauswirtschaft sind:<\/p>\n\n\n\n<ul class=\"wp-block-list\"><li>Pl\u00e4tzchenbacken im Advent<\/li><li>Marmeladekochen im Herbst<\/li><li>Buchweizen und Co.: Muss es immer Fleisch sein?<\/li><li>Ern\u00e4hrungs- und Tagesleistungskurve: Ist das Fr\u00fchst\u00fccken n\u00f6tig?<\/li><li>Regionale, nationale und internationale Tischsitten<\/li><li>sensorische Pr\u00fcfung von Brotqualit\u00e4ten, Orangensaftgetr\u00e4nken und Schokolade<\/li><li>Achtung! Verbraucherfallen im Supermarkt!<\/li><\/ul>\n\n\n\n<p><\/p>\n","protected":false},"excerpt":{"rendered":"<p>\u201eDer Bildungsauftrag des Faches Hauswirtschaft zielt auf den Erwerb von Ern\u00e4hrungs-, Gesundheits- und Konsumkompetenzen als kulturelle Kompetenzen. Daher leistet das Fach einen wichtigen Beitragzur Gesundheitserhaltung der Sch\u00fclerinnen und Sch\u00fcler.\u201c (KC<\/p>\n","protected":false},"author":9193449,"featured_media":0,"parent":0,"menu_order":0,"comment_status":"closed","ping_status":"closed","template":"","meta":{"footnotes":""},"class_list":["post-2129","page","type-page","status-publish","hentry"],"_links":{"self":[{"href":"https:\/\/wordpress.nibis.de\/cfgs\/wp-json\/wp\/v2\/pages\/2129","targetHints":{"allow":["GET"]}}],"collection":[{"href":"https:\/\/wordpress.nibis.de\/cfgs\/wp-json\/wp\/v2\/pages"}],"about":[{"href":"https:\/\/wordpress.nibis.de\/cfgs\/wp-json\/wp\/v2\/types\/page"}],"author":[{"embeddable":true,"href":"https:\/\/wordpress.nibis.de\/cfgs\/wp-json\/wp\/v2\/users\/9193449"}],"replies":[{"embeddable":true,"href":"https:\/\/wordpress.nibis.de\/cfgs\/wp-json\/wp\/v2\/comments?post=2129"}],"version-history":[{"count":4,"href":"https:\/\/wordpress.nibis.de\/cfgs\/wp-json\/wp\/v2\/pages\/2129\/revisions"}],"predecessor-version":[{"id":3200,"href":"https:\/\/wordpress.nibis.de\/cfgs\/wp-json\/wp\/v2\/pages\/2129\/revisions\/3200"}],"wp:attachment":[{"href":"https:\/\/wordpress.nibis.de\/cfgs\/wp-json\/wp\/v2\/media?parent=2129"}],"curies":[{"name":"wp","href":"https:\/\/api.w.org\/{rel}","templated":true}]}}