{"id":222,"date":"2020-03-05T13:45:22","date_gmt":"2020-03-05T13:45:22","guid":{"rendered":"http:\/\/cfgs.jtmey.de\/?page_id=13"},"modified":"2021-01-21T09:03:32","modified_gmt":"2021-01-21T08:03:32","slug":"wahlpflicht-und-profilkurse","status":"publish","type":"page","link":"https:\/\/wordpress.nibis.de\/cfgs\/wahlpflicht-und-profilkurse\/","title":{"rendered":"Wahlpflicht- und Profilkurse"},"content":{"rendered":"\n<p>In unserem Haupt- und Realschulzweig m\u00fcssen die Kinder und Jugendlichen Wahlpflichtkurse anw\u00e4hlen: <\/p>\n\n\n\n<p class=\"has-text-align-center\"><strong>6.-8. Jahrgang: Wahlpflichtkurse<\/strong>:<\/p>\n\n\n\n<p>Im <strong>Hauptschulzweig <\/strong>wird pro Schuljahr ein Kurs gew\u00e4hlt, der als Doppelstunde in den Stundenplan integriert wird. Das Angebot orientiert sich an den Interessengebieten unserer Lernenden und kann von Schuljahr zu Schuljahr leicht variieren.<\/p>\n\n\n\n<p>Im <strong>Realschulzweig<\/strong> werden pro Schuljahr zwei verschiedene Kurse gew\u00e4hlt, welche als Doppelstunden in den Stundenplan integriert werden. Das Angebot orientiert sich an den Interessengebieten unserer Lernenden und kann von Schuljahr zu Schuljahr leicht variieren.<\/p>\n\n\n\n<p>ODER<\/p>\n\n\n\n<p>Die Lernenden entscheiden sich dazu, eine <a href=\"https:\/\/wordpress.nibis.de\/cfgs\/franzoesisch\/\">zweite Fremdsprache<\/a> zu erlernen. An unserer Schule wird Franz\u00f6sisch und Spanisch als zweite Fremdsprache  angeboten, der Unterricht findet in Form eines vierst\u00fcndigen Wahlpflichtkurses statt. Die Leistungen in diesem Fach werden wie in den Hauptf\u00e4chern bewertet. Die Anwahl einer zweiten Fremdsprache wird besonders denjenigen empfohlen, deren Leistungen in den F\u00e4chern Deutsch und Englisch mindestens im befriedigenden Bereich liegen.<\/p>\n\n\n\n<p>Die zweite Fremdsprache ist Voraussetzung f\u00fcr einen eventuellen Wechsel in den Gymnasialzweig unserer Schule. <\/p>\n\n\n\n<p>Ein Wechsel in die gymnasiale Oberstufe kann nach Erwerb des <a href=\"https:\/\/wordpress.nibis.de\/cfgs\/abschluesse\/\">Erweiterten Realschulabschlusses<\/a> jedoch auch erfolgen, wenn in den Jahrg\u00e4ngen 6 &#8211; 10 keine zweite Fremdsprache belegt worden ist. Sie muss dann allerdings ab der Einf\u00fchrungsphase der Oberstufe (11.Klasse) erlernt werden.<\/p>\n\n\n\n<p><\/p>\n\n\n\n<p class=\"has-text-align-center\"><strong> 9. und 10. Jahrgang: Profilkurse<\/strong><\/p>\n\n\n\n<p>F\u00fcr die letzten zwei Schuljahre erfolgt eine Schwerpunktbildung bei den Wahlpflichtkursen: Am Ende der 8. Klasse entscheiden sich die Lernenden f\u00fcr ein bestimmtes Profil und belegen die entsprechenden Kurse dazu in der 9. und 10. Klasse durchg\u00e4ngig vierst\u00fcndig. Sie k\u00f6nnen dabei zwischen den Profilen \u201eGesundheit und Soziales\u201c, \u201eWirtschaft\u201c, \u201eTechnik\u201c oder \u201e<a href=\"https:\/\/wordpress.nibis.de\/cfgs\/zweite-fremdsprache-franzoesisch-oder-spanisch\/\">Sprachen<\/a>\u201c w\u00e4hlen. Das sprachliche Profil kann nur anw\u00e4hlen, wer zuvor durchg\u00e4ngig am Unterricht in der 2. Fremdsprache teilgenommen hat.<\/p>\n\n\n\n<p><\/p>\n","protected":false},"excerpt":{"rendered":"<p>In unserem Haupt- und Realschulzweig m\u00fcssen die Kinder und Jugendlichen Wahlpflichtkurse anw\u00e4hlen: 6.-8. Jahrgang: Wahlpflichtkurse: Im Hauptschulzweig wird pro Schuljahr ein Kurs gew\u00e4hlt, der als Doppelstunde in den Stundenplan integriert<\/p>\n","protected":false},"author":9193717,"featured_media":0,"parent":0,"menu_order":0,"comment_status":"closed","ping_status":"closed","template":"","meta":{"footnotes":""},"class_list":["post-222","page","type-page","status-publish","hentry"],"_links":{"self":[{"href":"https:\/\/wordpress.nibis.de\/cfgs\/wp-json\/wp\/v2\/pages\/222","targetHints":{"allow":["GET"]}}],"collection":[{"href":"https:\/\/wordpress.nibis.de\/cfgs\/wp-json\/wp\/v2\/pages"}],"about":[{"href":"https:\/\/wordpress.nibis.de\/cfgs\/wp-json\/wp\/v2\/types\/page"}],"author":[{"embeddable":true,"href":"https:\/\/wordpress.nibis.de\/cfgs\/wp-json\/wp\/v2\/users\/9193717"}],"replies":[{"embeddable":true,"href":"https:\/\/wordpress.nibis.de\/cfgs\/wp-json\/wp\/v2\/comments?post=222"}],"version-history":[{"count":9,"href":"https:\/\/wordpress.nibis.de\/cfgs\/wp-json\/wp\/v2\/pages\/222\/revisions"}],"predecessor-version":[{"id":2679,"href":"https:\/\/wordpress.nibis.de\/cfgs\/wp-json\/wp\/v2\/pages\/222\/revisions\/2679"}],"wp:attachment":[{"href":"https:\/\/wordpress.nibis.de\/cfgs\/wp-json\/wp\/v2\/media?parent=222"}],"curies":[{"name":"wp","href":"https:\/\/api.w.org\/{rel}","templated":true}]}}

<p>In unserem Haupt- und Realschulzweig müssen die Kinder und Jugendlichen Wahlpflichtkurse anwählen: </p>



<p class="has-text-align-center"><strong>6.-8. Jahrgang: Wahlpflichtkurse</strong>:</p>



<p>Im <strong>Hauptschulzweig </strong>wird pro Schuljahr ein Kurs gewählt, der als Doppelstunde in den Stundenplan integriert wird. Das Angebot orientiert sich an den Interessengebieten unserer Lernenden und kann von Schuljahr zu Schuljahr leicht variieren.</p>



<p>Im <strong>Realschulzweig</strong> werden pro Schuljahr zwei verschiedene Kurse gewählt, welche als Doppelstunden in den Stundenplan integriert werden. Das Angebot orientiert sich an den Interessengebieten unserer Lernenden und kann von Schuljahr zu Schuljahr leicht variieren.</p>



<p>ODER</p>



<p>Die Lernenden entscheiden sich dazu, eine <a href="https://wordpress.nibis.de/cfgs/franzoesisch/">zweite Fremdsprache</a> zu erlernen. An unserer Schule wird Französisch und Spanisch als zweite Fremdsprache  angeboten, der Unterricht findet in Form eines vierstündigen Wahlpflichtkurses statt. Die Leistungen in diesem Fach werden wie in den Hauptfächern bewertet. Die Anwahl einer zweiten Fremdsprache wird besonders denjenigen empfohlen, deren Leistungen in den Fächern Deutsch und Englisch mindestens im befriedigenden Bereich liegen.</p>



<p>Die zweite Fremdsprache ist Voraussetzung für einen eventuellen Wechsel in den Gymnasialzweig unserer Schule. </p>



<p>Ein Wechsel in die gymnasiale Oberstufe kann nach Erwerb des <a href="https://wordpress.nibis.de/cfgs/abschluesse/">Erweiterten Realschulabschlusses</a> jedoch auch erfolgen, wenn in den Jahrgängen 6 &#8211; 10 keine zweite Fremdsprache belegt worden ist. Sie muss dann allerdings ab der Einführungsphase der Oberstufe (11.Klasse) erlernt werden.</p>



<p></p>



<p class="has-text-align-center"><strong> 9. und 10. Jahrgang: Profilkurse</strong></p>



<p>Für die letzten zwei Schuljahre erfolgt eine Schwerpunktbildung bei den Wahlpflichtkursen: Am Ende der 8. Klasse entscheiden sich die Lernenden für ein bestimmtes Profil und belegen die entsprechenden Kurse dazu in der 9. und 10. Klasse durchgängig vierstündig. Sie können dabei zwischen den Profilen „Gesundheit und Soziales“, „Wirtschaft“, „Technik“ oder „<a href="https://wordpress.nibis.de/cfgs/zweite-fremdsprache-franzoesisch-oder-spanisch/">Sprachen</a>“ wählen. Das sprachliche Profil kann nur anwählen, wer zuvor durchgängig am Unterricht in der 2. Fremdsprache teilgenommen hat.</p>



<p></p>

<p>In unserem Haupt- und Realschulzweig müssen die Kinder und Jugendlichen Wahlpflichtkurse anwählen: 6.-8. Jahrgang: Wahlpflichtkurse: Im Hauptschulzweig wird pro Schuljahr ein Kurs gewählt, der als Doppelstunde in den Stundenplan integriert</p>
