{"id":3067,"date":"2021-02-16T12:34:24","date_gmt":"2021-02-16T11:34:24","guid":{"rendered":"http:\/\/wordpress.nibis.de\/cfgs\/?page_id=3067"},"modified":"2021-02-16T12:34:25","modified_gmt":"2021-02-16T11:34:25","slug":"die-schnupperpraktika-klasse-8","status":"publish","type":"page","link":"https:\/\/wordpress.nibis.de\/cfgs\/die-schnupperpraktika-klasse-8\/","title":{"rendered":"Die Schnupperpraktika &#8211; Klasse 8"},"content":{"rendered":"\n<p>Die Schnupperpraktika bestehen aus drei einw\u00f6chigen Praktika, die in verschiedenen Berufsfeldern abgeleistet werden sollen. Die Termine sind im Schulplaner vermerkt, werden \u00fcber die Klassenleitungen kommuniziert und ebenso auf dem<em> j\u00e4hrlich stattfindenden Informationsabend zur Berufsorientierung im zweiten Schulhalbjahr<\/em> bekannt gegeben.<\/p>\n\n\n\n<p>Die Reihenfolge der jeweiligen gew\u00e4hlten Berufsfelder &#8211; Soziales\/Gesundheit, Handwerk\/Technik sowie Dienstleistung\/Verwaltung &#8211; legen die Jugendlichen selbst fest. Wichtig ist die eigenst\u00e4ndige <strong>fr\u00fchzeitige<\/strong> <strong>Suche<\/strong> nach den Praktikumspl\u00e4tzen. Das erste Schnupperpraktikum liegt meist kurz vor den Herbstferien im jeweiligen Schuljahr.<\/p>\n\n\n\n<p>Die Jugendlichen <strong>dokumentieren<\/strong> ihre Praktika<strong> in Form eines Abschlussberichts<\/strong> (mindestens eine A4-Seite). Pro Halbjahr ist ein Abschlussbericht im Fach Wirtschaft abzugeben. Die Anforderungen an den Bericht werden vorab im Wirtschaftsunterricht besprochen. Im Fach Deutsch soll der Abschlussbericht ebenfalls abgegeben und bewertet werden.<\/p>\n\n\n\n<p>Die <strong>Klassenlehrkr\u00e4fte betreuen<\/strong> die Jugendlichen w\u00e4hrend der Schnupperpraktika. Dazu geh\u00f6rt, dass die Sch\u00fclerinnen und Sch\u00fcler entsprechende Formulare, z.B. die Zusage des gew\u00e4hlten Betriebes, Informationsbl\u00e4tter f\u00fcr Eltern und Betriebe, Fahrtkostenantr\u00e4ge usw. zeitnah ausgeh\u00e4ndigt bekommen. Die Zusage vom Betrieb muss vor Beginn des Praktikums bei den Klassenlehrkr\u00e4ften abgegeben werden. Die Jugendlichen werden von den Klassenlehrkr\u00e4ften vor Ort im Betrieb mindestens einmal im Schuljahr besucht. Praktikumspl\u00e4tze sollen selbstst\u00e4ndig gesucht werden, bei Schwierigkeiten unterst\u00fctzt unser Schulsozialarbeiter <a href=\"https:\/\/wordpress.nibis.de\/cfgs\/schulsozialarbeit\/\">Thomas Deisel<\/a> oder unsere Fachbereichsleiterin (Wirtschaft-Berufsorientierung) <a href=\"https:\/\/wordpress.nibis.de\/cfgs\/kollegium\/\">Xenia Nieke<\/a>.<\/p>\n\n\n\n<p>Bei Praktika au\u00dferhalb des Landkreises G\u00f6ttingen sind Besuche durch die Klassenlehrkraft vor Ort sind je nach Entfernung oftmals nicht m\u00f6glich. Der Kontakt erfolgt dann \u00fcber Telefon. Fahrtkosten f\u00fcr Praktika au\u00dferhalb des Landkreises G\u00f6ttingen werden nicht erstattet. In solchen F\u00e4llen m\u00fcssen Eltern und Erziehungsberechtigte vorab ihr Einverst\u00e4ndnis geben, dass sie auf eine Erstattung verzichten. Auch hierf\u00fcr gibt es ein entsprechendes Formular, welches vor dem Praktikum ausgef\u00fcllt werden muss.<\/p>\n\n\n\n<div class=\"wp-block-group\"><div class=\"wp-block-group__inner-container is-layout-flow wp-block-group-is-layout-flow\">\n<p><strong>Fahrtkosten<\/strong> werden vom Landkreis G\u00f6ttingen auf Antrag in folgenden F\u00e4llen erstattet:<\/p>\n<\/div><\/div>\n\n\n\n<div class=\"wp-block-group\"><div class=\"wp-block-group__inner-container is-layout-flow wp-block-group-is-layout-flow\">\n<div class=\"wp-block-group\"><div class=\"wp-block-group__inner-container is-layout-flow wp-block-group-is-layout-flow\">\n<ul class=\"wp-block-list\"><li><strong>Nutzung \u00f6ffentlicher Verkehrsmittel<\/strong> <ul><li>Die Wochenkarte f\u00fcr Busse\/Bahn ist auf ein extra Blatt zu kleben und mit dem Antrag abzugeben. <\/li><\/ul><ul><li>Sie als Eltern m\u00fcssen sich vorab im Internet oder im <a rel=\"noreferrer noopener\" href=\"https:\/\/vsninfo.de\/de\/service-center\" target=\"_blank\">Informationsturm am Busbahnhof<\/a>  erkundigen, ob f\u00fcr die Fahrstrecke zum Praktikumsbetrieb &#8211; ggf. auch nur f\u00fcr eine Teilstrecke &#8211; die Jahreskarte der Schule genutzt werden kann.<\/li><li>Beispiel: <em>Wohnort: Gelliehausen &#8211; Praktikumsbetrieb: G\u00f6ttingen<\/em> <ul><li>Hier darf keine Karte f\u00fcr die Strecke Gelliehausen \u2013 G\u00f6ttingen gekauft werden, da in der Jahreskarte schon die Strecke von Gelliehausen nach Klein Lengden eingeschlossen ist. Hier darf nur eine Karte von Klein Lengden nach G\u00f6ttingen gekauft werden und nur diese Karte wird vom Landkreis erstattet!<\/li><\/ul><\/li><\/ul><\/li><li><strong>Bei Fahrten mit dem PKW der Eltern<\/strong> <ul><li>Diese sind nur erstattungsf\u00e4hig, wenn die Eltern einen Umweg ab 3km fahren. Hier muss vorab per Antrag beim Landkreis G\u00f6ttingen die Genehmigung erteilt werden, dass auf dieser Strecke keine Nutzung des \u00d6PNV m\u00f6glich oder zumutbar ist.<\/li><\/ul><\/li><\/ul>\n<\/div><\/div>\n<\/div><\/div>\n\n\n\n<div class=\"wp-block-group\"><div class=\"wp-block-group__inner-container is-layout-flow wp-block-group-is-layout-flow\">\n<div class=\"wp-block-group\"><div class=\"wp-block-group__inner-container is-layout-flow wp-block-group-is-layout-flow\">\n<div class=\"wp-block-group\"><div class=\"wp-block-group__inner-container is-layout-flow wp-block-group-is-layout-flow\">\n<p><strong>Regelungen f\u00fcr den Krankheitsfall<\/strong><\/p>\n<\/div><\/div>\n\n\n\n<p>Falls ihr Kind erkrankt, muss zuerst der Betrieb und gleichzeitig die Klassenlehrkraft durch die Eltern informiert werden. Anschlie\u00dfend soll die Krankmeldung ebenfalls im <a href=\"https:\/\/wordpress.nibis.de\/cfgs\/sekreteriat\/\">Sekretariat<\/a> der Schule erfolgen.<\/p>\n<\/div><\/div>\n<\/div><\/div>\n","protected":false},"excerpt":{"rendered":"<p>Die Schnupperpraktika bestehen aus drei einw\u00f6chigen Praktika, die in verschiedenen Berufsfeldern abgeleistet werden sollen. Die Termine sind im Schulplaner vermerkt, werden \u00fcber die Klassenleitungen kommuniziert und ebenso auf dem j\u00e4hrlich<\/p>\n","protected":false},"author":9193449,"featured_media":0,"parent":0,"menu_order":0,"comment_status":"closed","ping_status":"closed","template":"","meta":{"footnotes":""},"class_list":["post-3067","page","type-page","status-publish","hentry"],"_links":{"self":[{"href":"https:\/\/wordpress.nibis.de\/cfgs\/wp-json\/wp\/v2\/pages\/3067","targetHints":{"allow":["GET"]}}],"collection":[{"href":"https:\/\/wordpress.nibis.de\/cfgs\/wp-json\/wp\/v2\/pages"}],"about":[{"href":"https:\/\/wordpress.nibis.de\/cfgs\/wp-json\/wp\/v2\/types\/page"}],"author":[{"embeddable":true,"href":"https:\/\/wordpress.nibis.de\/cfgs\/wp-json\/wp\/v2\/users\/9193449"}],"replies":[{"embeddable":true,"href":"https:\/\/wordpress.nibis.de\/cfgs\/wp-json\/wp\/v2\/comments?post=3067"}],"version-history":[{"count":9,"href":"https:\/\/wordpress.nibis.de\/cfgs\/wp-json\/wp\/v2\/pages\/3067\/revisions"}],"predecessor-version":[{"id":3309,"href":"https:\/\/wordpress.nibis.de\/cfgs\/wp-json\/wp\/v2\/pages\/3067\/revisions\/3309"}],"wp:attachment":[{"href":"https:\/\/wordpress.nibis.de\/cfgs\/wp-json\/wp\/v2\/media?parent=3067"}],"curies":[{"name":"wp","href":"https:\/\/api.w.org\/{rel}","templated":true}]}}

<p>Die Schnupperpraktika bestehen aus drei einwöchigen Praktika, die in verschiedenen Berufsfeldern abgeleistet werden sollen. Die Termine sind im Schulplaner vermerkt, werden über die Klassenleitungen kommuniziert und ebenso auf dem<em> jährlich stattfindenden Informationsabend zur Berufsorientierung im zweiten Schulhalbjahr</em> bekannt gegeben.</p>



<p>Die Reihenfolge der jeweiligen gewählten Berufsfelder &#8211; Soziales/Gesundheit, Handwerk/Technik sowie Dienstleistung/Verwaltung &#8211; legen die Jugendlichen selbst fest. Wichtig ist die eigenständige <strong>frühzeitige</strong> <strong>Suche</strong> nach den Praktikumsplätzen. Das erste Schnupperpraktikum liegt meist kurz vor den Herbstferien im jeweiligen Schuljahr.</p>



<p>Die Jugendlichen <strong>dokumentieren</strong> ihre Praktika<strong> in Form eines Abschlussberichts</strong> (mindestens eine A4-Seite). Pro Halbjahr ist ein Abschlussbericht im Fach Wirtschaft abzugeben. Die Anforderungen an den Bericht werden vorab im Wirtschaftsunterricht besprochen. Im Fach Deutsch soll der Abschlussbericht ebenfalls abgegeben und bewertet werden.</p>



<p>Die <strong>Klassenlehrkräfte betreuen</strong> die Jugendlichen während der Schnupperpraktika. Dazu gehört, dass die Schülerinnen und Schüler entsprechende Formulare, z.B. die Zusage des gewählten Betriebes, Informationsblätter für Eltern und Betriebe, Fahrtkostenanträge usw. zeitnah ausgehändigt bekommen. Die Zusage vom Betrieb muss vor Beginn des Praktikums bei den Klassenlehrkräften abgegeben werden. Die Jugendlichen werden von den Klassenlehrkräften vor Ort im Betrieb mindestens einmal im Schuljahr besucht. Praktikumsplätze sollen selbstständig gesucht werden, bei Schwierigkeiten unterstützt unser Schulsozialarbeiter <a href="https://wordpress.nibis.de/cfgs/schulsozialarbeit/">Thomas Deisel</a> oder unsere Fachbereichsleiterin (Wirtschaft-Berufsorientierung) <a href="https://wordpress.nibis.de/cfgs/kollegium/">Xenia Nieke</a>.</p>



<p>Bei Praktika außerhalb des Landkreises Göttingen sind Besuche durch die Klassenlehrkraft vor Ort sind je nach Entfernung oftmals nicht möglich. Der Kontakt erfolgt dann über Telefon. Fahrtkosten für Praktika außerhalb des Landkreises Göttingen werden nicht erstattet. In solchen Fällen müssen Eltern und Erziehungsberechtigte vorab ihr Einverständnis geben, dass sie auf eine Erstattung verzichten. Auch hierfür gibt es ein entsprechendes Formular, welches vor dem Praktikum ausgefüllt werden muss.</p>



<div class="wp-block-group"><div class="wp-block-group__inner-container is-layout-flow wp-block-group-is-layout-flow">
<p><strong>Fahrtkosten</strong> werden vom Landkreis Göttingen auf Antrag in folgenden Fällen erstattet:</p>
</div></div>



<div class="wp-block-group"><div class="wp-block-group__inner-container is-layout-flow wp-block-group-is-layout-flow">
<div class="wp-block-group"><div class="wp-block-group__inner-container is-layout-flow wp-block-group-is-layout-flow">
<ul class="wp-block-list"><li><strong>Nutzung öffentlicher Verkehrsmittel</strong> <ul><li>Die Wochenkarte für Busse/Bahn ist auf ein extra Blatt zu kleben und mit dem Antrag abzugeben. </li></ul><ul><li>Sie als Eltern müssen sich vorab im Internet oder im <a rel="noreferrer noopener" href="https://vsninfo.de/de/service-center" target="_blank">Informationsturm am Busbahnhof</a>  erkundigen, ob für die Fahrstrecke zum Praktikumsbetrieb &#8211; ggf. auch nur für eine Teilstrecke &#8211; die Jahreskarte der Schule genutzt werden kann.</li><li>Beispiel: <em>Wohnort: Gelliehausen &#8211; Praktikumsbetrieb: Göttingen</em> <ul><li>Hier darf keine Karte für die Strecke Gelliehausen – Göttingen gekauft werden, da in der Jahreskarte schon die Strecke von Gelliehausen nach Klein Lengden eingeschlossen ist. Hier darf nur eine Karte von Klein Lengden nach Göttingen gekauft werden und nur diese Karte wird vom Landkreis erstattet!</li></ul></li></ul></li><li><strong>Bei Fahrten mit dem PKW der Eltern</strong> <ul><li>Diese sind nur erstattungsfähig, wenn die Eltern einen Umweg ab 3km fahren. Hier muss vorab per Antrag beim Landkreis Göttingen die Genehmigung erteilt werden, dass auf dieser Strecke keine Nutzung des ÖPNV möglich oder zumutbar ist.</li></ul></li></ul>
</div></div>
</div></div>



<div class="wp-block-group"><div class="wp-block-group__inner-container is-layout-flow wp-block-group-is-layout-flow">
<div class="wp-block-group"><div class="wp-block-group__inner-container is-layout-flow wp-block-group-is-layout-flow">
<div class="wp-block-group"><div class="wp-block-group__inner-container is-layout-flow wp-block-group-is-layout-flow">
<p><strong>Regelungen für den Krankheitsfall</strong></p>
</div></div>



<p>Falls ihr Kind erkrankt, muss zuerst der Betrieb und gleichzeitig die Klassenlehrkraft durch die Eltern informiert werden. Anschließend soll die Krankmeldung ebenfalls im <a href="https://wordpress.nibis.de/cfgs/sekreteriat/">Sekretariat</a> der Schule erfolgen.</p>
</div></div>
</div></div>

<p>Die Schnupperpraktika bestehen aus drei einwöchigen Praktika, die in verschiedenen Berufsfeldern abgeleistet werden sollen. Die Termine sind im Schulplaner vermerkt, werden über die Klassenleitungen kommuniziert und ebenso auf dem jährlich</p>
