{"id":3075,"date":"2021-02-16T12:33:19","date_gmt":"2021-02-16T11:33:19","guid":{"rendered":"http:\/\/wordpress.nibis.de\/cfgs\/?page_id=3075"},"modified":"2021-02-16T12:33:44","modified_gmt":"2021-02-16T11:33:44","slug":"das-betriebspraktikum-klasse-9","status":"publish","type":"page","link":"https:\/\/wordpress.nibis.de\/cfgs\/das-betriebspraktikum-klasse-9\/","title":{"rendered":"Das Betriebspraktikum &#8211; Klasse 9"},"content":{"rendered":"\n<p>Das dreiw\u00f6chige Betriebspraktikum dient dazu, den Jugendlichen einen vertieften Einblick in ein ausgew\u00e4hltes Berufsfeld zu erm\u00f6glichen.<\/p>\n\n\n\n<p>Praktikumspl\u00e4tze sollen <strong>selbstst\u00e4ndig und fr\u00fchzeitig<\/strong> von der Sch\u00fclerschaft gesucht werden. Das bedeutet, dass sie mit Beginn des 9. Schuljahres, vielleicht schon am Ende des 8. Schuljahres mit der Suche beginnen. Das Praktikum soll in einem anerkannten Ausbildungsberuf absolviert werden. Bei Schwierigkeiten gibt es Unterst\u00fctzung von unserem Schulsozialarbeiter <a href=\"https:\/\/wordpress.nibis.de\/cfgs\/schulsozialarbeit\/\">Thomas Deisel<\/a> oder von der Fachbereichsleiterin (Wirtschaft-Berufsorientierung) <a href=\"https:\/\/wordpress.nibis.de\/cfgs\/kollegium\/\">Xenia Nieke<\/a>. <\/p>\n\n\n\n<p><em>Praktikumspl\u00e4tze bei der Polizei<\/em> (Landespolizei &#8211; Polizeidirektion G\u00f6ttingen, Bundespolizei &#8211; Abteilung Duderstadt) werden \u00fcber unsere Schule zugeteilt. Jugendliche, die Interesse haben, melden sich fr\u00fchzeitig bei  Xenia Nieke oder Thomas Deisel. Die Dauer der Praktika bei der Polizei sind generell auf zwei Wochen begrenzt. Dies bedeutet, dass sich Interessierte um einen zweiten Praktikumsplatz f\u00fcr die dritte Praktikumswoche k\u00fcmmern m\u00fcssen.<\/p>\n\n\n\n<p>Die Praktikanten <strong>dokumentieren<\/strong> ihr Praktikum <strong>durch das F\u00fchren eines Praktikumsheftes<\/strong>. Die Anforderungen an das F\u00fchren dieses Heftes werden vorab im Wirtschaftsunterricht besprochen. Dar\u00fcber hinaus <strong>pr\u00e4sentieren <\/strong>sie ihr Praktikum <strong>anhand eines Referats<\/strong>, welches am <a href=\"https:\/\/wordpress.nibis.de\/cfgs\/tag-der-offenen-tuer\/\">Tag der offenen T\u00fcr<\/a> vorgestellt wird. Zur praxisnahen Veranschaulichung sollen die Jugendlichen passende Objekte aus ihren Betrieben mitbringen. Die W\u00fcrdigung der Praktikumspr\u00e4sentationen flie\u00dft als m\u00fcndliche Leistung in die Bewertung des Faches Wirtschaft mit ein.<\/p>\n\n\n\n<p>Die <strong>Wirtschaftslehrkr\u00e4fte<\/strong> (mit Unterst\u00fctzung der Klassenlehrkr\u00e4fte) <strong>betreuen<\/strong> die Jugendlichen im Betriebspraktikum. Dazu geh\u00f6rt, dass die Sch\u00fclerschaft entsprechende Formulare, z.B. Zusagen des gew\u00e4hlten Betriebes, Informationsbl\u00e4tter f\u00fcr Eltern und Betriebe, Fahrtkostenantr\u00e4ge usw. zeitnah ausgeh\u00e4ndigt bekommt. Die Zusage vom Betrieb muss vor Beginn des Praktikums bei der Klassenlehrkraft abgegeben werden. Die Praktikanten werden von den Wirtschaftsfachlehrkr\u00e4ften zweimal im Betrieb besucht.<\/p>\n\n\n\n<p>Bei Praktika au\u00dferhalb des Landkreises G\u00f6ttingen sind Besuche durch die WirtschaftsfachlehrerInnen vor Ort nicht immer m\u00f6glich. Kontakt erfolgt dann \u00fcber Telefon. Fahrtkosten f\u00fcr Praktika au\u00dferhalb des Landkreises G\u00f6ttingen werden nicht erstattet. In solchen F\u00e4llen m\u00fcssen Eltern vorab ihr Einverst\u00e4ndnis geben, dass sie auf eine Erstattung verzichten. Ein entsprechendes Formular wird vor dem Praktikum ausgeh\u00e4ndigt.<\/p>\n\n\n\n<p><strong>Fahrtkosten<\/strong> werden vom Landkreis G\u00f6ttingen auf Antrag in folgenden F\u00e4llen erstattet:<\/p>\n\n\n\n<ul class=\"wp-block-list\"><li><strong>Nutzung \u00f6ffentlicher Verkehrsmittel<\/strong><ul><li>Die Wochenkarte f\u00fcr Busse\/Bahn ist auf ein extra Blatt zu kleben und mit dem Antrag abzugeben.<\/li><\/ul><ul><li>Sie als Eltern m\u00fcssen sich vorab im Internet oder im <a rel=\"noreferrer noopener\" href=\"https:\/\/vsninfo.de\/de\/service-center\" target=\"_blank\">Informationsturm am Busbahnhof<\/a> erkundigen, ob f\u00fcr die Fahrstrecke zum Praktikumsbetrieb &#8211; ggf. auch nur f\u00fcr eine Teilstrecke &#8211; die Jahreskarte der Schule genutzt werden kann.<\/li><li>Beispiel: <em>Wohnort: Gelliehausen &#8211; Praktikumsbetrieb: G\u00f6ttingen<\/em><ul><li>Hier darf keine Karte f\u00fcr die Strecke Gelliehausen \u2013 G\u00f6ttingen gekauft werden, da in der Jahreskarte schon die Strecke von Gelliehausen nach Klein Lengden eingeschlossen ist. Hier darf nur eine Karte von Klein Lengden nach G\u00f6ttingen gekauft werden und nur diese Karte wird vom Landkreis erstattet!<\/li><\/ul><\/li><\/ul><\/li><li><strong>Bei Fahrten mit dem PKW der Eltern<\/strong><ul><li>Diese sind nur erstattungsf\u00e4hig, wenn die Eltern einen Umweg ab 3km fahren. Hier muss vorab per Antrag beim Landkreis G\u00f6ttingen, die Genehmigung erteilt werden, dass auf dieser Strecke keine Nutzung des \u00d6PNV m\u00f6glich oder zumutbar ist.<\/li><\/ul><\/li><\/ul>\n\n\n\n<p><strong>Regelungen f\u00fcr den Krankheitsfall<\/strong><\/p>\n\n\n\n<p>Falls Ihr Kind erkrankt, muss zuerst der Betrieb und gleichzeitig die Wirtschaftslehrkraft durch die Eltern informiert werden. Anschlie\u00dfend soll die Krankmeldung ebenfalls im <a href=\"https:\/\/wordpress.nibis.de\/cfgs\/sekreteriat\/\">Sekretariat<\/a> der Schule erfolgen.<\/p>\n","protected":false},"excerpt":{"rendered":"<p>Das dreiw\u00f6chige Betriebspraktikum dient dazu, den Jugendlichen einen vertieften Einblick in ein ausgew\u00e4hltes Berufsfeld zu erm\u00f6glichen. Praktikumspl\u00e4tze sollen selbstst\u00e4ndig und fr\u00fchzeitig von der Sch\u00fclerschaft gesucht werden. Das bedeutet, dass sie<\/p>\n","protected":false},"author":9193449,"featured_media":0,"parent":0,"menu_order":0,"comment_status":"closed","ping_status":"closed","template":"","meta":{"footnotes":""},"class_list":["post-3075","page","type-page","status-publish","hentry"],"_links":{"self":[{"href":"https:\/\/wordpress.nibis.de\/cfgs\/wp-json\/wp\/v2\/pages\/3075","targetHints":{"allow":["GET"]}}],"collection":[{"href":"https:\/\/wordpress.nibis.de\/cfgs\/wp-json\/wp\/v2\/pages"}],"about":[{"href":"https:\/\/wordpress.nibis.de\/cfgs\/wp-json\/wp\/v2\/types\/page"}],"author":[{"embeddable":true,"href":"https:\/\/wordpress.nibis.de\/cfgs\/wp-json\/wp\/v2\/users\/9193449"}],"replies":[{"embeddable":true,"href":"https:\/\/wordpress.nibis.de\/cfgs\/wp-json\/wp\/v2\/comments?post=3075"}],"version-history":[{"count":3,"href":"https:\/\/wordpress.nibis.de\/cfgs\/wp-json\/wp\/v2\/pages\/3075\/revisions"}],"predecessor-version":[{"id":3304,"href":"https:\/\/wordpress.nibis.de\/cfgs\/wp-json\/wp\/v2\/pages\/3075\/revisions\/3304"}],"wp:attachment":[{"href":"https:\/\/wordpress.nibis.de\/cfgs\/wp-json\/wp\/v2\/media?parent=3075"}],"curies":[{"name":"wp","href":"https:\/\/api.w.org\/{rel}","templated":true}]}}