{"id":3254,"date":"2021-02-16T12:18:28","date_gmt":"2021-02-16T11:18:28","guid":{"rendered":"http:\/\/wordpress.nibis.de\/cfgs\/?page_id=3254"},"modified":"2021-02-16T12:18:28","modified_gmt":"2021-02-16T11:18:28","slug":"afu-berufetag","status":"publish","type":"page","link":"https:\/\/wordpress.nibis.de\/cfgs\/afu-berufetag\/","title":{"rendered":"AFU-Berufetag"},"content":{"rendered":"\n<p>Der Berufetag, der gemeinsam mit dem Arbeitskreis Friedl\u00e4nder Unternehmer (AFU) durchgef\u00fchrt wird, geh\u00f6rt seit 2018 als \u201eMarkt der Berufe\u201c zu unseren berufsorientierenden Ma\u00dfnahmen. In der letzten Januarwoche im Halbjahr wird dieser Berufetag an einem Schultag in der Zeit von 8:40 Uhr bis ca. 15:00 Uhr durchgef\u00fchrt. In unserer Aula werden Dachdecker, Maler, KFZ-Mechatroniker, Elektroinstallateure, Tischler, Garten- und Landschaftsgestalter, das Gastronomie- und Transportgewerbe aus der Gemeinde Friedland ihre Ausbildungsm\u00f6glichkeiten vorstellen und Sch\u00fclerinnen und Sch\u00fclern viel Gelegenheit zum praktischen Ausprobieren und Kennenlernen bieten. Dieses Angebot dient der Orientierung und dem Kennenlernen von Berufen, die bisher vielleicht nicht so bekannt sind.<br>Eltern- und Erziehungsberechtigte sind dazu ebenfalls eingeladen, sofern diese es zeitlich einrichten k\u00f6nnen.<\/p>\n","protected":false},"excerpt":{"rendered":"<p>Der Berufetag, der gemeinsam mit dem Arbeitskreis Friedl\u00e4nder Unternehmer (AFU) durchgef\u00fchrt wird, geh\u00f6rt seit 2018 als \u201eMarkt der Berufe\u201c zu unseren berufsorientierenden Ma\u00dfnahmen. In der letzten Januarwoche im Halbjahr wird<\/p>\n","protected":false},"author":9193449,"featured_media":0,"parent":0,"menu_order":0,"comment_status":"closed","ping_status":"closed","template":"","meta":{"footnotes":""},"class_list":["post-3254","page","type-page","status-publish","hentry"],"_links":{"self":[{"href":"https:\/\/wordpress.nibis.de\/cfgs\/wp-json\/wp\/v2\/pages\/3254","targetHints":{"allow":["GET"]}}],"collection":[{"href":"https:\/\/wordpress.nibis.de\/cfgs\/wp-json\/wp\/v2\/pages"}],"about":[{"href":"https:\/\/wordpress.nibis.de\/cfgs\/wp-json\/wp\/v2\/types\/page"}],"author":[{"embeddable":true,"href":"https:\/\/wordpress.nibis.de\/cfgs\/wp-json\/wp\/v2\/users\/9193449"}],"replies":[{"embeddable":true,"href":"https:\/\/wordpress.nibis.de\/cfgs\/wp-json\/wp\/v2\/comments?post=3254"}],"version-history":[{"count":2,"href":"https:\/\/wordpress.nibis.de\/cfgs\/wp-json\/wp\/v2\/pages\/3254\/revisions"}],"predecessor-version":[{"id":3357,"href":"https:\/\/wordpress.nibis.de\/cfgs\/wp-json\/wp\/v2\/pages\/3254\/revisions\/3357"}],"wp:attachment":[{"href":"https:\/\/wordpress.nibis.de\/cfgs\/wp-json\/wp\/v2\/media?parent=3254"}],"curies":[{"name":"wp","href":"https:\/\/api.w.org\/{rel}","templated":true}]}}