{"id":5882,"date":"2024-01-18T09:49:51","date_gmt":"2024-01-18T08:49:51","guid":{"rendered":"https:\/\/wordpress.nibis.de\/cfgs\/?page_id=5882"},"modified":"2024-01-18T09:49:52","modified_gmt":"2024-01-18T08:49:52","slug":"bne-fruehstueck","status":"publish","type":"page","link":"https:\/\/wordpress.nibis.de\/cfgs\/bne-fruehstueck\/","title":{"rendered":"BNE &#8211; Fr\u00fchst\u00fcck"},"content":{"rendered":"\n<p><strong>Ich mag M\u00fcll &#8211; unser \u201eM\u00fcll\u201c-Fr\u00fchst\u00fcck an der CFGS<\/strong><\/p>\n<p>An der Carl-Friedrich-Gau\u00df-Schule werden alle Kinder an einen bewussten Umgang mit Abfall auf vielf\u00e4ltigen Wegen herangef\u00fchrt. Einer ist unser \u201eM\u00fcll\u201c-Fr\u00fchst\u00fcck in der Projektwoche \u201eErwachsen werden\u201c am Ende des 5. Schuljahres.<\/p>\n<p>Um einen engeren Bezug zum Alltag herzustellen, bietet es sich an, den Umgang mit Abfall im eigenen Umfeld zu thematisieren. Ein geeigneter Gegenstand sind zum Beispiel Verpackungen. Hierzu wird in den Klassen gemeinsam ein Fr\u00fchst\u00fcck geplant. Jedes Kind bekommt die Aufgabe, etwas daf\u00fcr mitzubringen, z. B. \u00c4pfel, Birnen, Salatgurken, Tomaten, K\u00e4se, Wurst, Margarine, Marmelade, Honig, Milch, Saft, Servietten, Teller, Messer, Gef\u00e4\u00df f\u00fcr Getr\u00e4nke\u2026 Alles Sachen sollen noch nicht vorgeschnitten sein, dies wird gemeinsam vor dem Fr\u00fchst\u00fcck gemacht (so bringen die Kinder oft auch Obst und Gem\u00fcse in Verpackungen mit).<\/p>\n<p>Beim Fr\u00fchst\u00fcck werden die Kinder dazu aufgefordert, s\u00e4mtliche Abf\u00e4lle (von der Schale vom Obst \u00fcber die Papierserviette bis hin zu Verpackungen) auf einer ausgebreiteten Unterlage hinzulegen. Nach dem Fr\u00fchst\u00fcck setzen sich die Kinder in einen Sitzkreis, die Abf\u00e4lle liegen in der Mitte. Nun wird geschaut, welche Mengen und was sich an Abf\u00e4llen angesammelt hat. Die Kinder werden nun aufgefordert, die Abf\u00e4lle zu trennen \u2013 gr\u00fcne Tonne, blaue Tonne, gelbe Tonne, schwarze Tonne, Glascontainer, Mehrwegsystem. Danach wird \u00fcberlegt \u2013 welche der Abf\u00e4lle werden wiederverwendet\/dem Recycling zugef\u00fchrt? In einem zweiten Schritt wird nun gemeinsam untersucht, welche Abf\u00e4lle h\u00e4tten vermieden werden k\u00f6nnen (z. B. durch Mitbringen von abwaschbaren Tellern und Trinkbechern anstatt Pappteller und Plastikeinwegbecher, durch kaufen von verpackungslosen Obst und Gem\u00fcse, \u2026)<\/p>\n<p>\u00a0<\/p>\n<p>Diese Aktion bringt den Erkenntnisprozess voran, wie Abf\u00e4lle verringert oder vermieden werden k\u00f6nnen. Im ersten Schritt geht es darum, die Arten und Mengen des Abfalls zu ermitteln.<\/p>\n<p>Im zweiten Schritt geht es um die Frage, wie man die einzelnen Abfallarten vermeiden oder wenigstens verringern kann. Da das Recyclingsystem in Deutschland gut ausgebaut ist, zielt \u201ePlan B\u201c haupts\u00e4chlich auf die Vermeidung von Verpackungsabfall. Die Begr\u00fcndung daf\u00fcr ist f\u00fcr die Nachhaltigkeitsbildung von gro\u00dfer Bedeutung: Weniger Verpackungsabfall senkt den Energieeinsatz, vermeidet Kosten, schont Umwelt und Ressourcen. Vor allen Dingen sind die Kinder hier in der Lage, durch eigene Entscheidungen und Argumente gegen\u00fcber den Eltern etwas zu bewirken, also Handlungsalternativen zu erkennen.<\/p>\n<p>\u00a0<\/p>\n\n\n\n<figure class=\"wp-block-gallery has-nested-images columns-default is-cropped is-style-tw-img-frame wp-block-gallery-1 is-layout-flex wp-block-gallery-is-layout-flex\">\n<figure class=\"wp-block-image size-large\"><img loading=\"lazy\" decoding=\"async\" width=\"640\" height=\"480\" data-id=\"5884\" src=\"https:\/\/wordpress.nibis.de\/cfgs\/files\/20230117_150411-640x480.jpg\" alt=\"\" class=\"wp-image-5884\" srcset=\"https:\/\/wordpress.nibis.de\/cfgs\/files\/20230117_150411-640x480.jpg 640w, https:\/\/wordpress.nibis.de\/cfgs\/files\/20230117_150411-300x225.jpg 300w, https:\/\/wordpress.nibis.de\/cfgs\/files\/20230117_150411-768x576.jpg 768w, https:\/\/wordpress.nibis.de\/cfgs\/files\/20230117_150411-1536x1152.jpg 1536w, https:\/\/wordpress.nibis.de\/cfgs\/files\/20230117_150411-2048x1536.jpg 2048w\" sizes=\"auto, (max-width: 640px) 100vw, 640px\" \/><\/figure>\n\n\n\n<figure class=\"wp-block-image size-large\"><img loading=\"lazy\" decoding=\"async\" width=\"640\" height=\"340\" data-id=\"5883\" src=\"https:\/\/wordpress.nibis.de\/cfgs\/files\/20230112_105819-640x340.jpg\" alt=\"\" class=\"wp-image-5883\" srcset=\"https:\/\/wordpress.nibis.de\/cfgs\/files\/20230112_105819-640x340.jpg 640w, https:\/\/wordpress.nibis.de\/cfgs\/files\/20230112_105819-300x159.jpg 300w, https:\/\/wordpress.nibis.de\/cfgs\/files\/20230112_105819-768x408.jpg 768w, https:\/\/wordpress.nibis.de\/cfgs\/files\/20230112_105819-1536x815.jpg 1536w, https:\/\/wordpress.nibis.de\/cfgs\/files\/20230112_105819-2048x1087.jpg 2048w\" sizes=\"auto, (max-width: 640px) 100vw, 640px\" \/><\/figure>\n\n\n\n<figure class=\"wp-block-image size-large\"><img loading=\"lazy\" decoding=\"async\" width=\"640\" height=\"374\" data-id=\"5886\" src=\"https:\/\/wordpress.nibis.de\/cfgs\/files\/20230112_105816-640x374.jpg\" alt=\"\" class=\"wp-image-5886\" srcset=\"https:\/\/wordpress.nibis.de\/cfgs\/files\/20230112_105816-640x374.jpg 640w, https:\/\/wordpress.nibis.de\/cfgs\/files\/20230112_105816-300x175.jpg 300w, https:\/\/wordpress.nibis.de\/cfgs\/files\/20230112_105816-768x449.jpg 768w, https:\/\/wordpress.nibis.de\/cfgs\/files\/20230112_105816-1536x897.jpg 1536w, https:\/\/wordpress.nibis.de\/cfgs\/files\/20230112_105816-2048x1196.jpg 2048w\" sizes=\"auto, (max-width: 640px) 100vw, 640px\" \/><\/figure>\n\n\n\n<figure class=\"wp-block-image size-large\"><img loading=\"lazy\" decoding=\"async\" width=\"405\" height=\"480\" data-id=\"5887\" src=\"https:\/\/wordpress.nibis.de\/cfgs\/files\/20230112_105016-405x480.jpg\" alt=\"\" class=\"wp-image-5887\" srcset=\"https:\/\/wordpress.nibis.de\/cfgs\/files\/20230112_105016-405x480.jpg 405w, https:\/\/wordpress.nibis.de\/cfgs\/files\/20230112_105016-253x300.jpg 253w, https:\/\/wordpress.nibis.de\/cfgs\/files\/20230112_105016-768x911.jpg 768w, https:\/\/wordpress.nibis.de\/cfgs\/files\/20230112_105016-1295x1536.jpg 1295w, https:\/\/wordpress.nibis.de\/cfgs\/files\/20230112_105016-1727x2048.jpg 1727w\" sizes=\"auto, (max-width: 405px) 100vw, 405px\" \/><\/figure>\n\n\n\n<figure class=\"wp-block-image size-large\"><img loading=\"lazy\" decoding=\"async\" width=\"422\" height=\"480\" data-id=\"5885\" src=\"https:\/\/wordpress.nibis.de\/cfgs\/files\/20230112_105015-422x480.jpg\" alt=\"\" class=\"wp-image-5885\" srcset=\"https:\/\/wordpress.nibis.de\/cfgs\/files\/20230112_105015-422x480.jpg 422w, https:\/\/wordpress.nibis.de\/cfgs\/files\/20230112_105015-264x300.jpg 264w, https:\/\/wordpress.nibis.de\/cfgs\/files\/20230112_105015-768x873.jpg 768w, https:\/\/wordpress.nibis.de\/cfgs\/files\/20230112_105015-1352x1536.jpg 1352w, https:\/\/wordpress.nibis.de\/cfgs\/files\/20230112_105015-1802x2048.jpg 1802w\" sizes=\"auto, (max-width: 422px) 100vw, 422px\" \/><\/figure>\n\n\n\n<figure class=\"wp-block-image size-large\"><img loading=\"lazy\" decoding=\"async\" width=\"640\" height=\"480\" data-id=\"5888\" src=\"https:\/\/wordpress.nibis.de\/cfgs\/files\/20230112_081449-640x480.jpg\" alt=\"\" class=\"wp-image-5888\" srcset=\"https:\/\/wordpress.nibis.de\/cfgs\/files\/20230112_081449-640x480.jpg 640w, https:\/\/wordpress.nibis.de\/cfgs\/files\/20230112_081449-300x225.jpg 300w, https:\/\/wordpress.nibis.de\/cfgs\/files\/20230112_081449-768x576.jpg 768w, https:\/\/wordpress.nibis.de\/cfgs\/files\/20230112_081449-1536x1152.jpg 1536w, https:\/\/wordpress.nibis.de\/cfgs\/files\/20230112_081449-2048x1536.jpg 2048w\" sizes=\"auto, (max-width: 640px) 100vw, 640px\" \/><\/figure>\n<figcaption class=\"blocks-gallery-caption\">&#8222;M\u00fcll&#8220; &#8211; Fr\u00fchst\u00fcck an der CFGS<\/figcaption><\/figure>\n","protected":false},"excerpt":{"rendered":"<p>Ich mag M\u00fcll &#8211; unser \u201eM\u00fcll\u201c-Fr\u00fchst\u00fcck an der CFGS An der Carl-Friedrich-Gau\u00df-Schule werden alle Kinder an einen bewussten Umgang mit Abfall auf vielf\u00e4ltigen Wegen herangef\u00fchrt. Einer ist unser \u201eM\u00fcll\u201c-Fr\u00fchst\u00fcck in<\/p>\n","protected":false},"author":277,"featured_media":0,"parent":0,"menu_order":0,"comment_status":"closed","ping_status":"closed","template":"","meta":{"footnotes":""},"class_list":["post-5882","page","type-page","status-publish","hentry"],"_links":{"self":[{"href":"https:\/\/wordpress.nibis.de\/cfgs\/wp-json\/wp\/v2\/pages\/5882","targetHints":{"allow":["GET"]}}],"collection":[{"href":"https:\/\/wordpress.nibis.de\/cfgs\/wp-json\/wp\/v2\/pages"}],"about":[{"href":"https:\/\/wordpress.nibis.de\/cfgs\/wp-json\/wp\/v2\/types\/page"}],"author":[{"embeddable":true,"href":"https:\/\/wordpress.nibis.de\/cfgs\/wp-json\/wp\/v2\/users\/277"}],"replies":[{"embeddable":true,"href":"https:\/\/wordpress.nibis.de\/cfgs\/wp-json\/wp\/v2\/comments?post=5882"}],"version-history":[{"count":1,"href":"https:\/\/wordpress.nibis.de\/cfgs\/wp-json\/wp\/v2\/pages\/5882\/revisions"}],"predecessor-version":[{"id":5891,"href":"https:\/\/wordpress.nibis.de\/cfgs\/wp-json\/wp\/v2\/pages\/5882\/revisions\/5891"}],"wp:attachment":[{"href":"https:\/\/wordpress.nibis.de\/cfgs\/wp-json\/wp\/v2\/media?parent=5882"}],"curies":[{"name":"wp","href":"https:\/\/api.w.org\/{rel}","templated":true}]}}

BNE &#8211; Frühstück

<p><strong>Ich mag Müll &#8211; unser „Müll“-Frühstück an der CFGS</strong></p>
<p>An der Carl-Friedrich-Gauß-Schule werden alle Kinder an einen bewussten Umgang mit Abfall auf vielfältigen Wegen herangeführt. Einer ist unser „Müll“-Frühstück in der Projektwoche „Erwachsen werden“ am Ende des 5. Schuljahres.</p>
<p>Um einen engeren Bezug zum Alltag herzustellen, bietet es sich an, den Umgang mit Abfall im eigenen Umfeld zu thematisieren. Ein geeigneter Gegenstand sind zum Beispiel Verpackungen. Hierzu wird in den Klassen gemeinsam ein Frühstück geplant. Jedes Kind bekommt die Aufgabe, etwas dafür mitzubringen, z. B. Äpfel, Birnen, Salatgurken, Tomaten, Käse, Wurst, Margarine, Marmelade, Honig, Milch, Saft, Servietten, Teller, Messer, Gefäß für Getränke… Alles Sachen sollen noch nicht vorgeschnitten sein, dies wird gemeinsam vor dem Frühstück gemacht (so bringen die Kinder oft auch Obst und Gemüse in Verpackungen mit).</p>
<p>Beim Frühstück werden die Kinder dazu aufgefordert, sämtliche Abfälle (von der Schale vom Obst über die Papierserviette bis hin zu Verpackungen) auf einer ausgebreiteten Unterlage hinzulegen. Nach dem Frühstück setzen sich die Kinder in einen Sitzkreis, die Abfälle liegen in der Mitte. Nun wird geschaut, welche Mengen und was sich an Abfällen angesammelt hat. Die Kinder werden nun aufgefordert, die Abfälle zu trennen – grüne Tonne, blaue Tonne, gelbe Tonne, schwarze Tonne, Glascontainer, Mehrwegsystem. Danach wird überlegt – welche der Abfälle werden wiederverwendet/dem Recycling zugeführt? In einem zweiten Schritt wird nun gemeinsam untersucht, welche Abfälle hätten vermieden werden können (z. B. durch Mitbringen von abwaschbaren Tellern und Trinkbechern anstatt Pappteller und Plastikeinwegbecher, durch kaufen von verpackungslosen Obst und Gemüse, …)</p>
<p> </p>
<p>Diese Aktion bringt den Erkenntnisprozess voran, wie Abfälle verringert oder vermieden werden können. Im ersten Schritt geht es darum, die Arten und Mengen des Abfalls zu ermitteln.</p>
<p>Im zweiten Schritt geht es um die Frage, wie man die einzelnen Abfallarten vermeiden oder wenigstens verringern kann. Da das Recyclingsystem in Deutschland gut ausgebaut ist, zielt „Plan B“ hauptsächlich auf die Vermeidung von Verpackungsabfall. Die Begründung dafür ist für die Nachhaltigkeitsbildung von großer Bedeutung: Weniger Verpackungsabfall senkt den Energieeinsatz, vermeidet Kosten, schont Umwelt und Ressourcen. Vor allen Dingen sind die Kinder hier in der Lage, durch eigene Entscheidungen und Argumente gegenüber den Eltern etwas zu bewirken, also Handlungsalternativen zu erkennen.</p>
<p> </p>



<figure class="wp-block-gallery has-nested-images columns-default is-cropped is-style-tw-img-frame wp-block-gallery-1 is-layout-flex wp-block-gallery-is-layout-flex">
<figure class="wp-block-image size-large"><img loading="lazy" decoding="async" width="640" height="480" data-id="5884" src="https://wordpress.nibis.de/cfgs/files/20230117_150411-640x480.jpg" alt="" class="wp-image-5884" srcset="https://wordpress.nibis.de/cfgs/files/20230117_150411-640x480.jpg 640w, https://wordpress.nibis.de/cfgs/files/20230117_150411-300x225.jpg 300w, https://wordpress.nibis.de/cfgs/files/20230117_150411-768x576.jpg 768w, https://wordpress.nibis.de/cfgs/files/20230117_150411-1536x1152.jpg 1536w, https://wordpress.nibis.de/cfgs/files/20230117_150411-2048x1536.jpg 2048w" sizes="auto, (max-width: 640px) 100vw, 640px" /></figure>



<figure class="wp-block-image size-large"><img loading="lazy" decoding="async" width="640" height="340" data-id="5883" src="https://wordpress.nibis.de/cfgs/files/20230112_105819-640x340.jpg" alt="" class="wp-image-5883" srcset="https://wordpress.nibis.de/cfgs/files/20230112_105819-640x340.jpg 640w, https://wordpress.nibis.de/cfgs/files/20230112_105819-300x159.jpg 300w, https://wordpress.nibis.de/cfgs/files/20230112_105819-768x408.jpg 768w, https://wordpress.nibis.de/cfgs/files/20230112_105819-1536x815.jpg 1536w, https://wordpress.nibis.de/cfgs/files/20230112_105819-2048x1087.jpg 2048w" sizes="auto, (max-width: 640px) 100vw, 640px" /></figure>



<figure class="wp-block-image size-large"><img loading="lazy" decoding="async" width="640" height="374" data-id="5886" src="https://wordpress.nibis.de/cfgs/files/20230112_105816-640x374.jpg" alt="" class="wp-image-5886" srcset="https://wordpress.nibis.de/cfgs/files/20230112_105816-640x374.jpg 640w, https://wordpress.nibis.de/cfgs/files/20230112_105816-300x175.jpg 300w, https://wordpress.nibis.de/cfgs/files/20230112_105816-768x449.jpg 768w, https://wordpress.nibis.de/cfgs/files/20230112_105816-1536x897.jpg 1536w, https://wordpress.nibis.de/cfgs/files/20230112_105816-2048x1196.jpg 2048w" sizes="auto, (max-width: 640px) 100vw, 640px" /></figure>



<figure class="wp-block-image size-large"><img loading="lazy" decoding="async" width="405" height="480" data-id="5887" src="https://wordpress.nibis.de/cfgs/files/20230112_105016-405x480.jpg" alt="" class="wp-image-5887" srcset="https://wordpress.nibis.de/cfgs/files/20230112_105016-405x480.jpg 405w, https://wordpress.nibis.de/cfgs/files/20230112_105016-253x300.jpg 253w, https://wordpress.nibis.de/cfgs/files/20230112_105016-768x911.jpg 768w, https://wordpress.nibis.de/cfgs/files/20230112_105016-1295x1536.jpg 1295w, https://wordpress.nibis.de/cfgs/files/20230112_105016-1727x2048.jpg 1727w" sizes="auto, (max-width: 405px) 100vw, 405px" /></figure>



<figure class="wp-block-image size-large"><img loading="lazy" decoding="async" width="422" height="480" data-id="5885" src="https://wordpress.nibis.de/cfgs/files/20230112_105015-422x480.jpg" alt="" class="wp-image-5885" srcset="https://wordpress.nibis.de/cfgs/files/20230112_105015-422x480.jpg 422w, https://wordpress.nibis.de/cfgs/files/20230112_105015-264x300.jpg 264w, https://wordpress.nibis.de/cfgs/files/20230112_105015-768x873.jpg 768w, https://wordpress.nibis.de/cfgs/files/20230112_105015-1352x1536.jpg 1352w, https://wordpress.nibis.de/cfgs/files/20230112_105015-1802x2048.jpg 1802w" sizes="auto, (max-width: 422px) 100vw, 422px" /></figure>



<figure class="wp-block-image size-large"><img loading="lazy" decoding="async" width="640" height="480" data-id="5888" src="https://wordpress.nibis.de/cfgs/files/20230112_081449-640x480.jpg" alt="" class="wp-image-5888" srcset="https://wordpress.nibis.de/cfgs/files/20230112_081449-640x480.jpg 640w, https://wordpress.nibis.de/cfgs/files/20230112_081449-300x225.jpg 300w, https://wordpress.nibis.de/cfgs/files/20230112_081449-768x576.jpg 768w, https://wordpress.nibis.de/cfgs/files/20230112_081449-1536x1152.jpg 1536w, https://wordpress.nibis.de/cfgs/files/20230112_081449-2048x1536.jpg 2048w" sizes="auto, (max-width: 640px) 100vw, 640px" /></figure>
<figcaption class="blocks-gallery-caption">&#8222;Müll&#8220; &#8211; Frühstück an der CFGS</figcaption></figure>

<p>Ich mag Müll &#8211; unser „Müll“-Frühstück an der CFGS An der Carl-Friedrich-Gauß-Schule werden alle Kinder an einen bewussten Umgang mit Abfall auf vielfältigen Wegen herangeführt. Einer ist unser „Müll“-Frühstück in</p>
