{"id":5972,"date":"2024-01-18T11:24:03","date_gmt":"2024-01-18T10:24:03","guid":{"rendered":"https:\/\/wordpress.nibis.de\/cfgs\/?page_id=5972"},"modified":"2024-01-18T11:24:04","modified_gmt":"2024-01-18T10:24:04","slug":"projekt-wissenshunger","status":"publish","type":"page","link":"https:\/\/wordpress.nibis.de\/cfgs\/projekt-wissenshunger\/","title":{"rendered":"Projekt Wissenshunger"},"content":{"rendered":"\n<p>Projekt \u201eWissenshunger\u201c<br \/>Zu ihrer gro\u00dfen Freude durften die Klasse 6h und die Klasse 6r2 am Projekt \u201eWissenshunger G\u00f6ttingen&#8220; teilnehmen. Eine Gruppe von sechs Medizinstudentinnen der Uni G\u00f6ttingen hat sich hierbei intensiv mit den Sch\u00fclerinnen und Sch\u00fclern mit dem Thema der Gesundheitspr\u00e4vention und Ern\u00e4hrung auseinandergesetzt. Da die Zahl der Erkrankungen aufgrund von Fehlern\u00e4hrung in Deutschland stetig zunimmt, m\u00f6chten die Studentinnen im Rahmen der Peer-Education ein Bewusstsein f\u00fcr diese Themen an unserer Schule schon m\u00f6glichst fr\u00fch f\u00f6rdern. Dabei war es ihnen wichtig, keine spezifische Ern\u00e4hrungsweise oder gar Di\u00e4ten vorzustellen, sondern lediglich den Blick f\u00fcr eine gesunde Ern\u00e4hrungsweise zu st\u00e4rken.<br \/>Das Projekt bestand aus einem Theorieteil und einem Praxisteil. <br \/>Im Theorieteil ging es um gesunde Ern\u00e4hrung, Nahrungsbestandteile (Zucker, Kohlenhydrate, Eiwei\u00dfe und Fette) und sportliche Fitness. Zudem wurden Energizer, Quiz und Gruppenarbeiten zum Zuckergehalt in einzelnen Lebensmitteln eingebunden. <br \/>Im Praxisteil wurde die Klasse in vier Gruppen geteilt, um eine gesunde Vorspeise, eine Hauptspeise, ein Dip und ein Dessert zuzubereiten, welche anschlie\u00dfend mit Hei\u00dfhunger gemeinsam gegessen wurden.<br \/>Den Klassen hat der Vormittag gro\u00dfen Spa\u00df gemacht!!! Danke, dass ihr da wart und kommt hoffentlich bald wieder zu uns \ud83d\ude42<br \/>F\u00fcr weitere Informationen zum Projekt darf gerne der Blog oder die FacebookSeite besucht werden. Hier werden regelm\u00e4\u00dfig Artikel und Rezeptideen sowie weiteres Wissenswertes rund um das Thema \u201egesunde Ern\u00e4hrung\u201c ver\u00f6ffentlicht:<\/p>\n<p><br \/>http:\/\/wissenshunger-deutschland.com\/<\/p>\n<p>https:\/\/www.facebook.com\/Wissenshunger.Goettingen\/<\/p>\n<p>\u00a0<\/p>\n\n\n\n<figure class=\"wp-block-gallery has-nested-images columns-default is-cropped is-style-tw-img-frame wp-block-gallery-1 is-layout-flex wp-block-gallery-is-layout-flex\">\n<figure class=\"wp-block-image size-large\"><img loading=\"lazy\" decoding=\"async\" width=\"640\" height=\"480\" data-id=\"5976\" src=\"https:\/\/wordpress.nibis.de\/cfgs\/files\/20230607_080504-640x480.jpg\" alt=\"\" class=\"wp-image-5976\" srcset=\"https:\/\/wordpress.nibis.de\/cfgs\/files\/20230607_080504-640x480.jpg 640w, https:\/\/wordpress.nibis.de\/cfgs\/files\/20230607_080504-300x225.jpg 300w, https:\/\/wordpress.nibis.de\/cfgs\/files\/20230607_080504-768x576.jpg 768w, https:\/\/wordpress.nibis.de\/cfgs\/files\/20230607_080504-1536x1152.jpg 1536w, https:\/\/wordpress.nibis.de\/cfgs\/files\/20230607_080504-2048x1536.jpg 2048w\" sizes=\"auto, (max-width: 640px) 100vw, 640px\" \/><\/figure>\n\n\n\n<figure class=\"wp-block-image size-large\"><img loading=\"lazy\" decoding=\"async\" width=\"640\" height=\"480\" data-id=\"5977\" src=\"https:\/\/wordpress.nibis.de\/cfgs\/files\/20230607_090749-640x480.jpg\" alt=\"\" class=\"wp-image-5977\" srcset=\"https:\/\/wordpress.nibis.de\/cfgs\/files\/20230607_090749-640x480.jpg 640w, https:\/\/wordpress.nibis.de\/cfgs\/files\/20230607_090749-300x225.jpg 300w, https:\/\/wordpress.nibis.de\/cfgs\/files\/20230607_090749-768x576.jpg 768w, https:\/\/wordpress.nibis.de\/cfgs\/files\/20230607_090749-1536x1152.jpg 1536w, https:\/\/wordpress.nibis.de\/cfgs\/files\/20230607_090749-2048x1536.jpg 2048w\" sizes=\"auto, (max-width: 640px) 100vw, 640px\" \/><\/figure>\n\n\n\n<figure class=\"wp-block-image size-large\"><img loading=\"lazy\" decoding=\"async\" width=\"640\" height=\"480\" data-id=\"5974\" src=\"https:\/\/wordpress.nibis.de\/cfgs\/files\/20230607_092200-640x480.jpg\" alt=\"\" class=\"wp-image-5974\" srcset=\"https:\/\/wordpress.nibis.de\/cfgs\/files\/20230607_092200-640x480.jpg 640w, https:\/\/wordpress.nibis.de\/cfgs\/files\/20230607_092200-300x225.jpg 300w, https:\/\/wordpress.nibis.de\/cfgs\/files\/20230607_092200-768x576.jpg 768w, https:\/\/wordpress.nibis.de\/cfgs\/files\/20230607_092200-1536x1152.jpg 1536w, https:\/\/wordpress.nibis.de\/cfgs\/files\/20230607_092200-2048x1536.jpg 2048w\" sizes=\"auto, (max-width: 640px) 100vw, 640px\" \/><\/figure>\n\n\n\n<figure class=\"wp-block-image size-large\"><img loading=\"lazy\" decoding=\"async\" width=\"640\" height=\"480\" data-id=\"5973\" src=\"https:\/\/wordpress.nibis.de\/cfgs\/files\/IMG_9086-640x480.jpeg\" alt=\"\" class=\"wp-image-5973\" srcset=\"https:\/\/wordpress.nibis.de\/cfgs\/files\/IMG_9086-640x480.jpeg 640w, https:\/\/wordpress.nibis.de\/cfgs\/files\/IMG_9086-300x225.jpeg 300w, https:\/\/wordpress.nibis.de\/cfgs\/files\/IMG_9086-768x576.jpeg 768w, https:\/\/wordpress.nibis.de\/cfgs\/files\/IMG_9086-1536x1152.jpeg 1536w, https:\/\/wordpress.nibis.de\/cfgs\/files\/IMG_9086-2048x1536.jpeg 2048w\" sizes=\"auto, (max-width: 640px) 100vw, 640px\" \/><\/figure>\n\n\n\n<figure class=\"wp-block-image size-large\"><img loading=\"lazy\" decoding=\"async\" width=\"640\" height=\"480\" data-id=\"5978\" src=\"https:\/\/wordpress.nibis.de\/cfgs\/files\/IMG_9090-640x480.jpeg\" alt=\"\" class=\"wp-image-5978\" srcset=\"https:\/\/wordpress.nibis.de\/cfgs\/files\/IMG_9090-640x480.jpeg 640w, https:\/\/wordpress.nibis.de\/cfgs\/files\/IMG_9090-300x225.jpeg 300w, https:\/\/wordpress.nibis.de\/cfgs\/files\/IMG_9090-768x576.jpeg 768w, https:\/\/wordpress.nibis.de\/cfgs\/files\/IMG_9090-1536x1152.jpeg 1536w, https:\/\/wordpress.nibis.de\/cfgs\/files\/IMG_9090-2048x1536.jpeg 2048w\" sizes=\"auto, (max-width: 640px) 100vw, 640px\" \/><\/figure>\n\n\n\n<figure class=\"wp-block-image size-large\"><img loading=\"lazy\" decoding=\"async\" width=\"640\" height=\"480\" data-id=\"5975\" src=\"https:\/\/wordpress.nibis.de\/cfgs\/files\/IMG_9104-640x480.jpeg\" alt=\"\" class=\"wp-image-5975\" srcset=\"https:\/\/wordpress.nibis.de\/cfgs\/files\/IMG_9104-640x480.jpeg 640w, https:\/\/wordpress.nibis.de\/cfgs\/files\/IMG_9104-300x225.jpeg 300w, https:\/\/wordpress.nibis.de\/cfgs\/files\/IMG_9104-768x576.jpeg 768w, https:\/\/wordpress.nibis.de\/cfgs\/files\/IMG_9104-1536x1152.jpeg 1536w, https:\/\/wordpress.nibis.de\/cfgs\/files\/IMG_9104-2048x1536.jpeg 2048w\" sizes=\"auto, (max-width: 640px) 100vw, 640px\" \/><\/figure>\n<\/figure>\n","protected":false},"excerpt":{"rendered":"<p>Projekt \u201eWissenshunger\u201cZu ihrer gro\u00dfen Freude durften die Klasse 6h und die Klasse 6r2 am Projekt \u201eWissenshunger G\u00f6ttingen&#8220; teilnehmen. Eine Gruppe von sechs Medizinstudentinnen der Uni G\u00f6ttingen hat sich hierbei intensiv<\/p>\n","protected":false},"author":277,"featured_media":0,"parent":0,"menu_order":0,"comment_status":"closed","ping_status":"closed","template":"","meta":{"footnotes":""},"class_list":["post-5972","page","type-page","status-publish","hentry"],"_links":{"self":[{"href":"https:\/\/wordpress.nibis.de\/cfgs\/wp-json\/wp\/v2\/pages\/5972","targetHints":{"allow":["GET"]}}],"collection":[{"href":"https:\/\/wordpress.nibis.de\/cfgs\/wp-json\/wp\/v2\/pages"}],"about":[{"href":"https:\/\/wordpress.nibis.de\/cfgs\/wp-json\/wp\/v2\/types\/page"}],"author":[{"embeddable":true,"href":"https:\/\/wordpress.nibis.de\/cfgs\/wp-json\/wp\/v2\/users\/277"}],"replies":[{"embeddable":true,"href":"https:\/\/wordpress.nibis.de\/cfgs\/wp-json\/wp\/v2\/comments?post=5972"}],"version-history":[{"count":1,"href":"https:\/\/wordpress.nibis.de\/cfgs\/wp-json\/wp\/v2\/pages\/5972\/revisions"}],"predecessor-version":[{"id":5981,"href":"https:\/\/wordpress.nibis.de\/cfgs\/wp-json\/wp\/v2\/pages\/5972\/revisions\/5981"}],"wp:attachment":[{"href":"https:\/\/wordpress.nibis.de\/cfgs\/wp-json\/wp\/v2\/media?parent=5972"}],"curies":[{"name":"wp","href":"https:\/\/api.w.org\/{rel}","templated":true}]}}