{"id":6145,"date":"2024-03-09T10:55:21","date_gmt":"2024-03-09T09:55:21","guid":{"rendered":"https:\/\/wordpress.nibis.de\/cfgs\/?page_id=6145"},"modified":"2024-03-09T10:55:26","modified_gmt":"2024-03-09T09:55:26","slug":"besuch-der-landesgartenschau","status":"publish","type":"page","link":"https:\/\/wordpress.nibis.de\/cfgs\/besuch-der-landesgartenschau\/","title":{"rendered":"Besuch der Landesgartenschau"},"content":{"rendered":"\n<p>Im Juli, August und September 2023 sind insgesamt 6 Klassen zur Landesgartenschau nach Bad Gandersheim mit dem Zug gefahren. Neben einem umfassenden Freizeitprogramm, verschiedener sportlicher und spielerischer Aktivit\u00e4ten, gab es dort Blumenshows und Themeng\u00e4rten zu bewundern.<\/p>\n<p>Au\u00dferdem besuchten unsere Klassen insgesamt drei Veranstaltungen des &#8222;Gr\u00fcnen Klassenzimmers&#8220;. Bei einem Rundgang mit verschiedenen Baumarten und Stationen erfuhren sie was B\u00e4ume uns erz\u00e4hlen und lernten heimische Baumarten kennen. In der Veranstaltung \u201eGame over\u201d \u2013 Klima im Wandel konnten die Sch\u00fcler:innen Ursachen und Folgen des Klimawandels kreativ erarbeiten und spielerisch darstellen. Selbstverantwortung und Handlungskompetenzen zum Thema Klimaschutz sollten gest\u00e4rkt werden. Bei einem Entdeckungs- und Forschungsrundgang zu \u201eVielfalt auf dem Teller\u201c konnten unsere Sch\u00fcler:innen regionale Obst- und Gem\u00fcsesorten probieren und globale Zusammenh\u00e4nge in der Landwirtschaft kennenlernen.<\/p>\n<p>Die Fahrten zur Landesgartenschau wurden von den Klassenlehrkr\u00e4ften mit Unterst\u00fctzung des INA\/USE-Teams (Team Internationale Nachhaltigkeitsschule\/Umweltschule in Europa) organisiert und durchgef\u00fchrt. Vielen Dank an alle Lehrkr\u00e4fte und an die Klassen &#8211; sch\u00f6n, dass ihr da wart!<\/p>\n\n\n\n<figure class=\"wp-block-gallery has-nested-images columns-default is-cropped is-style-tw-img-frame wp-block-gallery-1 is-layout-flex wp-block-gallery-is-layout-flex\">\n<figure class=\"wp-block-image size-large\"><img loading=\"lazy\" decoding=\"async\" width=\"640\" height=\"480\" data-id=\"6147\" src=\"https:\/\/wordpress.nibis.de\/cfgs\/files\/IMG_20230829_102417937-1-640x480.jpg\" alt=\"\" class=\"wp-image-6147\" srcset=\"https:\/\/wordpress.nibis.de\/cfgs\/files\/IMG_20230829_102417937-1-640x480.jpg 640w, https:\/\/wordpress.nibis.de\/cfgs\/files\/IMG_20230829_102417937-1-300x225.jpg 300w, https:\/\/wordpress.nibis.de\/cfgs\/files\/IMG_20230829_102417937-1-768x576.jpg 768w, https:\/\/wordpress.nibis.de\/cfgs\/files\/IMG_20230829_102417937-1-1536x1152.jpg 1536w, https:\/\/wordpress.nibis.de\/cfgs\/files\/IMG_20230829_102417937-1-2048x1536.jpg 2048w\" sizes=\"auto, (max-width: 640px) 100vw, 640px\" \/><\/figure>\n\n\n\n<figure class=\"wp-block-image size-large\"><img loading=\"lazy\" decoding=\"async\" width=\"640\" height=\"360\" data-id=\"6146\" src=\"https:\/\/wordpress.nibis.de\/cfgs\/files\/Klasse5H1-1-640x360.jpg\" alt=\"\" class=\"wp-image-6146\" srcset=\"https:\/\/wordpress.nibis.de\/cfgs\/files\/Klasse5H1-1-640x360.jpg 640w, https:\/\/wordpress.nibis.de\/cfgs\/files\/Klasse5H1-1-300x169.jpg 300w, https:\/\/wordpress.nibis.de\/cfgs\/files\/Klasse5H1-1-768x432.jpg 768w, https:\/\/wordpress.nibis.de\/cfgs\/files\/Klasse5H1-1-1536x864.jpg 1536w, https:\/\/wordpress.nibis.de\/cfgs\/files\/Klasse5H1-1-2048x1152.jpg 2048w\" sizes=\"auto, (max-width: 640px) 100vw, 640px\" \/><\/figure>\n<\/figure>\n","protected":false},"excerpt":{"rendered":"<p>Im Juli, August und September 2023 sind insgesamt 6 Klassen zur Landesgartenschau nach Bad Gandersheim mit dem Zug gefahren. Neben einem umfassenden Freizeitprogramm, verschiedener sportlicher und spielerischer Aktivit\u00e4ten, gab es<\/p>\n","protected":false},"author":277,"featured_media":6147,"parent":0,"menu_order":0,"comment_status":"closed","ping_status":"closed","template":"","meta":{"footnotes":""},"class_list":["post-6145","page","type-page","status-publish","has-post-thumbnail","hentry"],"_links":{"self":[{"href":"https:\/\/wordpress.nibis.de\/cfgs\/wp-json\/wp\/v2\/pages\/6145","targetHints":{"allow":["GET"]}}],"collection":[{"href":"https:\/\/wordpress.nibis.de\/cfgs\/wp-json\/wp\/v2\/pages"}],"about":[{"href":"https:\/\/wordpress.nibis.de\/cfgs\/wp-json\/wp\/v2\/types\/page"}],"author":[{"embeddable":true,"href":"https:\/\/wordpress.nibis.de\/cfgs\/wp-json\/wp\/v2\/users\/277"}],"replies":[{"embeddable":true,"href":"https:\/\/wordpress.nibis.de\/cfgs\/wp-json\/wp\/v2\/comments?post=6145"}],"version-history":[{"count":1,"href":"https:\/\/wordpress.nibis.de\/cfgs\/wp-json\/wp\/v2\/pages\/6145\/revisions"}],"predecessor-version":[{"id":6150,"href":"https:\/\/wordpress.nibis.de\/cfgs\/wp-json\/wp\/v2\/pages\/6145\/revisions\/6150"}],"wp:featuredmedia":[{"embeddable":true,"href":"https:\/\/wordpress.nibis.de\/cfgs\/wp-json\/wp\/v2\/media\/6147"}],"wp:attachment":[{"href":"https:\/\/wordpress.nibis.de\/cfgs\/wp-json\/wp\/v2\/media?parent=6145"}],"curies":[{"name":"wp","href":"https:\/\/api.w.org\/{rel}","templated":true}]}}