{"id":6194,"date":"2024-03-14T12:13:58","date_gmt":"2024-03-14T11:13:58","guid":{"rendered":"https:\/\/wordpress.nibis.de\/cfgs\/?page_id=6194"},"modified":"2024-03-14T12:14:03","modified_gmt":"2024-03-14T11:14:03","slug":"neues-aus-dem-schulgarten","status":"publish","type":"page","link":"https:\/\/wordpress.nibis.de\/cfgs\/neues-aus-dem-schulgarten\/","title":{"rendered":"Neues aus dem Schulgarten"},"content":{"rendered":"\n<p>Das Projekt \u201eSchulgarten\u201c schreitet weiter voran<\/p>\n<p>Neben der Garten-AG aus dem 5. und 6. Jahrgang, die sich um das Pflanzen, die Pflege und die Ernte k\u00fcmmert, beteiligen sich auch die Technikprofilkurse aus den Jahrg\u00e4ngen 9 und 10 an diesem Projekt.<\/p>\n<p>Nachdem die Gartenh\u00fctte mit einer Regenrinne ausgestattet wurde, mussten nat\u00fcrlich auch entsprechende Beh\u00e4lter zum Auffangen des Wassers her. Neben einem 1000l-Beh\u00e4lter wurden auch noch zwei 500l-F\u00e4sser zu einem Regenwasssersystem aufgestellt und miteinander verbunden. Daf\u00fcr mussten nat\u00fcrlich neben einer Gr\u00fcndung auch entsprechende Gehwegplatten verlegt werden. Erfahrene Sch\u00fcler:innen konnten hierbei die weniger erfahrenen Sch\u00fcler:innen anleiten und so wurde ein tolles Gemeinschaftsprojekt daraus. Im Vorfeld wurde ein alter, defekter Regenwassertank demontiert und das Untergestell aus Beton, Backsteinen, Eisenstangen und Holzbalken mit massivem Einsatz eines Vorschlaghammers mit entsprechender Schutzausr\u00fcstung zertr\u00fcmmert und entsorgt.<\/p>\n<p>Das Ergebnis kann sich sehen lassen, denn nun ist vor der H\u00fctte eine gro\u00dfe Freifl\u00e4che entstanden. Hier sollen nun Sitzgelegenheiten aus Europaletten entstehen, womit das n\u00e4chste Sch\u00fclerprojekt schon gesichert ist!<\/p>\n<p>Weitere Informationen unter <a href=\"https:\/\/wordpress.nibis.de\/cfgs\/umweltschule-in-europa-bne\/\">Umweltschule in Europa\/ BNE<\/a>.<\/p>\n<p>\u00a0<\/p>\n\n\n\n<figure class=\"wp-block-gallery has-nested-images columns-default is-cropped is-style-tw-img-frame wp-block-gallery-1 is-layout-flex wp-block-gallery-is-layout-flex\">\n<figure class=\"wp-block-image size-large\"><img loading=\"lazy\" decoding=\"async\" width=\"1920\" height=\"2560\" data-id=\"5744\" src=\"http:\/\/wordpress.nibis.de\/cfgs\/files\/schulgarten_2_skaliert-scaled.jpg\" alt=\"\" class=\"wp-image-5744\" srcset=\"https:\/\/wordpress.nibis.de\/cfgs\/files\/schulgarten_2_skaliert-scaled.jpg 1920w, https:\/\/wordpress.nibis.de\/cfgs\/files\/schulgarten_2_skaliert-225x300.jpg 225w, https:\/\/wordpress.nibis.de\/cfgs\/files\/schulgarten_2_skaliert-360x480.jpg 360w, https:\/\/wordpress.nibis.de\/cfgs\/files\/schulgarten_2_skaliert-768x1024.jpg 768w, https:\/\/wordpress.nibis.de\/cfgs\/files\/schulgarten_2_skaliert-1152x1536.jpg 1152w, https:\/\/wordpress.nibis.de\/cfgs\/files\/schulgarten_2_skaliert-1536x2048.jpg 1536w\" sizes=\"auto, (max-width: 1920px) 100vw, 1920px\" \/><\/figure>\n<\/figure>\n","protected":false},"excerpt":{"rendered":"<p>Das Projekt \u201eSchulgarten\u201c schreitet weiter voran Neben der Garten-AG aus dem 5. und 6. Jahrgang, die sich um das Pflanzen, die Pflege und die Ernte k\u00fcmmert, beteiligen sich auch die<\/p>\n","protected":false},"author":277,"featured_media":0,"parent":0,"menu_order":0,"comment_status":"closed","ping_status":"closed","template":"","meta":{"footnotes":""},"class_list":["post-6194","page","type-page","status-publish","hentry"],"_links":{"self":[{"href":"https:\/\/wordpress.nibis.de\/cfgs\/wp-json\/wp\/v2\/pages\/6194","targetHints":{"allow":["GET"]}}],"collection":[{"href":"https:\/\/wordpress.nibis.de\/cfgs\/wp-json\/wp\/v2\/pages"}],"about":[{"href":"https:\/\/wordpress.nibis.de\/cfgs\/wp-json\/wp\/v2\/types\/page"}],"author":[{"embeddable":true,"href":"https:\/\/wordpress.nibis.de\/cfgs\/wp-json\/wp\/v2\/users\/277"}],"replies":[{"embeddable":true,"href":"https:\/\/wordpress.nibis.de\/cfgs\/wp-json\/wp\/v2\/comments?post=6194"}],"version-history":[{"count":1,"href":"https:\/\/wordpress.nibis.de\/cfgs\/wp-json\/wp\/v2\/pages\/6194\/revisions"}],"predecessor-version":[{"id":6197,"href":"https:\/\/wordpress.nibis.de\/cfgs\/wp-json\/wp\/v2\/pages\/6194\/revisions\/6197"}],"wp:attachment":[{"href":"https:\/\/wordpress.nibis.de\/cfgs\/wp-json\/wp\/v2\/media?parent=6194"}],"curies":[{"name":"wp","href":"https:\/\/api.w.org\/{rel}","templated":true}]}}