{"id":6209,"date":"2024-03-14T12:40:08","date_gmt":"2024-03-14T11:40:08","guid":{"rendered":"https:\/\/wordpress.nibis.de\/cfgs\/?page_id=6209"},"modified":"2024-03-14T12:40:08","modified_gmt":"2024-03-14T11:40:08","slug":"aktion-tag-der-vielfalt-der-juni-als-pride-month","status":"publish","type":"page","link":"https:\/\/wordpress.nibis.de\/cfgs\/aktion-tag-der-vielfalt-der-juni-als-pride-month\/","title":{"rendered":"Aktion &#8222;Tag der Vielfalt&#8220;\/ der Juni als Pride Month"},"content":{"rendered":"\n<p>Am 23.05.23 war der Tag der Vielfalt, den die Sch\u00fcler*innen der SV besonders gestaltet haben.<\/p>\n<p>Sie haben in den Pausen einen Info-Stand aufgebaut mit Informationen und einem Quiz rund um das Thema Sexuelle Vielfalt. Hier konnten Interessierte sich nicht nur zum Thema eigenst\u00e4ndig informieren, sondern auch mit SV-Sch\u00fcler*innen und Lehrer*innen ins Gespr\u00e4ch kommen.<\/p>\n<p>Au\u00dferdem sind sie durch die 6. Klassen gegangen, haben mit den Sch\u00fcler*innen das Thema &#8222;LGBTQIA+&#8220; in Einzelstunden aufgearbeitet und ihre Fragen hierzu beantwortet. Als besonderer Gast bereicherte ein ehemaliger Sch\u00fcler, der selbst der &#8222;LGBTQIA+&#8220;-Community angeh\u00f6rt, den Unterricht und berichtete den Sch\u00fcler*innen von seinen Erfahrungen.<\/p>\n<p>Weitere Informationen unter <a href=\"https:\/\/wordpress.nibis.de\/cfgs\/umweltschule-in-europa-bne\/\">Umweltschule in Europa\/ BNE<\/a><\/p>\n<p>\u00a0<\/p>\n\n\n\n<figure class=\"wp-block-image size-large is-style-tw-frame\"><img decoding=\"async\" src=\"http:\/\/wordpress.nibis.de\/cfgs\/files\/tag_der_vielfalt-640x320.png\" alt=\"\" class=\"wp-image-5791\" \/><\/figure>\n","protected":false},"excerpt":{"rendered":"<p>Am 23.05.23 war der Tag der Vielfalt, den die Sch\u00fcler*innen der SV besonders gestaltet haben. Sie haben in den Pausen einen Info-Stand aufgebaut mit Informationen und einem Quiz rund um<\/p>\n","protected":false},"author":277,"featured_media":0,"parent":0,"menu_order":0,"comment_status":"closed","ping_status":"closed","template":"","meta":{"footnotes":""},"class_list":["post-6209","page","type-page","status-publish","hentry"],"_links":{"self":[{"href":"https:\/\/wordpress.nibis.de\/cfgs\/wp-json\/wp\/v2\/pages\/6209","targetHints":{"allow":["GET"]}}],"collection":[{"href":"https:\/\/wordpress.nibis.de\/cfgs\/wp-json\/wp\/v2\/pages"}],"about":[{"href":"https:\/\/wordpress.nibis.de\/cfgs\/wp-json\/wp\/v2\/types\/page"}],"author":[{"embeddable":true,"href":"https:\/\/wordpress.nibis.de\/cfgs\/wp-json\/wp\/v2\/users\/277"}],"replies":[{"embeddable":true,"href":"https:\/\/wordpress.nibis.de\/cfgs\/wp-json\/wp\/v2\/comments?post=6209"}],"version-history":[{"count":1,"href":"https:\/\/wordpress.nibis.de\/cfgs\/wp-json\/wp\/v2\/pages\/6209\/revisions"}],"predecessor-version":[{"id":6212,"href":"https:\/\/wordpress.nibis.de\/cfgs\/wp-json\/wp\/v2\/pages\/6209\/revisions\/6212"}],"wp:attachment":[{"href":"https:\/\/wordpress.nibis.de\/cfgs\/wp-json\/wp\/v2\/media?parent=6209"}],"curies":[{"name":"wp","href":"https:\/\/api.w.org\/{rel}","templated":true}]}}

<p>Am 23.05.23 war der Tag der Vielfalt, den die Schüler*innen der SV besonders gestaltet haben.</p>
<p>Sie haben in den Pausen einen Info-Stand aufgebaut mit Informationen und einem Quiz rund um das Thema Sexuelle Vielfalt. Hier konnten Interessierte sich nicht nur zum Thema eigenständig informieren, sondern auch mit SV-Schüler*innen und Lehrer*innen ins Gespräch kommen.</p>
<p>Außerdem sind sie durch die 6. Klassen gegangen, haben mit den Schüler*innen das Thema &#8222;LGBTQIA+&#8220; in Einzelstunden aufgearbeitet und ihre Fragen hierzu beantwortet. Als besonderer Gast bereicherte ein ehemaliger Schüler, der selbst der &#8222;LGBTQIA+&#8220;-Community angehört, den Unterricht und berichtete den Schüler*innen von seinen Erfahrungen.</p>
<p>Weitere Informationen unter <a href="https://wordpress.nibis.de/cfgs/umweltschule-in-europa-bne/">Umweltschule in Europa/ BNE</a></p>
<p> </p>



<figure class="wp-block-image size-large is-style-tw-frame"><img decoding="async" src="http://wordpress.nibis.de/cfgs/files/tag_der_vielfalt-640x320.png" alt="" class="wp-image-5791" /></figure>

<p>Am 23.05.23 war der Tag der Vielfalt, den die Schüler*innen der SV besonders gestaltet haben. Sie haben in den Pausen einen Info-Stand aufgebaut mit Informationen und einem Quiz rund um</p>
