{"id":77,"date":"2020-03-05T14:10:50","date_gmt":"2020-03-05T14:10:50","guid":{"rendered":"http:\/\/cfgs.jtmey.de\/?page_id=77"},"modified":"2025-09-09T08:41:28","modified_gmt":"2025-09-09T06:41:28","slug":"berufsberatung","status":"publish","type":"page","link":"https:\/\/wordpress.nibis.de\/cfgs\/berufsberatung\/","title":{"rendered":"Berufsberatung"},"content":{"rendered":"\n<figure class=\"wp-block-table\"><table><tbody><tr><td><img decoding=\"async\" src=\"http:\/\/wordpress.nibis.de\/cfgs\/files\/01-gauss-button-Kopie.jpg\" style=\"width: 150px\"><\/td><td><strong><span class=\"has-inline-color has-primary-color\">Corinna Heinz<\/span><\/strong><\/td><td class=\"has-text-align-left\" data-align=\"left\">kostenlose Service-Nummer: 0800 4 55 55 00<\/td><\/tr><\/tbody><\/table><\/figure>\n\n\n\n<p>Jeder steht irgendwann vor der Frage: <em>Was mache ich nach der Schule? Welche M\u00f6glichkeiten habe ich und wie erreiche ich meine Ziele?<\/em><\/p>\n\n\n\n<p>Daher kann sich bei uns jeder ab dem 8. Jahrgang von unserer Berufsberaterin  Frau K\u00fcster zu allen Aspekten rund um die Berufswahl beraten lassen. Frau K\u00fcster besucht ab dem 8. Jahrgang alle Klassen regelm\u00e4\u00dfig mindestens einmal im Schuljahr. Au\u00dferdem ist sie in der Sprechstunde in der Schule regelm\u00e4\u00dfig f\u00fcr kurze Informationsgespr\u00e4che erreichbar. Nach Vereinbarung eines Termins ist auch ein intensiverer Austausch in einem Beratungsgespr\u00e4ch in der Schule oder in der Agentur f\u00fcr Arbeit in G\u00f6ttingen m\u00f6glich.<\/p>\n\n\n\n<p><strong>Was kann alles besprochen werden?<\/strong><\/p>\n\n\n\n<ul class=\"wp-block-list\"><li>Berufswahl: Welche Berufe passen zu mir?<\/li><li>Was sind m\u00f6gliche Alternativen!?<\/li><li>Wie sind meine Chancen auf dem Ausbildungsmarkt?<\/li><li>Wie bekomme ich Adressen von Ausbildungsstellen?<\/li><li>Erstattung von Bewerbungs- und Fahrkosten zu Vorstellungsgespr\u00e4chen<\/li><li>Weiterf\u00fchrende Schulen: Welche gibt es? Welche passt zu mir? Wie kann ich mich anmelden?<\/li><\/ul>\n\n\n\n<p>Eine Auswahl von interessanten Internetseiten, regionalen Informationen &amp; Terminen und der Anmeldebogen sind <a rel=\"noreferrer noopener\" href=\"http:\/\/www.berufswahl-regional.de\" target=\"_blank\">hier<\/a> zu finden.<\/p>\n\n\n\n<p><\/p>\n\n\n\n<div data-wp-interactive=\"core\/file\" class=\"wp-block-file\"><object data-wp-bind--hidden=\"!state.hasPdfPreview\" hidden class=\"wp-block-file__embed\" data=\"https:\/\/wordpress.nibis.de\/cfgs\/files\/Vorstellung-Berufsberaterin-CFG.pdf\" type=\"application\/pdf\" style=\"width:100%;height:600px\" aria-label=\"Einbettung von Einbettung von Vorstellung-Berufsberaterin-CFG..\"><\/object><a id=\"wp-block-file--media-7c5d3d7c-d3d4-4b68-98a3-b76c8612642a\" href=\"https:\/\/wordpress.nibis.de\/cfgs\/files\/Vorstellung-Berufsberaterin-CFG.pdf\">Vorstellung-Berufsberaterin-CFG<\/a><a href=\"https:\/\/wordpress.nibis.de\/cfgs\/files\/Vorstellung-Berufsberaterin-CFG.pdf\" class=\"wp-block-file__button\" download aria-describedby=\"wp-block-file--media-7c5d3d7c-d3d4-4b68-98a3-b76c8612642a\">Herunterladen<\/a><\/div>\n","protected":false},"excerpt":{"rendered":"<p>Corinna Heinz kostenlose Service-Nummer: 0800 4 55 55 00 Jeder steht irgendwann vor der Frage: Was mache ich nach der Schule? Welche M\u00f6glichkeiten habe ich und wie erreiche ich meine<\/p>\n","protected":false},"author":9193449,"featured_media":0,"parent":0,"menu_order":0,"comment_status":"closed","ping_status":"closed","template":"","meta":{"footnotes":""},"class_list":["post-77","page","type-page","status-publish","hentry"],"_links":{"self":[{"href":"https:\/\/wordpress.nibis.de\/cfgs\/wp-json\/wp\/v2\/pages\/77","targetHints":{"allow":["GET"]}}],"collection":[{"href":"https:\/\/wordpress.nibis.de\/cfgs\/wp-json\/wp\/v2\/pages"}],"about":[{"href":"https:\/\/wordpress.nibis.de\/cfgs\/wp-json\/wp\/v2\/types\/page"}],"author":[{"embeddable":true,"href":"https:\/\/wordpress.nibis.de\/cfgs\/wp-json\/wp\/v2\/users\/9193449"}],"replies":[{"embeddable":true,"href":"https:\/\/wordpress.nibis.de\/cfgs\/wp-json\/wp\/v2\/comments?post=77"}],"version-history":[{"count":5,"href":"https:\/\/wordpress.nibis.de\/cfgs\/wp-json\/wp\/v2\/pages\/77\/revisions"}],"predecessor-version":[{"id":7032,"href":"https:\/\/wordpress.nibis.de\/cfgs\/wp-json\/wp\/v2\/pages\/77\/revisions\/7032"}],"wp:attachment":[{"href":"https:\/\/wordpress.nibis.de\/cfgs\/wp-json\/wp\/v2\/media?parent=77"}],"curies":[{"name":"wp","href":"https:\/\/api.w.org\/{rel}","templated":true}]}}