{"id":846,"date":"2020-06-18T15:25:30","date_gmt":"2020-06-18T15:25:30","guid":{"rendered":"http:\/\/cfgs-c.jtmey.de\/?page_id=846"},"modified":"2021-01-15T15:58:59","modified_gmt":"2021-01-15T14:58:59","slug":"mathematik","status":"publish","type":"page","link":"https:\/\/wordpress.nibis.de\/cfgs\/mathematik\/","title":{"rendered":"Mathematik"},"content":{"rendered":"\n<p>Der Mathematikunterricht soll den Sch\u00fclerinnen und Sch\u00fclern die Mathematik als n\u00fctzliches Werkzeug mit vielf\u00e4ltigen Anwendungen in Beruf und Alltag vermitteln und erfahrbar machen.<\/p>\n\n\n\n<p><em>\u201eDie Fr\u00f6schin Tilla frisst normalerweise 5 Spinnen pro Tag. Wenn sie ganz besonders hungrig ist, dann frisst sie allerdings 10 Spinnen pro Tag. In den vergangenen 9 Tagen hat Tilla 60 Spinnen gefressen. An wie vielen Tagen war Tilla besonders hungrig?\u201c<\/em><\/p>\n\n\n\n<p>Dies ist eine der Aufgaben, mit denen sich unsere Sch\u00fclerinnen und Sch\u00fcler im <a href=\"https:\/\/www.mathe-kaenguru.de\/index.html\" target=\"_blank\" rel=\"noreferrer noopener\">K\u00e4nguru-Wettbewerb<\/a> der Jahrg\u00e4nge 5 und 6 auseinandersetzen. Sowohl diese als auch die Aufgaben von <a href=\"https:\/\/www.mathe-im-advent.de\/de\/\" target=\"_blank\" rel=\"noreferrer noopener\">Mathe im Advent<\/a> machen Kindern Spa\u00df und bringen ihnen die Mathematik spielerisch n\u00e4her. Besonders mathematikinteressierte Sch\u00fclerinnen und Sch\u00fcler bekommen dar\u00fcber hinaus die M\u00f6glichkeit an der <a href=\"https:\/\/www.mathematik-olympiaden.de\/moev\/index.php\" target=\"_blank\" rel=\"noreferrer noopener\">Mathematik-Olympiade<\/a> teilzunehmen.<\/p>\n\n\n\n<p>Als <strong>M<\/strong>INT-Schule besitzt das Fach <strong>M<\/strong>athematik einen besonderen Stellenwert bei uns. Dieser Stellenwert wird auch besonders durch den Namensgeber unserer Schule, den Mathematiker Carl-Friedrich-Gau\u00df erkennbar.<\/p>\n\n\n\n<p><\/p>\n","protected":false},"excerpt":{"rendered":"<p>Der Mathematikunterricht soll den Sch\u00fclerinnen und Sch\u00fclern die Mathematik als n\u00fctzliches Werkzeug mit vielf\u00e4ltigen Anwendungen in Beruf und Alltag vermitteln und erfahrbar machen. \u201eDie Fr\u00f6schin Tilla frisst normalerweise 5 Spinnen<\/p>\n","protected":false},"author":9193449,"featured_media":0,"parent":0,"menu_order":0,"comment_status":"closed","ping_status":"closed","template":"","meta":{"footnotes":""},"class_list":["post-846","page","type-page","status-publish","hentry"],"_links":{"self":[{"href":"https:\/\/wordpress.nibis.de\/cfgs\/wp-json\/wp\/v2\/pages\/846","targetHints":{"allow":["GET"]}}],"collection":[{"href":"https:\/\/wordpress.nibis.de\/cfgs\/wp-json\/wp\/v2\/pages"}],"about":[{"href":"https:\/\/wordpress.nibis.de\/cfgs\/wp-json\/wp\/v2\/types\/page"}],"author":[{"embeddable":true,"href":"https:\/\/wordpress.nibis.de\/cfgs\/wp-json\/wp\/v2\/users\/9193449"}],"replies":[{"embeddable":true,"href":"https:\/\/wordpress.nibis.de\/cfgs\/wp-json\/wp\/v2\/comments?post=846"}],"version-history":[{"count":5,"href":"https:\/\/wordpress.nibis.de\/cfgs\/wp-json\/wp\/v2\/pages\/846\/revisions"}],"predecessor-version":[{"id":2251,"href":"https:\/\/wordpress.nibis.de\/cfgs\/wp-json\/wp\/v2\/pages\/846\/revisions\/2251"}],"wp:attachment":[{"href":"https:\/\/wordpress.nibis.de\/cfgs\/wp-json\/wp\/v2\/media?parent=846"}],"curies":[{"name":"wp","href":"https:\/\/api.w.org\/{rel}","templated":true}]}}