{"id":858,"date":"2020-06-18T15:37:18","date_gmt":"2020-06-18T13:37:18","guid":{"rendered":"http:\/\/cfgs-c.jtmey.de\/?page_id=858"},"modified":"2021-01-17T18:58:39","modified_gmt":"2021-01-17T17:58:39","slug":"englisch","status":"publish","type":"page","link":"https:\/\/wordpress.nibis.de\/cfgs\/englisch\/","title":{"rendered":"Englisch"},"content":{"rendered":"\n<p>Der Englischunterricht zeigt unserer Sch\u00fclerschaft, dass Englisch ein fester Bestandteil unseres Lebens geworden ist. Hier lernt unsere Sch\u00fclerschaft, mit anderen Menschen auf Englisch zu kommunizieren. Auch gibt es vieles \u00fcber L\u00e4nder zu erfahren, in denen Englisch gesprochen wird (Great Britain, USA, Australia, New Zealand, Canada), wie z.B. die landestypische Lebensweise, das Schulsystem oder kulturelle Besonderheiten. <\/p>\n\n\n\n<p>Wir sind eine internationale Schule, die eine globale und interkulturelle Sichtweise vermitteln m\u00f6chte. Um mit anderen Kulturen in Kontakt zu treten ist Sprache und eine gemeinsame Verst\u00e4ndigung unverzichtbar. Hier bei uns wird den Kindern interculturalcompetence und Fremdsprachenkenntnisse als Teil ihrer Lebenswelt vermittelt. Wir lernen mit Herz und Hand.<\/p>\n\n\n\n<p>Die im Englischunterricht erworbenen Kompetenzen kann unsere Sch\u00fclerschaft auf unserer London-Studienfahrt sowie der Teilnahme an <a rel=\"noreferrer noopener\" href=\"https:\/\/www.thebigchallenge.com\/de\/\" target=\"_blank\">The BIG Challenge<\/a> unter Beweis stellen. In sch\u00f6ner Regelm\u00e4\u00dfigkeit verwandelt sich unser Forum alle zwei Jahre in ein englisches Theaterhaus, wenn das p\u00e4dagogische Tourneetheater \u201eWhite Horse Theatre\u201c wieder einmal zu Besuch ist.<\/p>\n","protected":false},"excerpt":{"rendered":"<p>Der Englischunterricht zeigt unserer Sch\u00fclerschaft, dass Englisch ein fester Bestandteil unseres Lebens geworden ist. Hier lernt unsere Sch\u00fclerschaft, mit anderen Menschen auf Englisch zu kommunizieren. Auch gibt es vieles \u00fcber<\/p>\n","protected":false},"author":9193449,"featured_media":0,"parent":0,"menu_order":0,"comment_status":"closed","ping_status":"closed","template":"","meta":{"footnotes":""},"class_list":["post-858","page","type-page","status-publish","hentry"],"_links":{"self":[{"href":"https:\/\/wordpress.nibis.de\/cfgs\/wp-json\/wp\/v2\/pages\/858","targetHints":{"allow":["GET"]}}],"collection":[{"href":"https:\/\/wordpress.nibis.de\/cfgs\/wp-json\/wp\/v2\/pages"}],"about":[{"href":"https:\/\/wordpress.nibis.de\/cfgs\/wp-json\/wp\/v2\/types\/page"}],"author":[{"embeddable":true,"href":"https:\/\/wordpress.nibis.de\/cfgs\/wp-json\/wp\/v2\/users\/9193449"}],"replies":[{"embeddable":true,"href":"https:\/\/wordpress.nibis.de\/cfgs\/wp-json\/wp\/v2\/comments?post=858"}],"version-history":[{"count":4,"href":"https:\/\/wordpress.nibis.de\/cfgs\/wp-json\/wp\/v2\/pages\/858\/revisions"}],"predecessor-version":[{"id":2519,"href":"https:\/\/wordpress.nibis.de\/cfgs\/wp-json\/wp\/v2\/pages\/858\/revisions\/2519"}],"wp:attachment":[{"href":"https:\/\/wordpress.nibis.de\/cfgs\/wp-json\/wp\/v2\/media?parent=858"}],"curies":[{"name":"wp","href":"https:\/\/api.w.org\/{rel}","templated":true}]}}