{"id":862,"date":"2020-06-18T15:38:55","date_gmt":"2020-06-18T13:38:55","guid":{"rendered":"http:\/\/cfgs-c.jtmey.de\/?page_id=862"},"modified":"2021-01-15T16:13:46","modified_gmt":"2021-01-15T15:13:46","slug":"zweite-fremdsprache-franzoesisch-oder-spanisch","status":"publish","type":"page","link":"https:\/\/wordpress.nibis.de\/cfgs\/zweite-fremdsprache-franzoesisch-oder-spanisch\/","title":{"rendered":"Zweite Fremdsprache: Franz\u00f6sisch oder Spanisch"},"content":{"rendered":"\n<p>Sowohl Franz\u00f6sisch wie auch Spanisch wird in den Jahrg\u00e4ngen 6 bis 10 als zweite Fremdsprache unterrichtet. Im Unterricht werden interkulturelle und sprachliche Kompetenzen vermittelt, die die Sch\u00fclerschaft bef\u00e4higen, sich in der jeweiligen Fremdsprache zu verst\u00e4ndigen. Sch\u00f6ne Abwechslung bieten regelm\u00e4\u00dfig stattfindende au\u00dferschulische Aktionen wie zum Beispiel der Besuch des franz\u00f6sischen Schulfilmfestivals &#8222;<a rel=\"noreferrer noopener\" href=\"https:\/\/cinefete.de\/kino-kino-lumiere-goettingen\" target=\"_blank\">cin\u00e9f\u00eate<\/a>&#8220; und unsere <a href=\"https:\/\/wordpress.nibis.de\/cfgs\/schulfahrten\/\">Fahrten<\/a> nach Frankreich oder Spanien. <\/p>\n\n\n\n<p>Dar\u00fcber hinaus bieten wir unserer Sch\u00fclerschaft die M\u00f6glichkeit, die Sprachzertifikate <a href=\"https:\/\/www.institutfrancais.de\/deutschland\/franzoesisch-lernen\/alle-sprachzertifikate\/delf-dalf\" target=\"_blank\" rel=\"noreferrer noopener\">DELF<\/a> und DELE-escolar zu erwerben und bereiten Interessierte in einer AG intensiv darauf vor. Im letzten Durchgang haben alle Pr\u00fcflinge die DELF-Pr\u00fcfung bravour\u00f6s bestanden: eine tolle Best\u00e4tigung, dass sich Lernen lohnt.&nbsp; <em>F\u00e9licitations<\/em>! <\/p>\n\n\n\n<p><strong>Wahl der zweiten Fremdsprache<\/strong><\/p>\n\n\n\n<p>Im Gymnasialzweig muss als zweite Pflichtfremdsprache entweder Franz\u00f6sisch oder Spanisch angew\u00e4hlt werden.<\/p>\n\n\n\n<p>Auch im Realschulzweig werden beide Sprachen angeboten und k\u00f6nnen bei entsprechenden Leistungen in den \u00fcbrigen Hauptf\u00e4chern als vierst\u00fcndiger <a href=\"http:\/\/Wahlprlichtkurs\">Wahlpflichtkurs<\/a> (WPK) im 6. Jahrgang belegt werden. Eine Abwahl ist am Ende jedes Schuljahrs m\u00f6glich. Eine durchg\u00e4ngige Belegung der zweiten Fremdsprache von Klasse 6 an ist Voraussetzung f\u00fcr einen eventuellen Wechsel in den Gymnasialzweig unserer Schule.<\/p>\n\n\n\n<p>In den Jahrg\u00e4ngen 9 und 10 findet eine Profilbildung statt: wird das sprachliche Profil angew\u00e4hlt, muss die 2. Fremdsprache durchgehend bis zum Ende der 10.Klasse belegt werden.<\/p>\n\n\n\n<p><strong>&#8222;Bonjour&#8220; oder &#8222;Buenos dias&#8220;? Franz\u00f6sisch oder Spanisch?<\/strong><\/p>\n\n\n\n<p>Welche der beiden Sprachen angew\u00e4hlt wird, entscheiden die Lernenden je nach ihren Interessen und Vorlieben nach ausf\u00fchrlicher Beratung durch die Lehrkr\u00e4fte und &#8222;Schnupperstunden&#8220; in beiden Sprachen. Allerdings muss man sich nat\u00fcrlich von Beginn des Unterrichts an auf eine Sprache festlegen &#8211; ein sp\u00e4terer Wechsel ist nicht m\u00f6glich. <\/p>\n\n\n\n<p><\/p>\n","protected":false},"excerpt":{"rendered":"<p>Sowohl Franz\u00f6sisch wie auch Spanisch wird in den Jahrg\u00e4ngen 6 bis 10 als zweite Fremdsprache unterrichtet. Im Unterricht werden interkulturelle und sprachliche Kompetenzen vermittelt, die die Sch\u00fclerschaft bef\u00e4higen, sich in<\/p>\n","protected":false},"author":9193718,"featured_media":0,"parent":0,"menu_order":0,"comment_status":"closed","ping_status":"closed","template":"","meta":{"footnotes":""},"class_list":["post-862","page","type-page","status-publish","hentry"],"_links":{"self":[{"href":"https:\/\/wordpress.nibis.de\/cfgs\/wp-json\/wp\/v2\/pages\/862","targetHints":{"allow":["GET"]}}],"collection":[{"href":"https:\/\/wordpress.nibis.de\/cfgs\/wp-json\/wp\/v2\/pages"}],"about":[{"href":"https:\/\/wordpress.nibis.de\/cfgs\/wp-json\/wp\/v2\/types\/page"}],"author":[{"embeddable":true,"href":"https:\/\/wordpress.nibis.de\/cfgs\/wp-json\/wp\/v2\/users\/9193718"}],"replies":[{"embeddable":true,"href":"https:\/\/wordpress.nibis.de\/cfgs\/wp-json\/wp\/v2\/comments?post=862"}],"version-history":[{"count":12,"href":"https:\/\/wordpress.nibis.de\/cfgs\/wp-json\/wp\/v2\/pages\/862\/revisions"}],"predecessor-version":[{"id":2424,"href":"https:\/\/wordpress.nibis.de\/cfgs\/wp-json\/wp\/v2\/pages\/862\/revisions\/2424"}],"wp:attachment":[{"href":"https:\/\/wordpress.nibis.de\/cfgs\/wp-json\/wp\/v2\/media?parent=862"}],"curies":[{"name":"wp","href":"https:\/\/api.w.org\/{rel}","templated":true}]}}

Zweite Fremdsprache: Französisch oder Spanisch

<p>Sowohl Französisch wie auch Spanisch wird in den Jahrgängen 6 bis 10 als zweite Fremdsprache unterrichtet. Im Unterricht werden interkulturelle und sprachliche Kompetenzen vermittelt, die die Schülerschaft befähigen, sich in der jeweiligen Fremdsprache zu verständigen. Schöne Abwechslung bieten regelmäßig stattfindende außerschulische Aktionen wie zum Beispiel der Besuch des französischen Schulfilmfestivals &#8222;<a rel="noreferrer noopener" href="https://cinefete.de/kino-kino-lumiere-goettingen" target="_blank">cinéfête</a>&#8220; und unsere <a href="https://wordpress.nibis.de/cfgs/schulfahrten/">Fahrten</a> nach Frankreich oder Spanien. </p>



<p>Darüber hinaus bieten wir unserer Schülerschaft die Möglichkeit, die Sprachzertifikate <a href="https://www.institutfrancais.de/deutschland/franzoesisch-lernen/alle-sprachzertifikate/delf-dalf" target="_blank" rel="noreferrer noopener">DELF</a> und DELE-escolar zu erwerben und bereiten Interessierte in einer AG intensiv darauf vor. Im letzten Durchgang haben alle Prüflinge die DELF-Prüfung bravourös bestanden: eine tolle Bestätigung, dass sich Lernen lohnt.&nbsp; <em>Félicitations</em>! </p>



<p><strong>Wahl der zweiten Fremdsprache</strong></p>



<p>Im Gymnasialzweig muss als zweite Pflichtfremdsprache entweder Französisch oder Spanisch angewählt werden.</p>



<p>Auch im Realschulzweig werden beide Sprachen angeboten und können bei entsprechenden Leistungen in den übrigen Hauptfächern als vierstündiger <a href="http://Wahlprlichtkurs">Wahlpflichtkurs</a> (WPK) im 6. Jahrgang belegt werden. Eine Abwahl ist am Ende jedes Schuljahrs möglich. Eine durchgängige Belegung der zweiten Fremdsprache von Klasse 6 an ist Voraussetzung für einen eventuellen Wechsel in den Gymnasialzweig unserer Schule.</p>



<p>In den Jahrgängen 9 und 10 findet eine Profilbildung statt: wird das sprachliche Profil angewählt, muss die 2. Fremdsprache durchgehend bis zum Ende der 10.Klasse belegt werden.</p>



<p><strong>&#8222;Bonjour&#8220; oder &#8222;Buenos dias&#8220;? Französisch oder Spanisch?</strong></p>



<p>Welche der beiden Sprachen angewählt wird, entscheiden die Lernenden je nach ihren Interessen und Vorlieben nach ausführlicher Beratung durch die Lehrkräfte und &#8222;Schnupperstunden&#8220; in beiden Sprachen. Allerdings muss man sich natürlich von Beginn des Unterrichts an auf eine Sprache festlegen &#8211; ein späterer Wechsel ist nicht möglich. </p>



<p></p>

<p>Sowohl Französisch wie auch Spanisch wird in den Jahrgängen 6 bis 10 als zweite Fremdsprache unterrichtet. Im Unterricht werden interkulturelle und sprachliche Kompetenzen vermittelt, die die Schülerschaft befähigen, sich in</p>
