{"id":95,"date":"2020-03-05T14:19:45","date_gmt":"2020-03-05T14:19:45","guid":{"rendered":"http:\/\/cfgs.jtmey.de\/?page_id=95"},"modified":"2024-08-07T08:21:18","modified_gmt":"2024-08-07T06:21:18","slug":"schulleitung","status":"publish","type":"page","link":"https:\/\/wordpress.nibis.de\/cfgs\/schulleitung\/","title":{"rendered":"Schulleitung"},"content":{"rendered":"\n<figure class=\"wp-block-table\"><table><tbody><tr><td><img loading=\"lazy\" decoding=\"async\" width=\"1706\" height=\"2560\" class=\"wp-image-6272\" style=\"width: 150px\" src=\"http:\/\/wordpress.nibis.de\/cfgs\/files\/IMG_8000-scaled.jpg\" alt=\"\" srcset=\"https:\/\/wordpress.nibis.de\/cfgs\/files\/IMG_8000-scaled.jpg 1706w, https:\/\/wordpress.nibis.de\/cfgs\/files\/IMG_8000-200x300.jpg 200w, https:\/\/wordpress.nibis.de\/cfgs\/files\/IMG_8000-320x480.jpg 320w, https:\/\/wordpress.nibis.de\/cfgs\/files\/IMG_8000-768x1152.jpg 768w, https:\/\/wordpress.nibis.de\/cfgs\/files\/IMG_8000-1024x1536.jpg 1024w, https:\/\/wordpress.nibis.de\/cfgs\/files\/IMG_8000-1365x2048.jpg 1365w\" sizes=\"auto, (max-width: 1706px) 100vw, 1706px\" \/><\/td><td><strong><span class=\"has-inline-color has-black-color\">Schulleiter:<\/span><\/strong><br><br><strong>Oberschuldirektor <\/strong><br><span class=\"has-inline-color has-primary-color\"><strong>Jens Haepe<\/strong><\/span><\/td><td>&#x69;&#110;&#102;&#x6f;&#x40;&#99;&#102;&#x67;&#x73;&#46;&#100;&#x65;<br>B\u00f6nneker Str. 10<br>37133 Friedland OT Gro\u00df Schneen<br>Tel.: 05504 &#8211; 80552-0<\/td><\/tr><tr><td><img loading=\"lazy\" decoding=\"async\" width=\"1707\" height=\"2560\" class=\"wp-image-6293\" style=\"width: 150px\" src=\"http:\/\/wordpress.nibis.de\/cfgs\/files\/IMG_8131-scaled.jpg\" alt=\"\" srcset=\"https:\/\/wordpress.nibis.de\/cfgs\/files\/IMG_8131-scaled.jpg 1707w, https:\/\/wordpress.nibis.de\/cfgs\/files\/IMG_8131-200x300.jpg 200w, https:\/\/wordpress.nibis.de\/cfgs\/files\/IMG_8131-320x480.jpg 320w, https:\/\/wordpress.nibis.de\/cfgs\/files\/IMG_8131-768x1152.jpg 768w, https:\/\/wordpress.nibis.de\/cfgs\/files\/IMG_8131-1024x1536.jpg 1024w, https:\/\/wordpress.nibis.de\/cfgs\/files\/IMG_8131-1366x2048.jpg 1366w\" sizes=\"auto, (max-width: 1707px) 100vw, 1707px\" \/><\/td><td><strong><span class=\"has-inline-color has-black-color\">stellvertretender Schulleiter:<\/span><\/strong><br><br><strong>Direktorstellvertreter<\/strong><br><strong><span class=\"has-inline-color has-primary-color\"><strong><span class=\"has-inline-color has-primary-color\">Sebastian F\u00f6rster<\/span><\/strong><\/span><\/strong><\/td><td>&#115;&#x65;&#98;&#x61;s&#x74;i&#97;&#x6e;&#46;&#x66;o&#x65;r&#115;&#x74;&#101;&#x72;&#64;&#x63;f&#103;&#x73;&#46;&#x64;e<br><br>Tel.: 05504 &#8211; 80552-13<\/td><\/tr><tr><td><br><img decoding=\"async\" src=\"http:\/\/wordpress.nibis.de\/cfgs\/files\/IMG_8147-scaled.jpg\" style=\"width: 150px\"><\/td><td><strong><span class=\"has-inline-color has-black-color\">2. Konrektorin:<\/span><\/strong><br><br><strong>Oberschulkonrektorin<\/strong><br><strong><span class=\"has-inline-color has-primary-color\">Ann-Kathrin Knipp<\/span><\/strong><\/td><td>&#x61;n&#x6e;&#46;k&#x61;&#116;&#x68;&#x72;i&#x6e;&#46;k&#x6e;&#105;&#x70;&#112;&#64;&#x63;&#102;g&#x73;&#46;&#x64;&#101;<br><br>Tel.: 05504 &#8211; 80552-20<\/td><\/tr><tr><td><img loading=\"lazy\" decoding=\"async\" width=\"1703\" height=\"2560\" class=\"wp-image-6294\" style=\"width: 150px\" src=\"http:\/\/wordpress.nibis.de\/cfgs\/files\/IMG_8139-scaled.jpg\" alt=\"\" srcset=\"https:\/\/wordpress.nibis.de\/cfgs\/files\/IMG_8139-scaled.jpg 1703w, https:\/\/wordpress.nibis.de\/cfgs\/files\/IMG_8139-200x300.jpg 200w, https:\/\/wordpress.nibis.de\/cfgs\/files\/IMG_8139-319x480.jpg 319w, https:\/\/wordpress.nibis.de\/cfgs\/files\/IMG_8139-768x1155.jpg 768w, https:\/\/wordpress.nibis.de\/cfgs\/files\/IMG_8139-1022x1536.jpg 1022w, https:\/\/wordpress.nibis.de\/cfgs\/files\/IMG_8139-1362x2048.jpg 1362w\" sizes=\"auto, (max-width: 1703px) 100vw, 1703px\" \/><\/td><td><strong><span class=\"has-inline-color has-black-color\">Didaktische Leiterin:<\/span><\/strong><br><br><strong>Oberschulrektorin<\/strong><br><strong><span class=\"has-inline-color has-primary-color\">Natalie Hardt <\/span><\/strong><\/td><td>na&#116;&#97;&#108;&#x69;&#x65;&#x2e;&#x68;ar&#100;&#116;&#64;&#x63;&#x66;&#x67;&#x73;&#46;d&#101;<br><br>Tel.: 05504 &#8211; 80552-18<\/td><\/tr><\/tbody><\/table><\/figure>\n\n\n\n<p><\/p>\n\n\n\n<p><\/p>\n","protected":false},"excerpt":{"rendered":"<p>Schulleiter: Oberschuldirektor Jens Haepe &#105;&#x6e;f&#x6f;&#x40;&#99;&#x66;g&#115;&#x2e;&#100;&#x65;B\u00f6nneker Str. 1037133 Friedland OT Gro\u00df SchneenTel.: 05504 &#8211; 80552-0 stellvertretender Schulleiter: DirektorstellvertreterSebastian F\u00f6rster &#x73;&#x65;&#x62;&#97;&#115;ti&#x61;&#x6e;&#x2e;&#102;&#111;er&#x73;&#x74;&#x65;&#114;&#64;cf&#x67;&#x73;&#x2e;&#100;&#101; Tel.: 05504 &#8211; 80552-13 2. Konrektorin: OberschulkonrektorinAnn-Kathrin Knipp a&#110;&#x6e;&#x2e;&#x6b;a&#116;&#x68;&#x72;&#x69;n&#46;&#x6b;&#x6e;&#x69;p&#112;&#x40;&#x63;&#x66;g&#115;&#x2e;&#x64;&#x65; Tel.: 05504<\/p>\n","protected":false},"author":277,"featured_media":0,"parent":0,"menu_order":0,"comment_status":"closed","ping_status":"closed","template":"","meta":{"footnotes":""},"class_list":["post-95","page","type-page","status-publish","hentry"],"_links":{"self":[{"href":"https:\/\/wordpress.nibis.de\/cfgs\/wp-json\/wp\/v2\/pages\/95","targetHints":{"allow":["GET"]}}],"collection":[{"href":"https:\/\/wordpress.nibis.de\/cfgs\/wp-json\/wp\/v2\/pages"}],"about":[{"href":"https:\/\/wordpress.nibis.de\/cfgs\/wp-json\/wp\/v2\/types\/page"}],"author":[{"embeddable":true,"href":"https:\/\/wordpress.nibis.de\/cfgs\/wp-json\/wp\/v2\/users\/277"}],"replies":[{"embeddable":true,"href":"https:\/\/wordpress.nibis.de\/cfgs\/wp-json\/wp\/v2\/comments?post=95"}],"version-history":[{"count":19,"href":"https:\/\/wordpress.nibis.de\/cfgs\/wp-json\/wp\/v2\/pages\/95\/revisions"}],"predecessor-version":[{"id":6566,"href":"https:\/\/wordpress.nibis.de\/cfgs\/wp-json\/wp\/v2\/pages\/95\/revisions\/6566"}],"wp:attachment":[{"href":"https:\/\/wordpress.nibis.de\/cfgs\/wp-json\/wp\/v2\/media?parent=95"}],"curies":[{"name":"wp","href":"https:\/\/api.w.org\/{rel}","templated":true}]}}

<figure class="wp-block-table"><table><tbody><tr><td><img loading="lazy" decoding="async" width="1706" height="2560" class="wp-image-6272" style="width: 150px" src="http://wordpress.nibis.de/cfgs/files/IMG_8000-scaled.jpg" alt="" srcset="https://wordpress.nibis.de/cfgs/files/IMG_8000-scaled.jpg 1706w, https://wordpress.nibis.de/cfgs/files/IMG_8000-200x300.jpg 200w, https://wordpress.nibis.de/cfgs/files/IMG_8000-320x480.jpg 320w, https://wordpress.nibis.de/cfgs/files/IMG_8000-768x1152.jpg 768w, https://wordpress.nibis.de/cfgs/files/IMG_8000-1024x1536.jpg 1024w, https://wordpress.nibis.de/cfgs/files/IMG_8000-1365x2048.jpg 1365w" sizes="auto, (max-width: 1706px) 100vw, 1706px" /></td><td><strong><span class="has-inline-color has-black-color">Schulleiter:</span></strong><br><br><strong>Oberschuldirektor </strong><br><span class="has-inline-color has-primary-color"><strong>Jens Haepe</strong></span></td><td>&#x69;&#110;&#102;&#x6f;&#x40;&#99;&#102;&#x67;&#x73;&#46;&#100;&#x65;<br>Bönneker Str. 10<br>37133 Friedland OT Groß Schneen<br>Tel.: 05504 &#8211; 80552-0</td></tr><tr><td><img loading="lazy" decoding="async" width="1707" height="2560" class="wp-image-6293" style="width: 150px" src="http://wordpress.nibis.de/cfgs/files/IMG_8131-scaled.jpg" alt="" srcset="https://wordpress.nibis.de/cfgs/files/IMG_8131-scaled.jpg 1707w, https://wordpress.nibis.de/cfgs/files/IMG_8131-200x300.jpg 200w, https://wordpress.nibis.de/cfgs/files/IMG_8131-320x480.jpg 320w, https://wordpress.nibis.de/cfgs/files/IMG_8131-768x1152.jpg 768w, https://wordpress.nibis.de/cfgs/files/IMG_8131-1024x1536.jpg 1024w, https://wordpress.nibis.de/cfgs/files/IMG_8131-1366x2048.jpg 1366w" sizes="auto, (max-width: 1707px) 100vw, 1707px" /></td><td><strong><span class="has-inline-color has-black-color">stellvertretender Schulleiter:</span></strong><br><br><strong>Direktorstellvertreter</strong><br><strong><span class="has-inline-color has-primary-color"><strong><span class="has-inline-color has-primary-color">Sebastian Förster</span></strong></span></strong></td><td>&#115;&#x65;&#98;&#x61;s&#x74;i&#97;&#x6e;&#46;&#x66;o&#x65;r&#115;&#x74;&#101;&#x72;&#64;&#x63;f&#103;&#x73;&#46;&#x64;e<br><br>Tel.: 05504 &#8211; 80552-13</td></tr><tr><td><br><img decoding="async" src="http://wordpress.nibis.de/cfgs/files/IMG_8147-scaled.jpg" style="width: 150px"></td><td><strong><span class="has-inline-color has-black-color">2. Konrektorin:</span></strong><br><br><strong>Oberschulkonrektorin</strong><br><strong><span class="has-inline-color has-primary-color">Ann-Kathrin Knipp</span></strong></td><td>&#x61;n&#x6e;&#46;k&#x61;&#116;&#x68;&#x72;i&#x6e;&#46;k&#x6e;&#105;&#x70;&#112;&#64;&#x63;&#102;g&#x73;&#46;&#x64;&#101;<br><br>Tel.: 05504 &#8211; 80552-20</td></tr><tr><td><img loading="lazy" decoding="async" width="1703" height="2560" class="wp-image-6294" style="width: 150px" src="http://wordpress.nibis.de/cfgs/files/IMG_8139-scaled.jpg" alt="" srcset="https://wordpress.nibis.de/cfgs/files/IMG_8139-scaled.jpg 1703w, https://wordpress.nibis.de/cfgs/files/IMG_8139-200x300.jpg 200w, https://wordpress.nibis.de/cfgs/files/IMG_8139-319x480.jpg 319w, https://wordpress.nibis.de/cfgs/files/IMG_8139-768x1155.jpg 768w, https://wordpress.nibis.de/cfgs/files/IMG_8139-1022x1536.jpg 1022w, https://wordpress.nibis.de/cfgs/files/IMG_8139-1362x2048.jpg 1362w" sizes="auto, (max-width: 1703px) 100vw, 1703px" /></td><td><strong><span class="has-inline-color has-black-color">Didaktische Leiterin:</span></strong><br><br><strong>Oberschulrektorin</strong><br><strong><span class="has-inline-color has-primary-color">Natalie Hardt </span></strong></td><td>na&#116;&#97;&#108;&#x69;&#x65;&#x2e;&#x68;ar&#100;&#116;&#64;&#x63;&#x66;&#x67;&#x73;&#46;d&#101;<br><br>Tel.: 05504 &#8211; 80552-18</td></tr></tbody></table></figure>



<p></p>



<p></p>

<p>Schulleiter: Oberschuldirektor Jens Haepe &#105;&#x6e;f&#x6f;&#x40;&#99;&#x66;g&#115;&#x2e;&#100;&#x65;Bönneker Str. 1037133 Friedland OT Groß SchneenTel.: 05504 &#8211; 80552-0 stellvertretender Schulleiter: DirektorstellvertreterSebastian Förster &#x73;&#x65;&#x62;&#97;&#115;ti&#x61;&#x6e;&#x2e;&#102;&#111;er&#x73;&#x74;&#x65;&#114;&#64;cf&#x67;&#x73;&#x2e;&#100;&#101; Tel.: 05504 &#8211; 80552-13 2. Konrektorin: OberschulkonrektorinAnn-Kathrin Knipp a&#110;&#x6e;&#x2e;&#x6b;a&#116;&#x68;&#x72;&#x69;n&#46;&#x6b;&#x6e;&#x69;p&#112;&#x40;&#x63;&#x66;g&#115;&#x2e;&#x64;&#x65; Tel.: 05504</p>
