{"id":127,"date":"2016-02-24T15:34:03","date_gmt":"2016-02-24T14:34:03","guid":{"rendered":"http:\/\/wordpress.nibis.de\/cosli\/?page_id=127"},"modified":"2019-04-23T14:34:38","modified_gmt":"2019-04-23T12:34:38","slug":"highlights","status":"publish","type":"page","link":"https:\/\/wordpress.nibis.de\/cosli\/highlights\/","title":{"rendered":"Highlights"},"content":{"rendered":"<div class=\"csc-header csc-header-n2\">\n<h1><strong><span style=\"font-size: 18pt\">Einschulungsfeier<\/span><\/strong><\/h1>\n<\/div>\n<p><!-- Header: [end] --> <span style=\"font-family: arial,helvetica,sans-serif;font-size: 14pt\">Jedes Jahr zu Schulbeginn feiern wir gemeinsam mit den Schulanf\u00e4ngern und ihren Familien einen Einschulungsgottesdienst in der Christuskirche zu Br\u00f6gbern. Anschlie\u00dfend erleben die Sch\u00fclerinnen und Sch\u00fcler eine erste Schulstunde in ihrer Lerngruppe. W\u00e4hrenddessen haben die Familien\u00a0die M\u00f6glichkeit am Elterncafe\u00a0teilzunehmen.<\/span><\/p>\n<div class=\"csc-textpic csc-textpic-intext-right\">\n<div class=\"csc-textpic-text\">\n<div class=\"csc-header csc-header-n35\">\n<h1><strong><span style=\"font-size: 18pt\">Lingener Altstadtfest<\/span><\/strong><\/h1>\n<\/div>\n<p><!-- Header: [end] --> <span style=\"font-family: arial,helvetica,sans-serif;font-size: 14pt\">Allj\u00e4hrlich beteiligen\u00a0sich Eltern und Kolleginnen und Kollegen mit einem Stand am Altstadtfest.<\/span><\/p>\n<div class=\"csc-textpic csc-textpic-intext-right\">\n<div class=\"csc-textpic-text\">\n<p><span style=\"font-family: arial,helvetica,sans-serif;font-size: 14pt\">Der Reinerl\u00f6s kommt beispielsweise der Sch\u00fclerb\u00fccherei\u00a0oder der Anschaffung weiterer Spielger\u00e4te f\u00fcr den Schulhof zugute.<\/span><\/p>\n<\/div>\n<\/div>\n<div class=\"csc-header csc-header-n4\">\n<h1><strong><span style=\"font-size: 18pt\">Erntedankfeier<\/span><\/strong><\/h1>\n<\/div>\n<p class=\"bodytext\"><!-- Header: [end] --> <!-- Image block: [begin] --><\/p>\n<div class=\"csc-textpic csc-textpic-intext-right\">\n<div class=\"csc-textpic-text\"><span style=\"font-family: arial,helvetica,sans-serif;font-size: 14pt\"><span style=\"font-family: arial,helvetica,sans-serif;font-size: 14pt\">Wir starten in den Tag mit einem Gottesdienst in der Sankt Marien Kirche zu Br\u00f6gbern, zu dem auch die Eltern herzlich eingeladen sind. Anschlie\u00dfend findet zum Thema des Gottesdienstes (z.B. Kartoffel, Apfel) ein gemeinsames Essen aller Lerngruppen im Forum statt.<\/span><\/span><\/div>\n<h1><strong><span style=\"font-size: 18pt\">Bundesweiter Vorlesetag<\/span><\/strong><\/h1>\n<p><span style=\"font-family: arial,helvetica,sans-serif;font-size: 14pt\">J\u00e4hrlich findet der bundesweite Vorlesetag (<a href=\"http:\/\/www.vorlesetag.de\">www.vorlesetag.de<\/a>) statt, an dem wir regelm\u00e4\u00dfig teilnehmen. Den Vormittag gestalten wir durch unterschiedliche Vorleseaktionen. Dies wird durch die Stadtb\u00fccherei Lingen sowie weiteren Vorlesern unterst\u00fctzt. Im Anschluss findet in der Regel ein gemeinsames Mittagessen mit den Sch\u00fclern statt. Danach laden wir die Eltern zu einem Vorlese- oder Spielenachmittag ein.<br \/>\n<\/span><\/p>\n<h1 class=\"bodytext\"><strong><span style=\"font-size: 18pt\">Projektwoche<\/span><\/strong><\/h1>\n<p><span style=\"font-family: arial,helvetica,sans-serif;font-size: 14pt\">Zweimal im Schuljahr findet eine Projektwoche statt. Die Sch\u00fclerinnen und Sch\u00fcler arbeiten jahrgangs\u00fcbergreifend zu einzelnen Themenschwerpunkten.<br \/>\n<\/span><\/p>\n<h1 class=\"bodytext\"><strong><span style=\"font-size: 18pt\">Weihnachtszeit<\/span><\/strong><\/h1>\n<p><span style=\"font-family: arial,helvetica,sans-serif;font-size: 14pt\">In der Adventszeit findet einmal in der Woche am Adventskranz ein weihnachtliches Beisammensein mit Liedern, Gedichten und Geschichten statt. Alle zwei Jahre feiern wir zudem gemeinsam mit den Familien\u00a0eine gro\u00dfe Weihnachtsfeier in der Turnhalle.<br \/>\n<span style=\"font-family: arial,helvetica,sans-serif;font-size: 14pt\">Hierf\u00fcr gestalten die Sch\u00fclerinnen und Sch\u00fcler mit gro\u00dfer Begeisterung unterschiedliche Programmpunkte, wie Lieder, Gedichte oder kurze Theaterst\u00fccke.<\/span><\/span><\/p>\n<\/div>\n<div class=\"csc-header csc-header-n31\">\n<h1><strong><span style=\"font-size: 18pt\">Theater und Schlittschuhlaufen<\/span><\/strong><\/h1>\n<p><span style=\"font-family: arial,helvetica,sans-serif;font-size: 14pt\">Kurz vor den Weihnachtsferien gehen alle Lerngruppen gemeinsam auf dem Lingener Marktplatz Schlittschuhlaufen oder besuchen ein Theaterst\u00fcck.<!-- Header: [end] --><!-- Image block: [begin] --><\/span><\/p>\n<\/div>\n<div class=\"csc-textpic csc-textpic-intext-right\">\n<div class=\"csc-textpic-text\">\n<p><!-- Text: [begin] --><\/p>\n<h1><strong><span style=\"font-size: 18pt\">Bundesjugendspiele Ger\u00e4tturnen<\/span><\/strong><\/h1>\n<\/div>\n<\/div>\n<div class=\"csc-textpic csc-textpic-intext-right\">\n<div class=\"csc-textpic csc-textpic-intext-right\">\n<div class=\"csc-textpic-text\"><span style=\"font-family: arial,helvetica,sans-serif;font-size: 14pt\"><span style=\"font-family: arial,helvetica,sans-serif;font-size: 14pt\">Jedes Jahr nehmen die Sch\u00fclerinnen und Sch\u00fcler der Jahrgangsstufen 3 und 4 an den Bundesjugendspielen Ger\u00e4tturnen teil. So k\u00f6nnen die Sch\u00fclerinnen und Sch\u00fcler ihre sportliche Leistungsf\u00e4higkeit an verschiedenen Ger\u00e4ten allj\u00e4hrlich unter Beweis stellen.<\/span><\/span><\/div>\n<\/div>\n<\/div>\n<div class=\"csc-header csc-header-n7\">\n<h1><strong><span style=\"font-size: 18pt\">Karneval<\/span><\/strong><\/h1>\n<\/div>\n<p><!-- Header: [end] --> <span style=\"font-family: arial,helvetica,sans-serif;font-size: 14pt\">In jedem\u00a0Jahr\u00a0feiern wir am Rosenmontag in den Lerngruppen oder in der Turnhalle Karneval. Die Sch\u00fcler und Sch\u00fclerinnen k\u00f6nnen an diesem Tag verkleidet zur Schule kommen.<\/span><\/p>\n<div class=\"csc-textpic csc-textpic-intext-right\">\n<div class=\"csc-textpic-text\">\n<div class=\"csc-header csc-header-n6\">\n<div class=\"csc-header csc-header-n16\">\n<h1><strong><span style=\"font-size: 18pt\">Fr\u00fchjahrsputz<\/span><\/strong><\/h1>\n<\/div>\n<h1><!-- Header: [end] --> <!-- Image block: [begin] --><\/h1>\n<div class=\"csc-textpic-text\">\n<p><!-- Text: [begin] --><\/p>\n<div style=\"text-align: left\" align=\"justify\"><span style=\"font-family: arial,helvetica,sans-serif;font-size: 14pt\"><span style=\"font-family: arial,helvetica,sans-serif;font-size: 14pt\">Immer wieder\u00a0kommt ein neuer Fr\u00fchling&#8230;<br \/>\nSo nutzen wir den Fr\u00fchlingsanfang zum &#8222;Fr\u00fchjahrsputz&#8220;. Sch\u00fclerinnen und Sch\u00fcler der Jahrgangsstufen 3\/4 unterst\u00fctzen den Hausmeister beim Mulchen der Beete. Die Wege des Schulgartens erhalten ebenso eine neue Mulchschicht. Die Lerngruppen der Eingangsstufe nehmen an der Landschaftss\u00e4uberungsaktion der Stadt Lingen teil. Jede Lerngruppe nutzt zudem den Tag zum S\u00e4ubern der Klassenr\u00e4ume. Zum Abschluss erh\u00e4lt jeder Sch\u00fcler und jede Sch\u00fclerin ein St\u00fcck Butterkuchen und einen Apfel. Nun kann der Fr\u00fchling kommen!<\/span><\/span><\/p>\n<div class=\"csc-header csc-header-n7\">\n<h1><strong><span style=\"font-size: 18pt\">Fahrradpr\u00fcfung<\/span><\/strong><\/h1>\n<p><span style=\"font-family: arial,helvetica,sans-serif;font-size: 14pt\">Im Laufe des zweiten Halbjahres bereiten sich die Dritt- und Viertkl\u00e4ssler auf die Fahrradpr\u00fcfung vor. F\u00fcr die Viertkl\u00e4ssler findet die Pr\u00fcfung dann auf dem Verkehrs\u00fcbungsplatz statt.<\/span><\/p>\n<h1><span style=\"font-size: 18pt\"><strong>Bundesjugendspiele Leichtathletik<\/strong><br \/>\n<\/span><\/h1>\n<\/div>\n<p><!-- Header: [end] --> <span style=\"font-family: arial,helvetica,sans-serif;font-size: 14pt\">Auch im Sommer k\u00f6nnen unsere Sch\u00fclerinnen und Sch\u00fcler ihr sportliches K\u00f6nnen bei den Bundesjugendspielen im Bereich Leichtathletik unter Beweis stellen. Die Kolleginnen werden bei der Vorbereitung und Durchf\u00fchrung in der Regel durch Eltern dankenswerterweise unterst\u00fctzt. Die Belohnung f\u00fcr die Sch\u00fclerinnen und Sch\u00fcler: Zahlreiche Sieger- und Ehrenurkunden!<\/span><\/p>\n<\/div>\n<\/div>\n<h1><strong><span style=\"font-size: 18pt\">Besuch der Freilichtb\u00fchne<\/span><\/strong><\/h1>\n<p><span style=\"font-family: arial,helvetica,sans-serif;font-size: 14pt\">Kurz vor den Sommerferien besuchen wir mit allen Lerngruppen eine Auff\u00fchrung der Freilichtb\u00fchne. <\/span><\/p>\n<h1><strong><span style=\"font-size: 18pt\">Abschlussfeier der Viertkl\u00e4ssler<\/span><\/strong><\/h1>\n<\/div>\n<p class=\"bodytext\"><!-- Header: [end] --> <!-- Image block: [begin] --><\/p>\n<div class=\"csc-textpic csc-textpic-intext-left\">\n<div class=\"csc-textpic-text\"><span style=\"font-family: arial,helvetica,sans-serif;font-size: 14pt\"><span style=\"font-family: arial,helvetica,sans-serif;font-size: 14pt\">Am\u00a0Ende des Schuljahres verabschieden wir unsere Viertkl\u00e4ssler in die Sekundarstufe I.\u00a0Dies geschieht in einem gemeinsamen Gottesdienst und\u00a0anschlie\u00dfender Feier\u00a0mit der Grundschule Br\u00f6gbern.<\/span><\/span><\/div>\n<\/div>\n<div class=\"csc-header csc-header-n11\">\n<h1><strong><span style=\"font-size: 18pt\">Verabschiedung in die Sommerferien<\/span><\/strong><\/h1>\n<\/div>\n<p class=\"bodytext\"><!-- Header: [end] --> <!-- Image block: [begin] --><\/p>\n<div class=\"csc-textpic csc-textpic-intext-left\">\n<div class=\"csc-textpic-text\"><span style=\"font-family: arial,helvetica,sans-serif;font-size: 14pt\"><span style=\"font-family: arial,helvetica,sans-serif;font-size: 14pt\">Am letzten Schultag vor den Sommerferien verabschieden wir uns bei wundersch\u00f6nem Sommerwetter mit Liedern und Tanz in die Ferien. Frau Hannemann w\u00fcnscht den Sch\u00fclerinnen und Sch\u00fclern, die zum kommenden Schuljahr in eine andere Schule wechseln werden, dort einen guten Start. Zum Abschied erh\u00e4lt jede Abg\u00e4ngerin und jeder Abg\u00e4nger ein Schulbild zur Erinnerung.<\/span><\/span><\/p>\n<\/div>\n<p class=\"bodytext\">\n<\/div>\n<\/div>\n<\/div>\n<\/div>\n<\/div>\n","protected":false},"excerpt":{"rendered":"<p>Einschulungsfeier Jedes Jahr zu Schulbeginn feiern wir gemeinsam mit den Schulanf\u00e4ngern und ihren Familien einen Einschulungsgottesdienst in der Christuskirche zu Br\u00f6gbern. Anschlie\u00dfend erleben die Sch\u00fclerinnen und Sch\u00fcler eine erste Schulstunde in ihrer Lerngruppe. W\u00e4hrenddessen haben die Familien\u00a0die M\u00f6glichkeit am Elterncafe\u00a0teilzunehmen. Lingener Altstadtfest Allj\u00e4hrlich beteiligen\u00a0sich Eltern und Kolleginnen und Kollegen mit einem Stand am Altstadtfest. Der [&hellip;]<\/p>\n","protected":false},"author":910,"featured_media":0,"parent":0,"menu_order":0,"comment_status":"closed","ping_status":"closed","template":"","meta":{"footnotes":""},"class_list":["post-127","page","type-page","status-publish","hentry"],"_links":{"self":[{"href":"https:\/\/wordpress.nibis.de\/cosli\/wp-json\/wp\/v2\/pages\/127","targetHints":{"allow":["GET"]}}],"collection":[{"href":"https:\/\/wordpress.nibis.de\/cosli\/wp-json\/wp\/v2\/pages"}],"about":[{"href":"https:\/\/wordpress.nibis.de\/cosli\/wp-json\/wp\/v2\/types\/page"}],"author":[{"embeddable":true,"href":"https:\/\/wordpress.nibis.de\/cosli\/wp-json\/wp\/v2\/users\/910"}],"replies":[{"embeddable":true,"href":"https:\/\/wordpress.nibis.de\/cosli\/wp-json\/wp\/v2\/comments?post=127"}],"version-history":[{"count":31,"href":"https:\/\/wordpress.nibis.de\/cosli\/wp-json\/wp\/v2\/pages\/127\/revisions"}],"predecessor-version":[{"id":639,"href":"https:\/\/wordpress.nibis.de\/cosli\/wp-json\/wp\/v2\/pages\/127\/revisions\/639"}],"wp:attachment":[{"href":"https:\/\/wordpress.nibis.de\/cosli\/wp-json\/wp\/v2\/media?parent=127"}],"curies":[{"name":"wp","href":"https:\/\/api.w.org\/{rel}","templated":true}]}}