{"id":199,"date":"2016-02-25T14:07:03","date_gmt":"2016-02-25T13:07:03","guid":{"rendered":"http:\/\/wordpress.nibis.de\/cosli\/?page_id=199"},"modified":"2025-05-28T11:07:03","modified_gmt":"2025-05-28T09:07:03","slug":"impressum","status":"publish","type":"page","link":"https:\/\/wordpress.nibis.de\/cosli\/impressum\/","title":{"rendered":"Impressum"},"content":{"rendered":"<p><span style=\"font-family: arial,helvetica,sans-serif;font-size: 14pt\">Land Niedersachsen (Dienstanbieter im Sinne des Telemediengesetzes)<\/span><\/p>\n<p><span style=\"font-family: arial,helvetica,sans-serif;font-size: 14pt\">Das Land Niedersachsen ist eine juristische Person des \u00f6ffentlichen Rechts vertreten durch<\/span><\/p>\n<p><span style=\"font-family: arial,helvetica,sans-serif;font-size: 14pt\">Schulleitung:<br \/><\/span><span style=\"font-family: arial,helvetica,sans-serif;font-size: 14pt\">Regina Hannemann, Schulleiterin<\/span><br \/><span style=\"font-family: arial,helvetica,sans-serif;font-size: 14pt\">Bettina Wichmann, Konrektorin<\/span><\/p>\n<p><span style=\"font-family: arial,helvetica,sans-serif;font-size: 14pt\">Schulische Datenschutzbeauftragte: <br \/><\/span><span style=\"font-family: arial,helvetica,sans-serif;font-size: 14pt\">E-Mail: <br \/><\/span><\/p>\n<p><span style=\"font-family: arial,helvetica,sans-serif;font-size: 14pt\">Verantwortlicher f\u00fcr redaktionell-journalistische Angebote i. S. d. \u00a7 55 Abs. 2 Rundfunkstaatsvertrag:<\/span><\/p>\n<p><span style=\"font-family: arial,helvetica,sans-serif;font-size: 14pt\">Regina Hannemann<\/span><br \/><span style=\"font-family: arial,helvetica,sans-serif;font-size: 14pt\">Carl-Orff-Schule<\/span><br \/><span style=\"font-family: arial,helvetica,sans-serif;font-size: 14pt\">F\u00f6rderschule H\u00f6ren und Sprache<\/span><br \/><span style=\"font-family: arial,helvetica,sans-serif;font-size: 14pt\">Duisenburger Stra\u00dfe 24<\/span><br \/><span style=\"font-family: arial,helvetica,sans-serif;font-size: 14pt\">49811 Lingen (Ems)<\/span><br \/><span style=\"font-family: arial,helvetica,sans-serif;font-size: 14pt\">Tel.: 0591 73222<\/span><\/p>\n<p><span style=\"font-family: arial,helvetica,sans-serif;font-size: 14pt\">Disclaimer<\/span><\/p>\n<p><span style=\"font-family: arial,helvetica,sans-serif;font-size: 14pt\">Diese Webseite beinhaltet externe Links. Deren Inhalte entziehen sich unserer Einflussnahme, sodass eine Gew\u00e4hr f\u00fcr solche Inhalte von uns nicht \u00fcbernommen werden kann.<\/span><\/p>\n<p><span style=\"font-family: arial,helvetica,sans-serif;font-size: 14pt\">Die Verantwortung liegt stets\u00a0beim Betreiber der jeweiligen Seiten. Zum Zeitpunkt der Verkn\u00fcpfung der externen Links waren keine Rechtsverst\u00f6\u00dfe ersichtlich. Die permanente \u00dcberwachung fremder Inhalte auf Rechtsverst\u00f6\u00dfe ohne konkrete Hinweise ist uns nicht zumutbar.<\/span><\/p>\n<p><span style=\"font-family: arial,helvetica,sans-serif;font-size: 14pt\">Sollten wir Kenntnis von Rechtsverletzungen erlangen, werden wir die entsprechenden externen Links unverz\u00fcglich entfernen.<\/span><\/p>\n<p><span style=\"font-family: arial,helvetica,sans-serif;font-size: 14pt\">\u00a0<\/span><\/p>\n<p>\u00a0<\/p>\n\n\n<p><\/p>\n","protected":false},"excerpt":{"rendered":"<p>Land Niedersachsen (Dienstanbieter im Sinne des Telemediengesetzes) Das Land Niedersachsen ist eine juristische Person des \u00f6ffentlichen Rechts vertreten durch Schulleitung:Regina Hannemann, SchulleiterinBettina Wichmann, Konrektorin Schulische Datenschutzbeauftragte: E-Mail: Verantwortlicher f\u00fcr redaktionell-journalistische Angebote i. S. d. \u00a7 55 Abs. 2 Rundfunkstaatsvertrag: Regina HannemannCarl-Orff-SchuleF\u00f6rderschule H\u00f6ren und SpracheDuisenburger Stra\u00dfe 2449811 Lingen (Ems)Tel.: 0591 73222 Disclaimer Diese Webseite beinhaltet externe [&hellip;]<\/p>\n","protected":false},"author":910,"featured_media":0,"parent":0,"menu_order":0,"comment_status":"closed","ping_status":"closed","template":"","meta":{"footnotes":""},"class_list":["post-199","page","type-page","status-publish","hentry"],"_links":{"self":[{"href":"https:\/\/wordpress.nibis.de\/cosli\/wp-json\/wp\/v2\/pages\/199","targetHints":{"allow":["GET"]}}],"collection":[{"href":"https:\/\/wordpress.nibis.de\/cosli\/wp-json\/wp\/v2\/pages"}],"about":[{"href":"https:\/\/wordpress.nibis.de\/cosli\/wp-json\/wp\/v2\/types\/page"}],"author":[{"embeddable":true,"href":"https:\/\/wordpress.nibis.de\/cosli\/wp-json\/wp\/v2\/users\/910"}],"replies":[{"embeddable":true,"href":"https:\/\/wordpress.nibis.de\/cosli\/wp-json\/wp\/v2\/comments?post=199"}],"version-history":[{"count":8,"href":"https:\/\/wordpress.nibis.de\/cosli\/wp-json\/wp\/v2\/pages\/199\/revisions"}],"predecessor-version":[{"id":1186,"href":"https:\/\/wordpress.nibis.de\/cosli\/wp-json\/wp\/v2\/pages\/199\/revisions\/1186"}],"wp:attachment":[{"href":"https:\/\/wordpress.nibis.de\/cosli\/wp-json\/wp\/v2\/media?parent=199"}],"curies":[{"name":"wp","href":"https:\/\/api.w.org\/{rel}","templated":true}]}}