{"id":246,"date":"2016-02-25T15:43:18","date_gmt":"2016-02-25T14:43:18","guid":{"rendered":"http:\/\/wordpress.nibis.de\/cosli\/?page_id=246"},"modified":"2018-06-28T14:52:27","modified_gmt":"2018-06-28T12:52:27","slug":"audiometrie","status":"publish","type":"page","link":"https:\/\/wordpress.nibis.de\/cosli\/audiometrie\/","title":{"rendered":"Audiometrie"},"content":{"rendered":"<p><span style=\"font-family: arial,helvetica,sans-serif;font-size: 14pt\">Seit 2015 verf\u00fcgt die Carl-Orff-Schule \u00fcber eine Kinderaudiometrie-Anlage. Mit ihr f\u00fchren wir kostenfrei H\u00f6rmessungen bei Kindern und Jugendlichen durch.<br \/>\n<\/span><br \/>\n<span style=\"font-family: arial,helvetica,sans-serif;font-size: 14pt\">H\u00f6rbeeintr\u00e4chtigungen m\u00fcssen m\u00f6glichst fr\u00fch festgestellt werden. <\/span><span style=\"font-family: arial,helvetica,sans-serif;font-size: 14pt\">Bei einer H\u00f6rpr\u00fcfung wird zun\u00e4chst die H\u00f6rschwelle eines Kindes ermittelt, um periphere H\u00f6rsch\u00e4digungen auszuschlie\u00dfen. Weiterhin \u00fcberpr\u00fcfen wir die auditive Verarbeitung und Wahrnehmung\u00a0der Kinder und Jugendlichen. \u00dcberpr\u00fcft werden zum Beispiel das Sprachverstehen in Ruhe und im St\u00f6rger\u00e4usch sowie die\u00a0phonematische Differenzierungsf\u00e4higkeit.<br \/>\n<\/span><span style=\"font-family: arial,helvetica,sans-serif;font-size: 14pt\"><br \/>\nAuch die H\u00f6rf\u00e4higkeit unserer Sch\u00fclerinnen und Sch\u00fcler wird m\u00f6glichst einmal j\u00e4hrlich \u00fcberpr\u00fcft. Die Ergebnisse dieser H\u00f6rpr\u00fcfung geben<\/span><span style=\"font-family: arial,helvetica,sans-serif;font-size: 14pt\"> uns wichtige Hinweise f\u00fcr die individuelle F\u00f6rderung unserer Sch\u00fclerinnen und Sch\u00fcler.<\/span><\/p>\n<p>&nbsp;<\/p>\n","protected":false},"excerpt":{"rendered":"<p>Seit 2015 verf\u00fcgt die Carl-Orff-Schule \u00fcber eine Kinderaudiometrie-Anlage. Mit ihr f\u00fchren wir kostenfrei H\u00f6rmessungen bei Kindern und Jugendlichen durch. H\u00f6rbeeintr\u00e4chtigungen m\u00fcssen m\u00f6glichst fr\u00fch festgestellt werden. Bei einer H\u00f6rpr\u00fcfung wird zun\u00e4chst die H\u00f6rschwelle eines Kindes ermittelt, um periphere H\u00f6rsch\u00e4digungen auszuschlie\u00dfen. Weiterhin \u00fcberpr\u00fcfen wir die auditive Verarbeitung und Wahrnehmung\u00a0der Kinder und Jugendlichen. \u00dcberpr\u00fcft werden zum Beispiel das [&hellip;]<\/p>\n","protected":false},"author":910,"featured_media":0,"parent":0,"menu_order":0,"comment_status":"closed","ping_status":"closed","template":"","meta":{"footnotes":""},"class_list":["post-246","page","type-page","status-publish","hentry"],"_links":{"self":[{"href":"https:\/\/wordpress.nibis.de\/cosli\/wp-json\/wp\/v2\/pages\/246","targetHints":{"allow":["GET"]}}],"collection":[{"href":"https:\/\/wordpress.nibis.de\/cosli\/wp-json\/wp\/v2\/pages"}],"about":[{"href":"https:\/\/wordpress.nibis.de\/cosli\/wp-json\/wp\/v2\/types\/page"}],"author":[{"embeddable":true,"href":"https:\/\/wordpress.nibis.de\/cosli\/wp-json\/wp\/v2\/users\/910"}],"replies":[{"embeddable":true,"href":"https:\/\/wordpress.nibis.de\/cosli\/wp-json\/wp\/v2\/comments?post=246"}],"version-history":[{"count":7,"href":"https:\/\/wordpress.nibis.de\/cosli\/wp-json\/wp\/v2\/pages\/246\/revisions"}],"predecessor-version":[{"id":531,"href":"https:\/\/wordpress.nibis.de\/cosli\/wp-json\/wp\/v2\/pages\/246\/revisions\/531"}],"wp:attachment":[{"href":"https:\/\/wordpress.nibis.de\/cosli\/wp-json\/wp\/v2\/media?parent=246"}],"curies":[{"name":"wp","href":"https:\/\/api.w.org\/{rel}","templated":true}]}}

<p><span style="font-family: arial,helvetica,sans-serif;font-size: 14pt">Seit 2015 verfügt die Carl-Orff-Schule über eine Kinderaudiometrie-Anlage. Mit ihr führen wir kostenfrei Hörmessungen bei Kindern und Jugendlichen durch.<br />
</span><br />
<span style="font-family: arial,helvetica,sans-serif;font-size: 14pt">Hörbeeinträchtigungen müssen möglichst früh festgestellt werden. </span><span style="font-family: arial,helvetica,sans-serif;font-size: 14pt">Bei einer Hörprüfung wird zunächst die Hörschwelle eines Kindes ermittelt, um periphere Hörschädigungen auszuschließen. Weiterhin überprüfen wir die auditive Verarbeitung und Wahrnehmung der Kinder und Jugendlichen. Überprüft werden zum Beispiel das Sprachverstehen in Ruhe und im Störgeräusch sowie die phonematische Differenzierungsfähigkeit.<br />
</span><span style="font-family: arial,helvetica,sans-serif;font-size: 14pt"><br />
Auch die Hörfähigkeit unserer Schülerinnen und Schüler wird möglichst einmal jährlich überprüft. Die Ergebnisse dieser Hörprüfung geben</span><span style="font-family: arial,helvetica,sans-serif;font-size: 14pt"> uns wichtige Hinweise für die individuelle Förderung unserer Schülerinnen und Schüler.</span></p>
<p>&nbsp;</p>

<p>Seit 2015 verfügt die Carl-Orff-Schule über eine Kinderaudiometrie-Anlage. Mit ihr führen wir kostenfrei Hörmessungen bei Kindern und Jugendlichen durch. Hörbeeinträchtigungen müssen möglichst früh festgestellt werden. Bei einer Hörprüfung wird zunächst die Hörschwelle eines Kindes ermittelt, um periphere Hörschädigungen auszuschließen. Weiterhin überprüfen wir die auditive Verarbeitung und Wahrnehmung der Kinder und Jugendlichen. Überprüft werden zum Beispiel das [&hellip;]</p>
