{"id":391,"date":"2017-05-23T16:06:18","date_gmt":"2017-05-23T14:06:18","guid":{"rendered":"http:\/\/wordpress.nibis.de\/cosli\/?page_id=391"},"modified":"2019-04-23T14:13:37","modified_gmt":"2019-04-23T12:13:37","slug":"spenden","status":"publish","type":"page","link":"https:\/\/wordpress.nibis.de\/cosli\/spenden\/","title":{"rendered":"Spenden"},"content":{"rendered":"<p><span style=\"font-family: arial,helvetica,sans-serif;font-size: 14pt\">Der F\u00f6rderverein freut sich immer auch \u00fcber einmalige Spenden.<\/span><\/p>\n<p><span style=\"font-family: arial,helvetica,sans-serif;font-size: 14pt\">Hierf\u00fcr nehmen Sie bitte Kontakt mit <strong>Frau Overberg<\/strong> auf unter der Telefonnummer: 0591 73222<\/span><\/p>\n<p><span style=\"font-family: arial,helvetica,sans-serif;font-size: 14pt\">oder \u00fcberweisen Sie ihren Spendenbetrag auf folgendes Konto:<\/span><\/p>\n<p><span style=\"font-family: arial,helvetica,sans-serif;font-size: 14pt\">F\u00f6rderverein GUT H\u00d6REN &#8211; GUT SPRECHEN<\/span><\/p>\n<p><span style=\"font-family: arial,helvetica,sans-serif;font-size: 14pt\">Volksbank Lingen<\/span><\/p>\n<p><span style=\"font-family: arial,helvetica,sans-serif;font-size: 14pt\">Konto Nr.: 22461800<\/span><\/p>\n<p><span style=\"font-family: arial,helvetica,sans-serif;font-size: 14pt\">BLZ: 26660060<\/span><\/p>\n<p><span style=\"font-family: arial,helvetica,sans-serif;font-size: 14pt\">IBAN: DE04 2666 0060 0022 4618 00<\/span><\/p>\n<p><span style=\"font-family: arial,helvetica,sans-serif;font-size: 14pt\">BIC: GENODEF1LIG<\/span><\/p>\n<p><span style=\"font-family: arial,helvetica,sans-serif;font-size: 14pt\">Vielen Dank!<\/span><\/p>\n","protected":false},"excerpt":{"rendered":"<p>Der F\u00f6rderverein freut sich immer auch \u00fcber einmalige Spenden. Hierf\u00fcr nehmen Sie bitte Kontakt mit Frau Overberg auf unter der Telefonnummer: 0591 73222 oder \u00fcberweisen Sie ihren Spendenbetrag auf folgendes Konto: F\u00f6rderverein GUT H\u00d6REN &#8211; GUT SPRECHEN Volksbank Lingen Konto Nr.: 22461800 BLZ: 26660060 IBAN: DE04 2666 0060 0022 4618 00 BIC: GENODEF1LIG Vielen Dank!<\/p>\n","protected":false},"author":910,"featured_media":0,"parent":0,"menu_order":0,"comment_status":"closed","ping_status":"closed","template":"","meta":{"footnotes":""},"class_list":["post-391","page","type-page","status-publish","hentry"],"_links":{"self":[{"href":"https:\/\/wordpress.nibis.de\/cosli\/wp-json\/wp\/v2\/pages\/391","targetHints":{"allow":["GET"]}}],"collection":[{"href":"https:\/\/wordpress.nibis.de\/cosli\/wp-json\/wp\/v2\/pages"}],"about":[{"href":"https:\/\/wordpress.nibis.de\/cosli\/wp-json\/wp\/v2\/types\/page"}],"author":[{"embeddable":true,"href":"https:\/\/wordpress.nibis.de\/cosli\/wp-json\/wp\/v2\/users\/910"}],"replies":[{"embeddable":true,"href":"https:\/\/wordpress.nibis.de\/cosli\/wp-json\/wp\/v2\/comments?post=391"}],"version-history":[{"count":4,"href":"https:\/\/wordpress.nibis.de\/cosli\/wp-json\/wp\/v2\/pages\/391\/revisions"}],"predecessor-version":[{"id":635,"href":"https:\/\/wordpress.nibis.de\/cosli\/wp-json\/wp\/v2\/pages\/391\/revisions\/635"}],"wp:attachment":[{"href":"https:\/\/wordpress.nibis.de\/cosli\/wp-json\/wp\/v2\/media?parent=391"}],"curies":[{"name":"wp","href":"https:\/\/api.w.org\/{rel}","templated":true}]}}