{"id":89,"date":"2016-02-24T14:22:48","date_gmt":"2016-02-24T13:22:48","guid":{"rendered":"http:\/\/wordpress.nibis.de\/cosli\/?page_id=89"},"modified":"2019-08-14T10:59:06","modified_gmt":"2019-08-14T08:59:06","slug":"carl-orff","status":"publish","type":"page","link":"https:\/\/wordpress.nibis.de\/cosli\/carl-orff\/","title":{"rendered":"Carl Orff"},"content":{"rendered":"<p><span style=\"font-family: arial black,sans-serif;font-size: 14pt\">\u00a0<\/span><img loading=\"lazy\" decoding=\"async\" class=\"alignnone size-full wp-image-167\" src=\"http:\/\/wordpress.nibis.de\/cosli\/files\/2016\/02\/93f3b037e4.png\" alt=\"93f3b037e4\" width=\"230\" height=\"173\" \/><br \/>\n<span style=\"font-family: arial,helvetica,sans-serif;font-size: 14pt\">(10.07.1895 &#8211; 29.03.1982)<\/span><\/p>\n<div class=\"csc-header csc-header-n3\">\n<p><!-- Text: [begin] --><span style=\"font-family: arial,helvetica,sans-serif;font-size: 14pt\">Mit dem Namen &#8222;Carl-Orff-Schule&#8220; m\u00f6chten wir als F\u00f6rderschule mit den Schwerpunkten H\u00f6ren und Sprache bewusst das Werk des deutschen Komponisten Carl Orff lebendig halten. Dieser Name ist uns vor allem Auftrag, die musikp\u00e4dagogischen Anliegen Orffs f\u00fcr unsere Sch\u00fclerinnen und Sch\u00fcler entwicklungsf\u00f6rdernd umzusetzen.<br \/>\n<\/span><br \/>\n<span style=\"font-family: arial,helvetica,sans-serif;font-size: 14pt\"> Sich Musik bewusst zuzuwenden, sie als Ausdruck und als geschichtlich Gewordenes zu verstehen, er\u00f6ffnet Sch\u00fclerinnen und Sch\u00fclern \u00fcber den Musikunterricht hinaus einen Zugang zur Muse ebenso wie zu Kultur, Gesellschaft, Kommunikation, Sprache.<\/span><\/p>\n<p><span style=\"font-family: arial,helvetica,sans-serif;font-size: 14pt\"> Hierbei kann Carl Orff als Pate zur Seite stehen, der in seinem &#8222;Schulwerk&#8220; von einer neuen Sicht der Menschenbildung und Erziehung ausgeht, wobei er zur\u00fcckgreift auf elementare Sprache, neu geschaffene Klangbilder und Klangfarben und auf eine rhythmische K\u00f6rpererziehung in ausdrucksbedingter Bewegung. Die Einheit von Sprache, Musik, Bewegung und Geb\u00e4rde im Sinne der antiken &#8222;Musike&#8220; wie sie Carl Orff wieder entdeckt hat, ist heute aktueller denn je.<\/span><\/p>\n<\/div>\n<div class=\"csc-header csc-header-n4\">\n<p><span style=\"font-family: arial,helvetica,sans-serif;font-size: 14pt\">Es waren Gedanken wie dieser, die Carl Orff veranlasst haben, Grundlagen zu einem musikp\u00e4dagogischen Konzept zu schaffen, das heute weltweit Beachtung findet. Von ihm gehen Impulse und Reformans\u00e4tze aus, die heute aus der Musikerziehung nicht mehr wegzudenken sind.<\/span><\/p>\n<p><span style=\"font-family: arial,helvetica,sans-serif;font-size: 14pt\">Ziele um so klarer und ebenso aktuell wie damals: Ausgehend von dem Bewusstsein, dass in jedem Menschen eine Grundmusikalit\u00e4t und ein kreatives Potential innewohnt, was es zu l\u00f6sen und zu entwickeln gilt, soll jeder zu einem eigenen kreativen Gestalten gef\u00fchrt werden.<\/span><\/p>\n<p><span style=\"font-family: arial,helvetica,sans-serif;font-size: 14pt\">Dieses f\u00fchrt dazu, dass das Orff-Schulwerk heute in vielen L\u00e4ndern in unterschiedlichen Erscheinungsformen weiterlebt. Lieder, T\u00e4nze und Sprechverse entstammen dem jeweiligen Kulturraum, bzw. m\u00fcssen ihm angepasst sein. P\u00e4dagogen, die den Prinzipien des Orff-Schulwerks folgen, erg\u00e4nzen meist auch die urspr\u00fcnglichen St\u00fccke durch eigene Materialien, sofern diese sich im Sinne des prozesshaften Arbeitens einsetzen lassen.<\/span><\/p>\n<\/div>\n","protected":false},"excerpt":{"rendered":"<p>\u00a0 (10.07.1895 &#8211; 29.03.1982) Mit dem Namen &#8222;Carl-Orff-Schule&#8220; m\u00f6chten wir als F\u00f6rderschule mit den Schwerpunkten H\u00f6ren und Sprache bewusst das Werk des deutschen Komponisten Carl Orff lebendig halten. Dieser Name ist uns vor allem Auftrag, die musikp\u00e4dagogischen Anliegen Orffs f\u00fcr unsere Sch\u00fclerinnen und Sch\u00fcler entwicklungsf\u00f6rdernd umzusetzen. Sich Musik bewusst zuzuwenden, sie als Ausdruck und als [&hellip;]<\/p>\n","protected":false},"author":910,"featured_media":0,"parent":0,"menu_order":0,"comment_status":"closed","ping_status":"closed","template":"","meta":{"footnotes":""},"class_list":["post-89","page","type-page","status-publish","hentry"],"_links":{"self":[{"href":"https:\/\/wordpress.nibis.de\/cosli\/wp-json\/wp\/v2\/pages\/89","targetHints":{"allow":["GET"]}}],"collection":[{"href":"https:\/\/wordpress.nibis.de\/cosli\/wp-json\/wp\/v2\/pages"}],"about":[{"href":"https:\/\/wordpress.nibis.de\/cosli\/wp-json\/wp\/v2\/types\/page"}],"author":[{"embeddable":true,"href":"https:\/\/wordpress.nibis.de\/cosli\/wp-json\/wp\/v2\/users\/910"}],"replies":[{"embeddable":true,"href":"https:\/\/wordpress.nibis.de\/cosli\/wp-json\/wp\/v2\/comments?post=89"}],"version-history":[{"count":11,"href":"https:\/\/wordpress.nibis.de\/cosli\/wp-json\/wp\/v2\/pages\/89\/revisions"}],"predecessor-version":[{"id":653,"href":"https:\/\/wordpress.nibis.de\/cosli\/wp-json\/wp\/v2\/pages\/89\/revisions\/653"}],"wp:attachment":[{"href":"https:\/\/wordpress.nibis.de\/cosli\/wp-json\/wp\/v2\/media?parent=89"}],"curies":[{"name":"wp","href":"https:\/\/api.w.org\/{rel}","templated":true}]}}

<p><span style="font-family: arial black,sans-serif;font-size: 14pt"> </span><img loading="lazy" decoding="async" class="alignnone size-full wp-image-167" src="http://wordpress.nibis.de/cosli/files/2016/02/93f3b037e4.png" alt="93f3b037e4" width="230" height="173" /><br />
<span style="font-family: arial,helvetica,sans-serif;font-size: 14pt">(10.07.1895 &#8211; 29.03.1982)</span></p>
<div class="csc-header csc-header-n3">
<p><!-- Text: [begin] --><span style="font-family: arial,helvetica,sans-serif;font-size: 14pt">Mit dem Namen &#8222;Carl-Orff-Schule&#8220; möchten wir als Förderschule mit den Schwerpunkten Hören und Sprache bewusst das Werk des deutschen Komponisten Carl Orff lebendig halten. Dieser Name ist uns vor allem Auftrag, die musikpädagogischen Anliegen Orffs für unsere Schülerinnen und Schüler entwicklungsfördernd umzusetzen.<br />
</span><br />
<span style="font-family: arial,helvetica,sans-serif;font-size: 14pt"> Sich Musik bewusst zuzuwenden, sie als Ausdruck und als geschichtlich Gewordenes zu verstehen, eröffnet Schülerinnen und Schülern über den Musikunterricht hinaus einen Zugang zur Muse ebenso wie zu Kultur, Gesellschaft, Kommunikation, Sprache.</span></p>
<p><span style="font-family: arial,helvetica,sans-serif;font-size: 14pt"> Hierbei kann Carl Orff als Pate zur Seite stehen, der in seinem &#8222;Schulwerk&#8220; von einer neuen Sicht der Menschenbildung und Erziehung ausgeht, wobei er zurückgreift auf elementare Sprache, neu geschaffene Klangbilder und Klangfarben und auf eine rhythmische Körpererziehung in ausdrucksbedingter Bewegung. Die Einheit von Sprache, Musik, Bewegung und Gebärde im Sinne der antiken &#8222;Musike&#8220; wie sie Carl Orff wieder entdeckt hat, ist heute aktueller denn je.</span></p>
</div>
<div class="csc-header csc-header-n4">
<p><span style="font-family: arial,helvetica,sans-serif;font-size: 14pt">Es waren Gedanken wie dieser, die Carl Orff veranlasst haben, Grundlagen zu einem musikpädagogischen Konzept zu schaffen, das heute weltweit Beachtung findet. Von ihm gehen Impulse und Reformansätze aus, die heute aus der Musikerziehung nicht mehr wegzudenken sind.</span></p>
<p><span style="font-family: arial,helvetica,sans-serif;font-size: 14pt">Ziele um so klarer und ebenso aktuell wie damals: Ausgehend von dem Bewusstsein, dass in jedem Menschen eine Grundmusikalität und ein kreatives Potential innewohnt, was es zu lösen und zu entwickeln gilt, soll jeder zu einem eigenen kreativen Gestalten geführt werden.</span></p>
<p><span style="font-family: arial,helvetica,sans-serif;font-size: 14pt">Dieses führt dazu, dass das Orff-Schulwerk heute in vielen Ländern in unterschiedlichen Erscheinungsformen weiterlebt. Lieder, Tänze und Sprechverse entstammen dem jeweiligen Kulturraum, bzw. müssen ihm angepasst sein. Pädagogen, die den Prinzipien des Orff-Schulwerks folgen, ergänzen meist auch die ursprünglichen Stücke durch eigene Materialien, sofern diese sich im Sinne des prozesshaften Arbeitens einsetzen lassen.</span></p>
</div>

<p>  (10.07.1895 &#8211; 29.03.1982) Mit dem Namen &#8222;Carl-Orff-Schule&#8220; möchten wir als Förderschule mit den Schwerpunkten Hören und Sprache bewusst das Werk des deutschen Komponisten Carl Orff lebendig halten. Dieser Name ist uns vor allem Auftrag, die musikpädagogischen Anliegen Orffs für unsere Schülerinnen und Schüler entwicklungsfördernd umzusetzen. Sich Musik bewusst zuzuwenden, sie als Ausdruck und als [&hellip;]</p>
