{"id":1029,"date":"2022-03-05T19:30:17","date_gmt":"2022-03-05T18:30:17","guid":{"rendered":"https:\/\/wordpress.nibis.de\/dbrs\/?page_id=1029"},"modified":"2023-02-13T22:04:09","modified_gmt":"2023-02-13T21:04:09","slug":"nachhilfe","status":"publish","type":"page","link":"https:\/\/wordpress.nibis.de\/dbrs\/nachhilfe\/","title":{"rendered":"Nachhilfe"},"content":{"rendered":"\n<p>Du hast Probleme in einem Fach und m\u00f6chtest Dich verbessern?<\/p>\n\n\n\n<p>Wir kooperieren mit dem <a href=\"https:\/\/lernzentrum-niedersachsen.de\/\" target=\"_blank\" rel=\"noreferrer noopener\">Lernf\u00f6rderzentrum<\/a> in unserer N\u00e4he.<\/p>\n\n\n\n<p>Lass Dich beraten!<\/p>\n\n\n\n<p>Im Sekretariat kannst Du einen Antrag auf Nachhilfe bekommen.<\/p>\n\n\n\n<p> <a href=\"https:\/\/lernzentrum-niedersachsen.de\/\" target=\"_blank\" rel=\"noreferrer noopener\"><img loading=\"lazy\" decoding=\"async\" width=\"1264\" height=\"2504\" class=\"wp-image-1144\" style=\"width: 400px\" src=\"https:\/\/wordpress.nibis.de\/dbrs\/files\/2023\/02\/LZ_Flyer_Vorderseite.jpg\" alt=\"\" srcset=\"https:\/\/wordpress.nibis.de\/dbrs\/files\/2023\/02\/LZ_Flyer_Vorderseite.jpg 1264w, https:\/\/wordpress.nibis.de\/dbrs\/files\/2023\/02\/LZ_Flyer_Vorderseite-768x1521.jpg 768w, https:\/\/wordpress.nibis.de\/dbrs\/files\/2023\/02\/LZ_Flyer_Vorderseite-775x1536.jpg 775w, https:\/\/wordpress.nibis.de\/dbrs\/files\/2023\/02\/LZ_Flyer_Vorderseite-1034x2048.jpg 1034w\" sizes=\"auto, (max-width: 1264px) 100vw, 1264px\" \/><img loading=\"lazy\" decoding=\"async\" width=\"1264\" height=\"2504\" class=\"wp-image-1140\" style=\"width: 400px\" src=\"https:\/\/wordpress.nibis.de\/dbrs\/files\/2023\/02\/LZ-Flyer-Rueckseite.jpg\" alt=\"\" srcset=\"https:\/\/wordpress.nibis.de\/dbrs\/files\/2023\/02\/LZ-Flyer-Rueckseite.jpg 1264w, https:\/\/wordpress.nibis.de\/dbrs\/files\/2023\/02\/LZ-Flyer-Rueckseite-768x1521.jpg 768w, https:\/\/wordpress.nibis.de\/dbrs\/files\/2023\/02\/LZ-Flyer-Rueckseite-775x1536.jpg 775w, https:\/\/wordpress.nibis.de\/dbrs\/files\/2023\/02\/LZ-Flyer-Rueckseite-1034x2048.jpg 1034w\" sizes=\"auto, (max-width: 1264px) 100vw, 1264px\" \/><\/a><\/p>\n","protected":false},"excerpt":{"rendered":"<p>Du hast Probleme in einem Fach und m\u00f6chtest Dich verbessern? Wir kooperieren mit dem Lernf\u00f6rderzentrum in unserer N\u00e4he. Lass Dich beraten! Im Sekretariat kannst Du einen Antrag auf Nachhilfe bekommen.<\/p>\n","protected":false},"author":9192896,"featured_media":0,"parent":0,"menu_order":0,"comment_status":"closed","ping_status":"closed","template":"","meta":{"footnotes":""},"class_list":["post-1029","page","type-page","status-publish","hentry"],"_links":{"self":[{"href":"https:\/\/wordpress.nibis.de\/dbrs\/wp-json\/wp\/v2\/pages\/1029","targetHints":{"allow":["GET"]}}],"collection":[{"href":"https:\/\/wordpress.nibis.de\/dbrs\/wp-json\/wp\/v2\/pages"}],"about":[{"href":"https:\/\/wordpress.nibis.de\/dbrs\/wp-json\/wp\/v2\/types\/page"}],"author":[{"embeddable":true,"href":"https:\/\/wordpress.nibis.de\/dbrs\/wp-json\/wp\/v2\/users\/9192896"}],"replies":[{"embeddable":true,"href":"https:\/\/wordpress.nibis.de\/dbrs\/wp-json\/wp\/v2\/comments?post=1029"}],"version-history":[{"count":3,"href":"https:\/\/wordpress.nibis.de\/dbrs\/wp-json\/wp\/v2\/pages\/1029\/revisions"}],"predecessor-version":[{"id":1145,"href":"https:\/\/wordpress.nibis.de\/dbrs\/wp-json\/wp\/v2\/pages\/1029\/revisions\/1145"}],"wp:attachment":[{"href":"https:\/\/wordpress.nibis.de\/dbrs\/wp-json\/wp\/v2\/media?parent=1029"}],"curies":[{"name":"wp","href":"https:\/\/api.w.org\/{rel}","templated":true}]}}