{"id":118,"date":"2019-04-24T01:04:06","date_gmt":"2019-04-23T23:04:06","guid":{"rendered":"https:\/\/wordpress.nibis.de\/dbrs\/?page_id=118"},"modified":"2021-01-17T12:42:40","modified_gmt":"2021-01-17T11:42:40","slug":"berufsberatung","status":"publish","type":"page","link":"https:\/\/wordpress.nibis.de\/dbrs\/berufsberatung\/","title":{"rendered":"Berufsorientierung"},"content":{"rendered":"<p>Das Thema \u201eBerufsorientierung\u201c wird schwerpunktm\u00e4\u00dfig im Fach Wirtschaft ab Jahrgang 8 unterrichtet, ist aber auch in allen anderen Schulf\u00e4chern verankert.<\/p>\n<p>Parallel zum Unterricht arbeitet die DBR mit vielen externen Partnern zusammen, die die Sch\u00fclerinnen und Sch\u00fcler bei ihrer beruflichen Orientierung unterst\u00fctzen.<\/p>\n<p><strong>im 8. Jahrgang:<\/strong><\/p>\n<p>&#8211; Besuch des Berufsinformationszentrums<\/p>\n<p>&#8211; Potenzialanalyse und Roadmapkonzept (in Kooperation mit der AWO)<\/p>\n<p>&#8211; Zukunftstag<\/p>\n<p><strong>im 9. Jahrgang:<\/strong><\/p>\n<p>&#8211; AWO-Begleitung bei der Suche nach einem Praktikumsplatz<\/p>\n<p>&#8211; Besuch der \u201eLangen Nacht der Berufe\u201c<\/p>\n<p>&#8211; Besuch der Berufsfachmesse \u201evocatium\u201c<\/p>\n<p>&#8211; zweiw\u00f6chiges Berufspraktikum<\/p>\n<p>&#8211; Zusammenarbeit mit den Ausbildungsbotschaftern (in Kooperation mit der IHK)<\/p>\n<p>&#8211; JobLabor mit drei Modulen f\u00fcr jeweils zwei Tage<\/p>\n<p>\u00a0 (\u201eBerufliche Zielfindung\u201c, \u201eBusiness contact\u201c, \u201eIch bin Ihr neuer Azubi\u201c)<\/p>\n<p>&#8211; Betriebserkundungen (in Kooperation mit diversen Unternehmen)<\/p>\n<p><strong>im Jahrgang 10:<\/strong><\/p>\n<p>&#8211; Zusammenarbeit mit den Ausbildungsbotschaftern (in Kooperation mit der IHK)<\/p>\n<p>&#8211; Berufsorientierungsseminar mit einem Jugendcoach<\/p>\n<p>&#8211; schulinterner Berufsinformationsabend (in Kooperation mit diversen Schulen)<\/p>\n<p>\u00a0<\/p>\n<p>Zudem ist mehrfach im Monat eine Berufsberaterin der Agentur f\u00fcr Arbeit an der DBR und ber\u00e4t die Sch\u00fclerinnen und Sch\u00fcler individuell.<\/p>\n<p>Bei uns findet jeder nach seinem erfolgreichen Schulabschluss seine passende Schule oder Ausbildung.<\/p>\n","protected":false},"excerpt":{"rendered":"<p>Das Thema \u201eBerufsorientierung\u201c wird schwerpunktm\u00e4\u00dfig im Fach Wirtschaft ab Jahrgang 8 unterrichtet, ist aber auch in allen anderen Schulf\u00e4chern verankert. Parallel zum Unterricht arbeitet die DBR mit vielen externen Partnern zusammen, die die Sch\u00fclerinnen und Sch\u00fcler bei ihrer beruflichen Orientierung unterst\u00fctzen. im 8. Jahrgang: &#8211; Besuch des Berufsinformationszentrums &#8211; Potenzialanalyse und Roadmapkonzept (in Kooperation mit [&hellip;]<\/p>\n","protected":false},"author":9192896,"featured_media":0,"parent":0,"menu_order":0,"comment_status":"closed","ping_status":"closed","template":"","meta":{"footnotes":""},"class_list":["post-118","page","type-page","status-publish","hentry"],"_links":{"self":[{"href":"https:\/\/wordpress.nibis.de\/dbrs\/wp-json\/wp\/v2\/pages\/118","targetHints":{"allow":["GET"]}}],"collection":[{"href":"https:\/\/wordpress.nibis.de\/dbrs\/wp-json\/wp\/v2\/pages"}],"about":[{"href":"https:\/\/wordpress.nibis.de\/dbrs\/wp-json\/wp\/v2\/types\/page"}],"author":[{"embeddable":true,"href":"https:\/\/wordpress.nibis.de\/dbrs\/wp-json\/wp\/v2\/users\/9192896"}],"replies":[{"embeddable":true,"href":"https:\/\/wordpress.nibis.de\/dbrs\/wp-json\/wp\/v2\/comments?post=118"}],"version-history":[{"count":4,"href":"https:\/\/wordpress.nibis.de\/dbrs\/wp-json\/wp\/v2\/pages\/118\/revisions"}],"predecessor-version":[{"id":670,"href":"https:\/\/wordpress.nibis.de\/dbrs\/wp-json\/wp\/v2\/pages\/118\/revisions\/670"}],"wp:attachment":[{"href":"https:\/\/wordpress.nibis.de\/dbrs\/wp-json\/wp\/v2\/media?parent=118"}],"curies":[{"name":"wp","href":"https:\/\/api.w.org\/{rel}","templated":true}]}}