{"id":128,"date":"2019-04-24T01:04:07","date_gmt":"2019-04-23T23:04:07","guid":{"rendered":"https:\/\/wordpress.nibis.de\/dbrs\/?page_id=128"},"modified":"2024-05-15T21:46:19","modified_gmt":"2024-05-15T19:46:19","slug":"download","status":"publish","type":"page","link":"https:\/\/wordpress.nibis.de\/dbrs\/download\/","title":{"rendered":"Download"},"content":{"rendered":"<h3><span style=\"text-decoration: underline\"><strong>Formulare f\u00fcr Anmeldungen<\/strong><\/span><\/h3>\n<p><a href=\"https:\/\/wordpress.nibis.de\/dbrs\/files\/2021\/01\/Anmeldeformular-DBR.pdf\" target=\"_blank\" rel=\"noopener\">Anmeldeformular f\u00fcr die <strong>Klassen 5 bis 10<\/strong><\/a><\/p>\n<p><a href=\"https:\/\/wordpress.nibis.de\/dbrs\/files\/2020\/04\/Erklaerung_zur_Sorgeberechtigung.pdf\">Erkl\u00e4rung zur Sorgeberechtigung<\/a><\/p>\n<p><a href=\"https:\/\/wordpress.nibis.de\/dbrs\/files\/2020\/05\/Nachweis_f\u00fcr_Masernschutz.pdf\" target=\"_blank\" rel=\"noopener noreferrer\">Nachweis f\u00fcr Masernschutz<\/a><\/p>\n<p><a href=\"https:\/\/wordpress.nibis.de\/dbrs\/files\/2024\/05\/Teilnahme_5er_2425.pdf\" target=\"_blank\" rel=\"noopener\"><strong>neue 5er Klasse<\/strong>: Antrag auf entgeltliche Ausleihe von Schulb\u00fcchern<\/a><\/p>\n<p><a href=\"https:\/\/wordpress.nibis.de\/dbrs\/files\/2024\/05\/Teilnahme_6er_2425.pdf\" target=\"_blank\" rel=\"noopener\"><strong>neue 6er Klasse<\/strong>: Antrag auf entgeltliche Ausleihe von Schulb\u00fcchern<\/a><\/p>\n<p><a href=\"https:\/\/wordpress.nibis.de\/dbrs\/files\/2024\/05\/Teilnahme_7er_2425.pdf\" target=\"_blank\" rel=\"noopener\"><strong>neue 7er Klasse<\/strong>: Antrag auf entgeltliche Ausleihe von Schulb\u00fcchern<\/a><\/p>\n<p><a href=\"https:\/\/wordpress.nibis.de\/dbrs\/files\/2024\/05\/Teilnahme_8er_2425.pdf\" target=\"_blank\" rel=\"noopener\"><strong>neue 8er Klasse<\/strong>: Antrag auf entgeltliche Ausleihe von Schulb\u00fcchern<\/a><\/p>\n<p><a href=\"https:\/\/wordpress.nibis.de\/dbrs\/files\/2024\/05\/Teilnahme_9er_2425.pdf\" target=\"_blank\" rel=\"noopener\"><strong>neue 9er Klasse<\/strong>: Antrag auf entgeltliche Ausleihe von Schulb\u00fcchern<\/a><\/p>\n<p><a href=\"https:\/\/wordpress.nibis.de\/dbrs\/files\/2024\/05\/Teilnahme_10er_2425.pdf\" target=\"_blank\" rel=\"noopener\"><strong>neue 10er Klasse<\/strong>: Antrag auf entgeltliche Ausleihe von Schulb\u00fcchern<\/a><\/p>\n<h3><strong><span style=\"text-decoration: underline\">Materiallisten<\/span><br \/><\/strong><\/h3>\n<p><a href=\"https:\/\/wordpress.nibis.de\/dbrs\/files\/2024\/05\/Materialliste-Kl.-56_2425.pdf\" target=\"_blank\" rel=\"noopener\">Klasse 5 &amp; 6<\/a> \u00a0\u00a0\u00a0 <a href=\"https:\/\/wordpress.nibis.de\/dbrs\/files\/2024\/05\/Materialliste-Kl.-7_2425.pdf\" target=\"_blank\" rel=\"noopener\">Klasse 7<\/a> \u00a0\u00a0\u00a0 <a href=\"https:\/\/wordpress.nibis.de\/dbrs\/files\/2024\/05\/Materialliste-Kl.-8_2425.pdf\" target=\"_blank\" rel=\"noopener\">Klasse 8<\/a>\u00a0 \u00a0\u00a0 <a href=\"https:\/\/wordpress.nibis.de\/dbrs\/files\/2024\/05\/Materialliste-Kl.-8a_2425.pdf\" target=\"_blank\" rel=\"noopener\">iPad-Klasse 8<\/a>\u00a0 \u00a0\u00a0 <a href=\"https:\/\/wordpress.nibis.de\/dbrs\/files\/2024\/05\/Materialliste-Kl.-9-10_2425.pdf\" target=\"_blank\" rel=\"noopener\">Klasse 9 &amp; 10<\/a> \u00a0\u00a0 <a href=\"https:\/\/wordpress.nibis.de\/dbrs\/files\/2024\/05\/Materialliste-Kl.-9a-10a_2425.pdf\" target=\"_blank\" rel=\"noopener\">iPad-Klasse 9 &amp; 10<\/a><\/p>\n\n\n<h3 class=\"wp-block-heading\"><strong><span style=\"text-decoration: underline\" class=\"underline\">B\u00fccherlisten<\/span><\/strong><\/h3>\n\n\n\n<p><a rel=\"noreferrer noopener\" href=\"https:\/\/wordpress.nibis.de\/dbrs\/files\/2024\/05\/Buecherliste-5er-2425.pdf\" target=\"_blank\">Klasse 5<\/a> &nbsp;&nbsp;&nbsp; <a rel=\"noreferrer noopener\" href=\"https:\/\/wordpress.nibis.de\/dbrs\/files\/2024\/05\/Buecherliste-6er-2425.pdf\" target=\"_blank\">Klasse 6<\/a> &nbsp;&nbsp;&nbsp; <a rel=\"noreferrer noopener\" href=\"https:\/\/wordpress.nibis.de\/dbrs\/files\/2024\/05\/Buecherliste-7er-2425.pdf\" target=\"_blank\">Klasse 7<\/a>&nbsp; &nbsp;&nbsp; <a rel=\"noreferrer noopener\" href=\"https:\/\/wordpress.nibis.de\/dbrs\/files\/2024\/05\/Buecherliste-8a-digital-2425.pdf\" target=\"_blank\">iPad-Klasse 8<\/a>&nbsp; &nbsp;&nbsp; <a rel=\"noreferrer noopener\" href=\"https:\/\/wordpress.nibis.de\/dbrs\/files\/2024\/05\/Buecherliste-8er-2425.pdf\" target=\"_blank\">Klasse 8<\/a> <\/p>\n\n\n\n<p><a rel=\"noreferrer noopener\" href=\"https:\/\/wordpress.nibis.de\/dbrs\/files\/2024\/05\/Buecherliste-9a-digital-2425.pdf\" target=\"_blank\">iPad-Klasse 9<\/a> &nbsp;&nbsp;  <a rel=\"noreferrer noopener\" href=\"https:\/\/wordpress.nibis.de\/dbrs\/files\/2024\/05\/Buecherliste-9er-2425.pdf\" target=\"_blank\">Klasse 9<\/a> <span style=\"color:#ffffff\" class=\"tadv-color\">a<\/span> <a rel=\"noreferrer noopener\" href=\"https:\/\/wordpress.nibis.de\/dbrs\/files\/2024\/05\/Buecherliste-10a-digital-2425.pdf\" target=\"_blank\">iPad-Klasse 10<\/a> <span style=\"color:#ffffff\" class=\"tadv-color\">a<\/span> <a rel=\"noreferrer noopener\" href=\"https:\/\/wordpress.nibis.de\/dbrs\/files\/2024\/05\/Buecherliste-10er-2425.pdf\" target=\"_blank\">Klasse 10<\/a><\/p>\n","protected":false},"excerpt":{"rendered":"<p>Formulare f\u00fcr Anmeldungen Anmeldeformular f\u00fcr die Klassen 5 bis 10 Erkl\u00e4rung zur Sorgeberechtigung Nachweis f\u00fcr Masernschutz neue 5er Klasse: Antrag auf entgeltliche Ausleihe von Schulb\u00fcchern neue 6er Klasse: Antrag auf entgeltliche Ausleihe von Schulb\u00fcchern neue 7er Klasse: Antrag auf entgeltliche Ausleihe von Schulb\u00fcchern neue 8er Klasse: Antrag auf entgeltliche Ausleihe von Schulb\u00fcchern neue 9er Klasse: [&hellip;]<\/p>\n","protected":false},"author":9192896,"featured_media":0,"parent":0,"menu_order":0,"comment_status":"closed","ping_status":"closed","template":"","meta":{"footnotes":""},"class_list":["post-128","page","type-page","status-publish","hentry"],"_links":{"self":[{"href":"https:\/\/wordpress.nibis.de\/dbrs\/wp-json\/wp\/v2\/pages\/128","targetHints":{"allow":["GET"]}}],"collection":[{"href":"https:\/\/wordpress.nibis.de\/dbrs\/wp-json\/wp\/v2\/pages"}],"about":[{"href":"https:\/\/wordpress.nibis.de\/dbrs\/wp-json\/wp\/v2\/types\/page"}],"author":[{"embeddable":true,"href":"https:\/\/wordpress.nibis.de\/dbrs\/wp-json\/wp\/v2\/users\/9192896"}],"replies":[{"embeddable":true,"href":"https:\/\/wordpress.nibis.de\/dbrs\/wp-json\/wp\/v2\/comments?post=128"}],"version-history":[{"count":48,"href":"https:\/\/wordpress.nibis.de\/dbrs\/wp-json\/wp\/v2\/pages\/128\/revisions"}],"predecessor-version":[{"id":1259,"href":"https:\/\/wordpress.nibis.de\/dbrs\/wp-json\/wp\/v2\/pages\/128\/revisions\/1259"}],"wp:attachment":[{"href":"https:\/\/wordpress.nibis.de\/dbrs\/wp-json\/wp\/v2\/media?parent=128"}],"curies":[{"name":"wp","href":"https:\/\/api.w.org\/{rel}","templated":true}]}}