{"id":695,"date":"2021-02-01T17:04:42","date_gmt":"2021-02-01T16:04:42","guid":{"rendered":"https:\/\/wordpress.nibis.de\/dbrs\/?page_id=695"},"modified":"2021-02-01T17:31:52","modified_gmt":"2021-02-01T16:31:52","slug":"profile-ab-klasse-9","status":"publish","type":"page","link":"https:\/\/wordpress.nibis.de\/dbrs\/profile-ab-klasse-9\/","title":{"rendered":"Profile ab Klasse 9"},"content":{"rendered":"\n<p>In der 9. Klasse muss an der Realschule f\u00fcr die zwei letzten Schuljahre aus 4 m\u00f6glichen ein Profil gew\u00e4hlt werden.<\/p>\n<ul>\n<li>Wirtschaft (2-st\u00fcndig)<\/li>\n<li>Gesundheit und Soziales (2-st\u00fcndig)<\/li>\n<li>Technik (4-st\u00fcndig)<\/li>\n<li>Sprachen (4-st\u00fcndig Franz\u00f6sisch als 2. Fremdsprache oder Spanisch)<\/li>\n<\/ul>\n<p>Die beiden 2-st\u00fcndigen Profile werden durch einen 2-st\u00fcndigen Wahlpflichtkurs (WPK) erg\u00e4nzt.<\/p>\n<p>Je nach Schule sind die Profilinhalte etwas anders gestaltet.<\/p>\n<p><strong>a) Das Profil Wirtschaft an der DBR<br \/><\/strong><\/p>\n<p>Im Profil Wirtschaft wird vertieftes \u00f6konomisches Wissen zur Berufsvorbereitung aufgebaut. Dabei werden Inhalte aus dem regul\u00e4ren Wirtschaftsunterricht vertieft.<\/p>\n<p>Der Kompetenzerwerb geschieht in den 4 Handlungsfeldern des Wirtschaftsgeschehens:<\/p>\n<ul>\n<li>Verbraucherinnen und Verbraucher sowie Erwerbst\u00e4tige im Wirtschaftsgeschehen<\/li>\n<li>\u00f6konomisches und soziales Handeln in Unternehmen<\/li>\n<li>Die Aufgaben des Staates im Wirtschaftsprozess<\/li>\n<li>\u00f6konomisches Handeln regional, national und international<\/li>\n<\/ul>\n<p>Jedes Handlungsfeld wird in den zwei Schuljahren einmal aufgegriffen.<\/p>\n<p>Die Unterrichtsinhalte werden mit vielen Verkn\u00fcpfungen zu unserer Sch\u00fclerfirma \u201eHappy Breakfast\u201c und unterschiedlichen Exkursionen anschaulich vermittelt.<\/p>\n<p>Der Bezug zur realen Wirtschaftswelt spielt dabei eine zentrale Rolle.<\/p>\n<p><strong>b) Das Profil Gesundheit und Soziales an der DBR<\/strong><\/p>\n<p>Das Profil \u201eGesundheit und Soziales\u201c richtet sich an dich, wenn du beruflich im \u00a0sozialen sowie medizinischen Bereich durchstarten m\u00f6chtest.<\/p>\n<p>\u00dcber die zwei Schuljahre gibt es insgesamt vier Module:<\/p>\n<p><strong>Modul 1:<\/strong><u> Pers\u00f6nliche und berufliche Perspektiven (1. HJ Klasse 9)<\/u><\/p>\n<p>In diesem Modul setzt Du Dich mit verschiedenen Berufsfeldern auseinander und erh\u00e4ltst einen tieferen Einblick in die verschiedensten Aufgabenfelder (z.B. Berufsausbildung und T\u00e4tigkeiten in den Bereichen Kinder-, Kranken- oder Altenpflege).<\/p>\n<p>Neben der Theorie machen wir das auch ganz praxisnah, z. B. in Form von Besuchen verschiedener sozialer Einrichtungen in Hannover oder durch das Ausprobieren bestimmter sozialer oder pflegerischer T\u00e4tigkeiten in der Schule (Rollenspiele).<\/p>\n<p><strong>Modul 2:<\/strong><u> Sozialp\u00e4dagogik (2. HJ Klasse 9)<\/u><\/p>\n<p>In diesem Modul steht das Soziale im Mittelpunkt. Betrachtet werden Familien und die Bed\u00fcrfnisse, Rechte und Pflichten eines jeden Familienmitglieds.<\/p>\n<p>Dazu geh\u00f6ren die Kinder in ihren verschiedenen Lebensphasen, die Eltern und deren soziales Miteinander.<\/p>\n<p><strong>Modul 3:<\/strong><u> Gesundheit und Pflege (1. HJ Klasse 10)<\/u><\/p>\n<p>In diesem Modul liegt der Schwerpunkt auf dem gesundheitlichen Bereich.<\/p>\n<p>Du siehst dir die Pflege verschiedener Altersgruppen sowie die dazugeh\u00f6rigen Einrichtungen an.<\/p>\n<p>Bestimmte wichtige Berufe des Gesundheitswesens wie z.B. Altenpfleger(in) wirst du hier genauer betrachten.<\/p>\n<p><strong>Modul 4:<\/strong><u> Ern\u00e4hrung und Hauswirtschaft (2. HJ Klasse 10)<\/u><\/p>\n<p>Hier lernst du alles \u00fcber Berufe rund um unsere Lebensmittel (Produktion, Lagerung und Verkauf).<\/p>\n<p>Auch hier wird wieder sehr praxisorientiert gearbeitet, z.B. in Form von Verkaufsgespr\u00e4chen.<\/p>\n<p><strong>c) Das Profil Fremdsprachen an der DBR<\/strong><\/p>\n<p>Wir haben an der DBR ein ausgepr\u00e4gtes Sprachprofil.<\/p>\n<p>Neben den bilingual-englischen Profilklassen ab dem 5. Jahrgang k\u00f6nnen ab Klasse 6 als zweite Fremdsprache Franz\u00f6sisch oder Spanisch gelernt werden.<\/p>\n<p>Franz\u00f6sisch wird durchg\u00e4ngig 4-st\u00fcndig unterrichtet.<\/p>\n<p>Spanisch wird in zwei zweist\u00fcndigen Kursen unterrichtet. Einer davon ist reiner Spanischunterricht. Er wird von Klasse 6 bis 10 durchgef\u00fchrt. Der zweite Kurs ist ein bilingual-spanischer Wahlpflichtkurs mit landeskundlichen Themen aus spanischsprechenden L\u00e4ndern der Welt. Ab Klasse 9 wechselt der inhaltliche Schwerpunkt dieses 2-st\u00fcndigen Kurses hin zu wirtschaftlichen Themen des hispanischen Raumes.<\/p>\n<p><strong>c) Das Profil Technik an der DBR<\/strong><\/p>\n<p>Das Profil Technik wird wie das Fremdsprachenprofil 4-st\u00fcndig unterrichtet. Es bietet Raum zur \u00dcbung und Anwendung in den Handlungsbereichen \u201eArbeiten und Produzieren\u201c, \u201eMensch und Energie\u201c, \u201eInformation und Kommunikation\u201c und \u201eZukunftsorientierte Technologien\u201c. Vorhandenes Technikinteresse soll gef\u00f6rdert und vertieft werden. Technische Objekte werden entwickelt, hergestellt, in Betrieb genommen und bedient. Durch Ver\u00e4nderungen werden Entwicklungen bewertet und Probleme innovativ gel\u00f6st. Teamarbeit wird als Chance f\u00fcr kreative L\u00f6sungen begriffen. Das Profil Technik bereitet besonders auf den \u00dcbergang in berufliche Bildungsg\u00e4nge des gewerblich-technischen Bereichs vor. Dabei werden sowohl die Anforderungen der dualen Ausbildungsberufe als auch die der Fachoberschulen und der beruflichen Gymnasien ber\u00fccksichtigt. <\/p>\n","protected":false},"excerpt":{"rendered":"<p>In der 9. Klasse muss an der Realschule f\u00fcr die zwei letzten Schuljahre aus 4 m\u00f6glichen ein Profil gew\u00e4hlt werden. Wirtschaft (2-st\u00fcndig) Gesundheit und Soziales (2-st\u00fcndig) Technik (4-st\u00fcndig) Sprachen (4-st\u00fcndig Franz\u00f6sisch als 2. Fremdsprache oder Spanisch) Die beiden 2-st\u00fcndigen Profile werden durch einen 2-st\u00fcndigen Wahlpflichtkurs (WPK) erg\u00e4nzt. Je nach Schule sind die Profilinhalte etwas anders [&hellip;]<\/p>\n","protected":false},"author":9192896,"featured_media":0,"parent":0,"menu_order":0,"comment_status":"closed","ping_status":"closed","template":"","meta":{"footnotes":""},"class_list":["post-695","page","type-page","status-publish","hentry"],"_links":{"self":[{"href":"https:\/\/wordpress.nibis.de\/dbrs\/wp-json\/wp\/v2\/pages\/695","targetHints":{"allow":["GET"]}}],"collection":[{"href":"https:\/\/wordpress.nibis.de\/dbrs\/wp-json\/wp\/v2\/pages"}],"about":[{"href":"https:\/\/wordpress.nibis.de\/dbrs\/wp-json\/wp\/v2\/types\/page"}],"author":[{"embeddable":true,"href":"https:\/\/wordpress.nibis.de\/dbrs\/wp-json\/wp\/v2\/users\/9192896"}],"replies":[{"embeddable":true,"href":"https:\/\/wordpress.nibis.de\/dbrs\/wp-json\/wp\/v2\/comments?post=695"}],"version-history":[{"count":3,"href":"https:\/\/wordpress.nibis.de\/dbrs\/wp-json\/wp\/v2\/pages\/695\/revisions"}],"predecessor-version":[{"id":712,"href":"https:\/\/wordpress.nibis.de\/dbrs\/wp-json\/wp\/v2\/pages\/695\/revisions\/712"}],"wp:attachment":[{"href":"https:\/\/wordpress.nibis.de\/dbrs\/wp-json\/wp\/v2\/media?parent=695"}],"curies":[{"name":"wp","href":"https:\/\/api.w.org\/{rel}","templated":true}]}}