{"id":956,"date":"2021-12-08T17:37:44","date_gmt":"2021-12-08T16:37:44","guid":{"rendered":"https:\/\/wordpress.nibis.de\/dbrs\/?page_id=956"},"modified":"2022-10-03T20:16:49","modified_gmt":"2022-10-03T18:16:49","slug":"schulsozialarbeit-an-der-dbr","status":"publish","type":"page","link":"https:\/\/wordpress.nibis.de\/dbrs\/schulsozialarbeit-an-der-dbr\/","title":{"rendered":"Schulsozialarbeit an der DBR"},"content":{"rendered":"\n<p>Mein Name ist Julia Voigtland. Ich bin als Schulsozialarbeiterin des Fachbereiches Jugend und Familie der Landeshauptstadt Hannover an der Dietrich-Bonhoeffer-Realschule t\u00e4tig.<br><br><strong>Schulsozialarbeit<\/strong> ist ein Angebot der Kinder- und Jugendhilfe und arbeitet mit daran, den Schulalltag interessant und lebendig zu gestalten. Schulsozialarbeit unterst\u00fctzt Bildung im musischen, sportlichen, k\u00fcnstlerischen und freizeitp\u00e4dagogischen Bereich. Schulsozialarbeit f\u00f6rdert das individuelle und soziale Lernen und die Integration aller Kinder und Jugendlichen in der Schule.<\/p>\n\n\n\n<p>Julia Voigtland<br>Tel. 0511 168 31330&nbsp;&nbsp;&nbsp;&nbsp;&nbsp;&nbsp;&nbsp;&nbsp;&nbsp;&nbsp;&nbsp;&nbsp;&nbsp;&nbsp;&nbsp;&nbsp;&nbsp;&nbsp;&nbsp;&nbsp;&nbsp;&nbsp;&nbsp;&nbsp;&nbsp;&nbsp;&nbsp;&nbsp;&nbsp;&nbsp;&nbsp;&nbsp;&nbsp;&nbsp;&nbsp;&nbsp;&nbsp;&nbsp;&nbsp;&nbsp;&nbsp;&nbsp;&nbsp;&nbsp;&nbsp;&nbsp;&nbsp;&nbsp;&nbsp;&nbsp;&nbsp;&nbsp;&nbsp;&nbsp;&nbsp;&nbsp;&nbsp;&nbsp;&nbsp;<br>E-Mail: <a href=\"&#109;&#97;&#x69;&#x6c;&#116;&#111;&#x3a;&#x4a;&#117;&#108;&#x69;&#x61;&#46;&#86;&#x6f;&#x69;&#103;&#116;&#x6c;&#x61;&#110;&#100;&#x40;&#x48;&#97;&#110;&#x6e;&#x6f;&#118;&#101;&#x72;&#x2d;&#83;&#116;&#x61;&#x64;&#116;&#46;&#x64;&#x65;\">&#74;&#x75;&#x6c;&#105;&#x61;&#x2e;V&#x6f;&#x69;g&#116;&#x6c;a&#110;&#x64;&#64;&#72;&#x61;n&#110;&#x6f;v&#101;&#x72;&#x2d;&#83;&#x74;&#x61;&#100;&#x74;&#x2e;d&#x65;<\/a><\/p>\n\n\n\n<figure class=\"wp-block-image size-full\"><img loading=\"lazy\" decoding=\"async\" width=\"212\" height=\"263\" src=\"https:\/\/wordpress.nibis.de\/dbrs\/files\/2022\/09\/JuliaV.jpg\" alt=\"\" class=\"wp-image-1096\" \/><\/figure>\n\n\n\n<p>Ich hei\u00dfe Phillip Niekamp und bin als p\u00e4dagogische Fachkraft in schulischer Vertantwortung des Regionalen Landesamtes f\u00fcr Schule und Bildung seit M\u00e4rz 2022 an der Dietrich-Bonhoeffer-Realschule t\u00e4tig.<\/p>\n\n\n\n<p>Die Soziale Arbeit in schulischer Verantwortung basiert auf der Grundlage des allgemeinen Bildungsauftrages nach \u00a72 des Nieders\u00e4chsischen Schulgesetzes (NschG). Demnach unterst\u00fctzt die Schulsozialarbeit mit ihren Angeboten, die Sch\u00fcler*innen dabei erfolgreich am Schulalltag teilnehmen, eine eigene Pers\u00f6nlichkeit entwickeln und einen Schulabschluss erreichen zu k\u00f6nnen. Gleichzeitig unterst\u00fctzt die Schulsozialarbeit dabei, den Abbau sozialer Benachteiligungen und individueller Beeintr\u00e4chtigungen der Sch\u00fcler*innen an Schule entgegenzuwirken.<\/p>\n\n\n\n<p>Die Angebote und Ma\u00dfnahmen Schulsozialarbeit richtet sich in erster Linie an alle Sch\u00fcler*innen, dabei arbeitet sie pr\u00e4ventiv und nimmt sich aller Aufgaben an, die sich im schulischen Kontext bewegen. Die Angebote f\u00fcr die Sch\u00fcler*innen sind dabei grunds\u00e4tzlich freiwillig.<\/p>\n\n\n\n<p>Phillip Niekamp<br>Tel: 0511 168 34155<br>E-Mail: <a href=\"ma&#105;&#108;&#x74;&#x6f;&#x3a;&#x50;hi&#108;&#108;&#x69;&#x70;&#x2e;&#x6e;ie&#107;&#97;&#109;&#x70;&#x33;&#x40;&#x73;ch&#117;&#108;&#x65;&#x6e;&#x2d;&#x48;an&#110;&#111;&#x76;&#x65;&#x72;&#x2e;de\">&#80;&#x68;&#x69;l&#108;&#x69;&#x70;&#46;&#110;&#x69;e&#107;&#x61;&#x6d;p&#51;&#x40;s&#99;&#x68;&#x75;l&#101;&#x6e;&#x2d;&#72;&#x61;&#x6e;n&#111;&#x76;&#x65;r&#46;&#x64;e<\/a><\/p>\n\n\n\n<figure class=\"wp-block-image size-full\"><img loading=\"lazy\" decoding=\"async\" width=\"349\" height=\"239\" src=\"https:\/\/wordpress.nibis.de\/dbrs\/files\/2022\/09\/PhillipN.jpg\" alt=\"\" class=\"wp-image-1097\" srcset=\"https:\/\/wordpress.nibis.de\/dbrs\/files\/2022\/09\/PhillipN.jpg 349w, https:\/\/wordpress.nibis.de\/dbrs\/files\/2022\/09\/PhillipN-75x50.jpg 75w\" sizes=\"auto, (max-width: 349px) 100vw, 349px\" \/><\/figure>\n\n\n\n<p><strong>Wenn du als Kind oder Jugendliche\/r \u2026<\/strong><\/p>\n\n\n\n<ul class=\"wp-block-list\"><li>Dir neue Angebote an deiner Schule w\u00fcnschst<\/li><li>Ideen hast f\u00fcr die Gestaltung der Schule<\/li><li>Stress mit deinen Lehrer*innen oder deinen Mitsch\u00fcler*innen hast<\/li><li>mit dem Lernen nicht gut zurechtkommst<\/li><li>dich zuhause nicht mehr verstanden f\u00fchlst<\/li><li>Schwierigkeiten oder Probleme hast, die dich belasten<\/li><li>dich einfach mal ausquatschen willst<\/li><li>Fragen hast, die du sonst niemandem stellen kannst<br><\/li><\/ul>\n\n\n\n<p><strong>\u2026 dann komm zur Schulsozialarbeit und sprich mich an!<\/strong><\/p>\n\n\n\n<p><strong>Wenn Sie als Eltern \u2026<\/strong><\/p>\n\n\n\n<ul class=\"wp-block-list\"><li>Ihr Kind im Schulalltag unterst\u00fctzen m\u00f6chten<\/li><li>sich Sorgen um die Entwicklung Ihres Kindes machen<\/li><li>glauben Ihr Kind kommt in der Schule nicht zurecht<\/li><li>selbst belastet sind durch Probleme oder Trennungssituationen zuhause<\/li><li>f\u00fcrchten, die Erziehung w\u00e4chst Ihnen \u00fcber den Kopf<\/li><li>Informationen \u00fcber finanzielle Unterst\u00fctzungsm\u00f6glichkeiten ben\u00f6tigen, die Ihrem Kind im Rahmen von Bildung und Teilhabe zustehen\u2026 <strong>dann sprechen Sie mich an!<\/strong><\/li><\/ul>\n\n\n\n<p>Als Schulsozialarbeiter*in bieten wir <strong>pers\u00f6nliche und vertrauliche Beratung<\/strong>. Wir suche gemeinsam mit Ihnen nach Unterst\u00fctzungsm\u00f6glichkeiten und L\u00f6sungen. Bei Bedarf vermittle ich zu weiterf\u00fchrenden Stellen und Diensten.<\/p>\n","protected":false},"excerpt":{"rendered":"<p>Mein Name ist Julia Voigtland. Ich bin als Schulsozialarbeiterin des Fachbereiches Jugend und Familie der Landeshauptstadt Hannover an der Dietrich-Bonhoeffer-Realschule t\u00e4tig. Schulsozialarbeit ist ein Angebot der Kinder- und Jugendhilfe und arbeitet mit daran, den Schulalltag interessant und lebendig zu gestalten. Schulsozialarbeit unterst\u00fctzt Bildung im musischen, sportlichen, k\u00fcnstlerischen und freizeitp\u00e4dagogischen Bereich. Schulsozialarbeit f\u00f6rdert das individuelle und [&hellip;]<\/p>\n","protected":false},"author":9192896,"featured_media":0,"parent":0,"menu_order":0,"comment_status":"closed","ping_status":"closed","template":"","meta":{"footnotes":""},"class_list":["post-956","page","type-page","status-publish","hentry"],"_links":{"self":[{"href":"https:\/\/wordpress.nibis.de\/dbrs\/wp-json\/wp\/v2\/pages\/956","targetHints":{"allow":["GET"]}}],"collection":[{"href":"https:\/\/wordpress.nibis.de\/dbrs\/wp-json\/wp\/v2\/pages"}],"about":[{"href":"https:\/\/wordpress.nibis.de\/dbrs\/wp-json\/wp\/v2\/types\/page"}],"author":[{"embeddable":true,"href":"https:\/\/wordpress.nibis.de\/dbrs\/wp-json\/wp\/v2\/users\/9192896"}],"replies":[{"embeddable":true,"href":"https:\/\/wordpress.nibis.de\/dbrs\/wp-json\/wp\/v2\/comments?post=956"}],"version-history":[{"count":15,"href":"https:\/\/wordpress.nibis.de\/dbrs\/wp-json\/wp\/v2\/pages\/956\/revisions"}],"predecessor-version":[{"id":1113,"href":"https:\/\/wordpress.nibis.de\/dbrs\/wp-json\/wp\/v2\/pages\/956\/revisions\/1113"}],"wp:attachment":[{"href":"https:\/\/wordpress.nibis.de\/dbrs\/wp-json\/wp\/v2\/media?parent=956"}],"curies":[{"name":"wp","href":"https:\/\/api.w.org\/{rel}","templated":true}]}}