{"id":246,"date":"2023-03-17T08:28:19","date_gmt":"2023-03-17T07:28:19","guid":{"rendered":"https:\/\/wordpress.nibis.de\/dfrsmue\/?page_id=246"},"modified":"2024-08-05T07:14:17","modified_gmt":"2024-08-05T05:14:17","slug":"start","status":"publish","type":"page","link":"https:\/\/wordpress.nibis.de\/dfrsmue\/start\/","title":{"rendered":"Willkommen auf der Homepage der Drei-Fl\u00fcsse-Realschule"},"content":{"rendered":"\n<div class=\"wp-block-image is-style-rounded\"><figure class=\"aligncenter size-full is-resized\"><img loading=\"lazy\" decoding=\"async\" src=\"https:\/\/wordpress.nibis.de\/dfrsmue\/files\/2022\/11\/hauptgebaeude_neu.jpg\" alt=\"\" class=\"wp-image-115\" width=\"595\" height=\"447\" \/><\/figure><\/div>\n\n\n\n<p class=\"has-large-font-size\"> <\/p>\n\n\n\n<p>Drei-Fl\u00fcsse-Realschule<br>G\u00f6ttinger Stra\u00dfe 28<br>34346 Hann. M\u00fcnden<\/p>\n\n\n\n<p>Telefon: 05541 \/ 6752<br>Fax:&nbsp;&nbsp;05541 \/ 6702    <\/p>\n\n\n\n<p>Unser Sekretariat ist zu folgenden Zeiten besetzt:<br><strong>8.00 bis 12.00 Uhr<\/strong>           <\/p>\n\n\n\n<figure class=\"wp-block-image size-full is-resized\"><a href=\"https:\/\/dfrsmuenden.de\" target=\"_blank\" rel=\"noopener\"><img loading=\"lazy\" decoding=\"async\" src=\"https:\/\/wordpress.nibis.de\/dfrsmue\/files\/2023\/05\/IServ-foto.jpeg\" alt=\"\" class=\"wp-image-950\" width=\"135\" height=\"59\" \/><\/a><\/figure>\n\n\n\n<p>Mail:&nbsp;<a href=\"&#109;&#x61;&#105;&#x6c;t&#x6f;:&#105;&#x6e;&#102;&#x6f;&#64;&#x64;r&#x65;i&#45;&#x66;&#108;&#x75;e&#x73;s&#x65;&#x2d;&#114;&#x65;&#97;&#x6c;s&#x63;h&#117;&#x6c;&#101;&#x2e;&#100;&#x65;\">info&#64;drei-fluesse-realsc&#104;&#117;&#108;&#101;&#46;&#100;&#101;<\/a><\/p>\n","protected":false},"excerpt":{"rendered":"<p>Drei-Fl\u00fcsse-RealschuleG\u00f6ttinger Stra\u00dfe 2834346 Hann. M\u00fcnden Telefon: 05541 \/ 6752Fax:&nbsp;&nbsp;05541 \/ 6702 Unser Sekretariat ist zu folgenden Zeiten besetzt:8.00 bis 12.00 Uhr Mail:&nbsp;&#x69;&#x6e;&#102;o&#x40;&#x64;&#x72;&#101;i&#x2d;&#x66;&#x6c;&#117;e&#x73;&#x73;&#x65;&#45;r&#x65;&#x61;&#x6c;&#115;c&#x68;&#x75;&#x6c;&#101;&#46;&#x64;&#x65;<\/p>\n","protected":false},"author":9194097,"featured_media":0,"parent":0,"menu_order":0,"comment_status":"closed","ping_status":"closed","template":"","meta":{"footnotes":""},"class_list":["post-246","page","type-page","status-publish","hentry"],"_links":{"self":[{"href":"https:\/\/wordpress.nibis.de\/dfrsmue\/wp-json\/wp\/v2\/pages\/246","targetHints":{"allow":["GET"]}}],"collection":[{"href":"https:\/\/wordpress.nibis.de\/dfrsmue\/wp-json\/wp\/v2\/pages"}],"about":[{"href":"https:\/\/wordpress.nibis.de\/dfrsmue\/wp-json\/wp\/v2\/types\/page"}],"author":[{"embeddable":true,"href":"https:\/\/wordpress.nibis.de\/dfrsmue\/wp-json\/wp\/v2\/users\/9194097"}],"replies":[{"embeddable":true,"href":"https:\/\/wordpress.nibis.de\/dfrsmue\/wp-json\/wp\/v2\/comments?post=246"}],"version-history":[{"count":18,"href":"https:\/\/wordpress.nibis.de\/dfrsmue\/wp-json\/wp\/v2\/pages\/246\/revisions"}],"predecessor-version":[{"id":1693,"href":"https:\/\/wordpress.nibis.de\/dfrsmue\/wp-json\/wp\/v2\/pages\/246\/revisions\/1693"}],"wp:attachment":[{"href":"https:\/\/wordpress.nibis.de\/dfrsmue\/wp-json\/wp\/v2\/media?parent=246"}],"curies":[{"name":"wp","href":"https:\/\/api.w.org\/{rel}","templated":true}]}}