{"id":320,"date":"2023-03-22T15:06:00","date_gmt":"2023-03-22T14:06:00","guid":{"rendered":"https:\/\/wordpress.nibis.de\/dfrsmue\/?page_id=320"},"modified":"2026-03-31T14:01:33","modified_gmt":"2026-03-31T12:01:33","slug":"schuelervertretung","status":"publish","type":"page","link":"https:\/\/wordpress.nibis.de\/dfrsmue\/schuelervertretung\/","title":{"rendered":"Sch\u00fclervertretung\/Klassensprecher"},"content":{"rendered":"\n<p><strong>Die Sch\u00fclervertretung:<\/strong><br><br>Dies sind eure drei gew\u00e4hlten SV-Vertreter:&nbsp;<br><br>E<strong>lla Weidner&nbsp;<br>Lenja He\u00df<br>Tjorben Ammann<\/strong><\/p>\n\n\n\n<p>Habt ihr Kummer oder Sorgen, <br>verschiebt sie nicht auf morgen.<br>Werft eure Probleme und Sorgen in den Kasten rein, <br>dann werden sie bald vergangen sein.&nbsp;<br>Wir haben f\u00fcr euch einen &#8222;Kummerkasten&#8220; eingerichtet, in den ihr Probleme, Anregungen, Verbesserungsvorschl\u00e4ge und noch vieles mehr einwerfen k\u00f6nnt. Wir sind f\u00fcr euch da. Ihr findet ihn unter dem digitalen schwarzen Brett.<br>Euer Sch\u00fclersprecher-Team.<\/p>\n\n\n\n<!--nextpage-->\n\n\n\n<p class=\"has-text-align-center\"><strong>Eure gew\u00e4hlten Klassensprecher<\/strong><\/p>\n\n\n\n<div data-wp-interactive=\"core\/file\" class=\"wp-block-file\"><object data-wp-bind--hidden=\"!state.hasPdfPreview\" hidden class=\"wp-block-file__embed\" data=\"https:\/\/wordpress.nibis.de\/dfrsmue\/files\/2026\/03\/Schuelervertreter-Klassen-SJ-25_26.pdf\" type=\"application\/pdf\" style=\"width:100%;height:600px\" aria-label=\"Einbettung von Sch\u00fclervertreter Klassen SJ 25_26.\"><\/object><a id=\"wp-block-file--media-d2d04949-043c-45b0-a5e2-0831cc931dd7\" href=\"https:\/\/wordpress.nibis.de\/dfrsmue\/files\/2026\/03\/Schuelervertreter-Klassen-SJ-25_26.pdf\">Sch\u00fclervertreter Klassen SJ 25_26<\/a><a href=\"https:\/\/wordpress.nibis.de\/dfrsmue\/files\/2026\/03\/Schuelervertreter-Klassen-SJ-25_26.pdf\" class=\"wp-block-file__button wp-element-button\" download aria-describedby=\"wp-block-file--media-d2d04949-043c-45b0-a5e2-0831cc931dd7\">Herunterladen<\/a><\/div>\n","protected":false},"excerpt":{"rendered":"<p>Die Sch\u00fclervertretung: Dies sind eure drei gew\u00e4hlten SV-Vertreter:&nbsp; Ella Weidner&nbsp;Lenja He\u00dfTjorben Ammann Habt ihr Kummer oder Sorgen, verschiebt sie nicht auf morgen.Werft eure Probleme und &hellip; <\/p>\n","protected":false},"author":9194097,"featured_media":0,"parent":0,"menu_order":0,"comment_status":"closed","ping_status":"closed","template":"","meta":{"footnotes":""},"class_list":["post-320","page","type-page","status-publish","hentry"],"_links":{"self":[{"href":"https:\/\/wordpress.nibis.de\/dfrsmue\/wp-json\/wp\/v2\/pages\/320","targetHints":{"allow":["GET"]}}],"collection":[{"href":"https:\/\/wordpress.nibis.de\/dfrsmue\/wp-json\/wp\/v2\/pages"}],"about":[{"href":"https:\/\/wordpress.nibis.de\/dfrsmue\/wp-json\/wp\/v2\/types\/page"}],"author":[{"embeddable":true,"href":"https:\/\/wordpress.nibis.de\/dfrsmue\/wp-json\/wp\/v2\/users\/9194097"}],"replies":[{"embeddable":true,"href":"https:\/\/wordpress.nibis.de\/dfrsmue\/wp-json\/wp\/v2\/comments?post=320"}],"version-history":[{"count":18,"href":"https:\/\/wordpress.nibis.de\/dfrsmue\/wp-json\/wp\/v2\/pages\/320\/revisions"}],"predecessor-version":[{"id":2203,"href":"https:\/\/wordpress.nibis.de\/dfrsmue\/wp-json\/wp\/v2\/pages\/320\/revisions\/2203"}],"wp:attachment":[{"href":"https:\/\/wordpress.nibis.de\/dfrsmue\/wp-json\/wp\/v2\/media?parent=320"}],"curies":[{"name":"wp","href":"https:\/\/api.w.org\/{rel}","templated":true}]}}