{"id":447,"date":"2023-03-22T18:06:32","date_gmt":"2023-03-22T17:06:32","guid":{"rendered":"https:\/\/wordpress.nibis.de\/dfrsmue\/?page_id=447"},"modified":"2023-05-08T09:02:54","modified_gmt":"2023-05-08T07:02:54","slug":"sport","status":"publish","type":"page","link":"https:\/\/wordpress.nibis.de\/dfrsmue\/sport\/","title":{"rendered":"Sport"},"content":{"rendered":"\n<p>Der Sportunterricht der DFRS findet in den Jahrg\u00e4ngen 5-7 in unserer hauseigenen Sporthalle (und in Klasse 5 epochal auch als Schwimmunterricht in unserem Lehrschwimmbecken) statt, f\u00fcr die \u00e4lteren Jahrg\u00e4nge 8-10 dann in unserer gr\u00f6\u00dferen, teilbaren Sporthalle im Auefeld, zu der die Sch\u00fclerinnen und Sch\u00fcler selbst\u00e4ndig hinlaufen. Auch der nahegelegene Wald sowie der Sportplatz am Auefeld oder auch mal das Hochbad werden im Sommer f\u00fcr das Sporttreiben und Trainieren (etwa f\u00fcr Leichtathletik, Ausdauer &amp; zur Orientierung) genutzt.<\/p>\n\n\n\n<div class=\"wp-block-group alignfull\"><div class=\"wp-block-group__inner-container is-layout-flow wp-block-group-is-layout-flow\">\n<figure class=\"wp-block-gallery alignwide has-nested-images columns-2 tw-img-ratio-3-2 tw-cols-large wp-block-gallery-1 is-layout-flex wp-block-gallery-is-layout-flex\">\n<figure class=\"wp-block-image size-large\"><img loading=\"lazy\" decoding=\"async\" width=\"900\" height=\"675\" data-id=\"1117\" src=\"https:\/\/wordpress.nibis.de\/dfrsmue\/files\/2023\/05\/IMG_20230118_104136-900x675.jpg\" alt=\"\" class=\"wp-image-1117\" srcset=\"https:\/\/wordpress.nibis.de\/dfrsmue\/files\/2023\/05\/IMG_20230118_104136-900x675.jpg 900w, https:\/\/wordpress.nibis.de\/dfrsmue\/files\/2023\/05\/IMG_20230118_104136-637x478.jpg 637w, https:\/\/wordpress.nibis.de\/dfrsmue\/files\/2023\/05\/IMG_20230118_104136-768x576.jpg 768w, https:\/\/wordpress.nibis.de\/dfrsmue\/files\/2023\/05\/IMG_20230118_104136-1536x1152.jpg 1536w, https:\/\/wordpress.nibis.de\/dfrsmue\/files\/2023\/05\/IMG_20230118_104136-2048x1536.jpg 2048w\" sizes=\"auto, (max-width: 900px) 100vw, 900px\" \/><\/figure>\n\n\n\n<figure class=\"wp-block-image size-large\"><img loading=\"lazy\" decoding=\"async\" width=\"900\" height=\"675\" data-id=\"1118\" src=\"https:\/\/wordpress.nibis.de\/dfrsmue\/files\/2023\/05\/IMG_20230118_104155-900x675.jpg\" alt=\"\" class=\"wp-image-1118\" srcset=\"https:\/\/wordpress.nibis.de\/dfrsmue\/files\/2023\/05\/IMG_20230118_104155-900x675.jpg 900w, https:\/\/wordpress.nibis.de\/dfrsmue\/files\/2023\/05\/IMG_20230118_104155-637x478.jpg 637w, https:\/\/wordpress.nibis.de\/dfrsmue\/files\/2023\/05\/IMG_20230118_104155-768x576.jpg 768w, https:\/\/wordpress.nibis.de\/dfrsmue\/files\/2023\/05\/IMG_20230118_104155-1536x1152.jpg 1536w, https:\/\/wordpress.nibis.de\/dfrsmue\/files\/2023\/05\/IMG_20230118_104155-2048x1536.jpg 2048w\" sizes=\"auto, (max-width: 900px) 100vw, 900px\" \/><\/figure>\n\n\n\n<figure class=\"wp-block-image size-large\"><img loading=\"lazy\" decoding=\"async\" width=\"506\" height=\"675\" data-id=\"1120\" src=\"https:\/\/wordpress.nibis.de\/dfrsmue\/files\/2023\/05\/IMG_20230324_122210-506x675.jpg\" alt=\"\" class=\"wp-image-1120\" srcset=\"https:\/\/wordpress.nibis.de\/dfrsmue\/files\/2023\/05\/IMG_20230324_122210-506x675.jpg 506w, https:\/\/wordpress.nibis.de\/dfrsmue\/files\/2023\/05\/IMG_20230324_122210-359x478.jpg 359w, https:\/\/wordpress.nibis.de\/dfrsmue\/files\/2023\/05\/IMG_20230324_122210-768x1024.jpg 768w, https:\/\/wordpress.nibis.de\/dfrsmue\/files\/2023\/05\/IMG_20230324_122210-1152x1536.jpg 1152w, https:\/\/wordpress.nibis.de\/dfrsmue\/files\/2023\/05\/IMG_20230324_122210-1536x2048.jpg 1536w, https:\/\/wordpress.nibis.de\/dfrsmue\/files\/2023\/05\/IMG_20230324_122210-scaled.jpg 1920w\" sizes=\"auto, (max-width: 506px) 100vw, 506px\" \/><\/figure>\n\n\n\n<figure class=\"wp-block-image size-large\"><img loading=\"lazy\" decoding=\"async\" width=\"506\" height=\"675\" data-id=\"1119\" src=\"https:\/\/wordpress.nibis.de\/dfrsmue\/files\/2023\/05\/IMG_20230217_122012-506x675.jpg\" alt=\"\" class=\"wp-image-1119\" srcset=\"https:\/\/wordpress.nibis.de\/dfrsmue\/files\/2023\/05\/IMG_20230217_122012-506x675.jpg 506w, https:\/\/wordpress.nibis.de\/dfrsmue\/files\/2023\/05\/IMG_20230217_122012-359x478.jpg 359w, https:\/\/wordpress.nibis.de\/dfrsmue\/files\/2023\/05\/IMG_20230217_122012-768x1024.jpg 768w, https:\/\/wordpress.nibis.de\/dfrsmue\/files\/2023\/05\/IMG_20230217_122012-1152x1536.jpg 1152w, https:\/\/wordpress.nibis.de\/dfrsmue\/files\/2023\/05\/IMG_20230217_122012-1536x2048.jpg 1536w, https:\/\/wordpress.nibis.de\/dfrsmue\/files\/2023\/05\/IMG_20230217_122012-scaled.jpg 1920w\" sizes=\"auto, (max-width: 506px) 100vw, 506px\" \/><\/figure>\n<\/figure>\n<\/div><\/div>\n","protected":false},"excerpt":{"rendered":"<p>Der Sportunterricht der DFRS findet in den Jahrg\u00e4ngen 5-7 in unserer hauseigenen Sporthalle (und in Klasse 5 epochal auch als Schwimmunterricht in unserem Lehrschwimmbecken) statt, &hellip; <\/p>\n","protected":false},"author":9194097,"featured_media":0,"parent":0,"menu_order":0,"comment_status":"closed","ping_status":"closed","template":"","meta":{"footnotes":""},"class_list":["post-447","page","type-page","status-publish","hentry"],"_links":{"self":[{"href":"https:\/\/wordpress.nibis.de\/dfrsmue\/wp-json\/wp\/v2\/pages\/447","targetHints":{"allow":["GET"]}}],"collection":[{"href":"https:\/\/wordpress.nibis.de\/dfrsmue\/wp-json\/wp\/v2\/pages"}],"about":[{"href":"https:\/\/wordpress.nibis.de\/dfrsmue\/wp-json\/wp\/v2\/types\/page"}],"author":[{"embeddable":true,"href":"https:\/\/wordpress.nibis.de\/dfrsmue\/wp-json\/wp\/v2\/users\/9194097"}],"replies":[{"embeddable":true,"href":"https:\/\/wordpress.nibis.de\/dfrsmue\/wp-json\/wp\/v2\/comments?post=447"}],"version-history":[{"count":3,"href":"https:\/\/wordpress.nibis.de\/dfrsmue\/wp-json\/wp\/v2\/pages\/447\/revisions"}],"predecessor-version":[{"id":1122,"href":"https:\/\/wordpress.nibis.de\/dfrsmue\/wp-json\/wp\/v2\/pages\/447\/revisions\/1122"}],"wp:attachment":[{"href":"https:\/\/wordpress.nibis.de\/dfrsmue\/wp-json\/wp\/v2\/media?parent=447"}],"curies":[{"name":"wp","href":"https:\/\/api.w.org\/{rel}","templated":true}]}}