{"id":453,"date":"2023-03-22T18:06:50","date_gmt":"2023-03-22T17:06:50","guid":{"rendered":"https:\/\/wordpress.nibis.de\/dfrsmue\/?page_id=453"},"modified":"2025-06-25T15:35:43","modified_gmt":"2025-06-25T13:35:43","slug":"kunst","status":"publish","type":"page","link":"https:\/\/wordpress.nibis.de\/dfrsmue\/kunst\/","title":{"rendered":"Kunst"},"content":{"rendered":"\n<p>Liebe K\u00fcnstlerinnen und K\u00fcnstler, im Kunstunterricht arbeiten wir kreativ in unserem wunderbar gro\u00dfen und hellen Kunstraum. Wir bauen, malen, zeichnen, fotografieren, collagieren und arbeiten auch digital an vielen verschiedenen Themen und in Projektwochen auch intensiv an gr\u00f6\u00dferen Gem\u00e4lden oder Bauwerken. Hann. M\u00fcnden ist eine Stadt, in der es viele Kunstausstellungen gibt. Daher unternehmen wir gern Unterrichtsg\u00e4nge und schauen uns in unserer Lebensumwelt Kunst vor Ort an. Einige Beispiele f\u00fcr die Arbeit im Kunstunterricht findet ihr auf dieser Homepage. Denn Bilder sagen mehr als tausend Worte!<\/p>\n\n\n\n<div class=\"wp-block-image\"><figure class=\"aligncenter size-large is-resized\"><img loading=\"lazy\" decoding=\"async\" src=\"https:\/\/wordpress.nibis.de\/dfrsmue\/files\/2023\/04\/IMG_0147-900x675.jpeg\" alt=\"\" class=\"wp-image-599\" width=\"465\" height=\"349\" srcset=\"https:\/\/wordpress.nibis.de\/dfrsmue\/files\/2023\/04\/IMG_0147-900x675.jpeg 900w, https:\/\/wordpress.nibis.de\/dfrsmue\/files\/2023\/04\/IMG_0147-637x478.jpeg 637w, https:\/\/wordpress.nibis.de\/dfrsmue\/files\/2023\/04\/IMG_0147-768x576.jpeg 768w, https:\/\/wordpress.nibis.de\/dfrsmue\/files\/2023\/04\/IMG_0147-1536x1152.jpeg 1536w, https:\/\/wordpress.nibis.de\/dfrsmue\/files\/2023\/04\/IMG_0147-2048x1536.jpeg 2048w\" sizes=\"auto, (max-width: 465px) 100vw, 465px\" \/><\/figure><\/div>\n\n\n\n<div class=\"wp-block-image\"><figure class=\"aligncenter size-large is-resized\"><img loading=\"lazy\" decoding=\"async\" src=\"https:\/\/wordpress.nibis.de\/dfrsmue\/files\/2023\/04\/IMG_0079-686x675.jpeg\" alt=\"\" class=\"wp-image-600\" width=\"466\" height=\"459\" srcset=\"https:\/\/wordpress.nibis.de\/dfrsmue\/files\/2023\/04\/IMG_0079-686x675.jpeg 686w, https:\/\/wordpress.nibis.de\/dfrsmue\/files\/2023\/04\/IMG_0079-485x478.jpeg 485w, https:\/\/wordpress.nibis.de\/dfrsmue\/files\/2023\/04\/IMG_0079-768x756.jpeg 768w, https:\/\/wordpress.nibis.de\/dfrsmue\/files\/2023\/04\/IMG_0079.jpeg 975w\" sizes=\"auto, (max-width: 466px) 100vw, 466px\" \/><\/figure><\/div>\n\n\n\n<!--nextpage-->\n\n\n\n<div class=\"wp-block-group alignfull\"><div class=\"wp-block-group__inner-container is-layout-flow wp-block-group-is-layout-flow\">\n<h2 class=\"has-text-align-center wp-block-heading\">Kunst im Schulgarten<\/h2>\n\n\n\n<div class=\"wp-block-columns alignwide is-layout-flex wp-container-core-columns-is-layout-abceabcf wp-block-columns-is-layout-flex\">\n<div class=\"wp-block-column is-layout-flow wp-block-column-is-layout-flow\">\n<figure class=\"wp-block-image size-full\"><img loading=\"lazy\" decoding=\"async\" width=\"480\" height=\"640\" src=\"https:\/\/wordpress.nibis.de\/dfrsmue\/files\/2025\/06\/IMG_1097-rotated.jpeg\" alt=\"\" class=\"wp-image-2023\" srcset=\"https:\/\/wordpress.nibis.de\/dfrsmue\/files\/2025\/06\/IMG_1097-rotated.jpeg 480w, https:\/\/wordpress.nibis.de\/dfrsmue\/files\/2025\/06\/IMG_1097-359x478.jpeg 359w\" sizes=\"auto, (max-width: 480px) 100vw, 480px\" \/><\/figure>\n\n\n\n<h3 class=\"wp-block-heading\"><\/h3>\n\n\n\n<p>Im Kunstunterricht nutzen wir gern das sch\u00f6ne Wetter und gehen in unseren idyllischen Schulgarten.\u00a0<\/p>\n<\/div>\n\n\n\n<div class=\"wp-block-column is-layout-flow wp-block-column-is-layout-flow\">\n<figure class=\"wp-block-image size-full\"><img loading=\"lazy\" decoding=\"async\" width=\"480\" height=\"640\" src=\"https:\/\/wordpress.nibis.de\/dfrsmue\/files\/2025\/06\/IMG_1100-rotated.jpeg\" alt=\"\" class=\"wp-image-2022\" srcset=\"https:\/\/wordpress.nibis.de\/dfrsmue\/files\/2025\/06\/IMG_1100-rotated.jpeg 480w, https:\/\/wordpress.nibis.de\/dfrsmue\/files\/2025\/06\/IMG_1100-359x478.jpeg 359w\" sizes=\"auto, (max-width: 480px) 100vw, 480px\" \/><\/figure>\n\n\n\n<h3 class=\"wp-block-heading\"><\/h3>\n\n\n\n<p>Dort zeichnen wir beispielsweise mit Staffeleien und erleben Unterricht auf eine besondere Art und Weise.\u00a0<\/p>\n<\/div>\n<\/div>\n\n\n\n<div class=\"wp-block-columns alignwide is-layout-flex wp-container-core-columns-is-layout-abceabcf wp-block-columns-is-layout-flex\">\n<div class=\"wp-block-column is-layout-flow wp-block-column-is-layout-flow\">\n<figure class=\"wp-block-image size-full\"><img loading=\"lazy\" decoding=\"async\" width=\"480\" height=\"640\" src=\"https:\/\/wordpress.nibis.de\/dfrsmue\/files\/2025\/06\/IMG_1099-rotated.jpeg\" alt=\"\" class=\"wp-image-2021\" srcset=\"https:\/\/wordpress.nibis.de\/dfrsmue\/files\/2025\/06\/IMG_1099-rotated.jpeg 480w, https:\/\/wordpress.nibis.de\/dfrsmue\/files\/2025\/06\/IMG_1099-359x478.jpeg 359w\" sizes=\"auto, (max-width: 480px) 100vw, 480px\" \/><\/figure>\n\n\n\n<h3 class=\"wp-block-heading\"><\/h3>\n\n\n\n<p>Unsere 7a hat dieses Jahr das Thema \u201eImpressionismus\u201c und den <br>K\u00fcnstler \u201eClaude Monet\u201c kennengelernt. Dazu zeichneten wir Motive <br>aus der uns umgebenen Landschaft.<\/p>\n<\/div>\n<\/div>\n<\/div><\/div>\n","protected":false},"excerpt":{"rendered":"<p>Liebe K\u00fcnstlerinnen und K\u00fcnstler, im Kunstunterricht arbeiten wir kreativ in unserem wunderbar gro\u00dfen und hellen Kunstraum. Wir bauen, malen, zeichnen, fotografieren, collagieren und arbeiten auch &hellip; <\/p>\n","protected":false},"author":9194097,"featured_media":0,"parent":0,"menu_order":0,"comment_status":"closed","ping_status":"closed","template":"","meta":{"footnotes":""},"class_list":["post-453","page","type-page","status-publish","hentry"],"_links":{"self":[{"href":"https:\/\/wordpress.nibis.de\/dfrsmue\/wp-json\/wp\/v2\/pages\/453","targetHints":{"allow":["GET"]}}],"collection":[{"href":"https:\/\/wordpress.nibis.de\/dfrsmue\/wp-json\/wp\/v2\/pages"}],"about":[{"href":"https:\/\/wordpress.nibis.de\/dfrsmue\/wp-json\/wp\/v2\/types\/page"}],"author":[{"embeddable":true,"href":"https:\/\/wordpress.nibis.de\/dfrsmue\/wp-json\/wp\/v2\/users\/9194097"}],"replies":[{"embeddable":true,"href":"https:\/\/wordpress.nibis.de\/dfrsmue\/wp-json\/wp\/v2\/comments?post=453"}],"version-history":[{"count":6,"href":"https:\/\/wordpress.nibis.de\/dfrsmue\/wp-json\/wp\/v2\/pages\/453\/revisions"}],"predecessor-version":[{"id":2027,"href":"https:\/\/wordpress.nibis.de\/dfrsmue\/wp-json\/wp\/v2\/pages\/453\/revisions\/2027"}],"wp:attachment":[{"href":"https:\/\/wordpress.nibis.de\/dfrsmue\/wp-json\/wp\/v2\/media?parent=453"}],"curies":[{"name":"wp","href":"https:\/\/api.w.org\/{rel}","templated":true}]}}