{"id":499,"date":"2023-03-24T08:25:21","date_gmt":"2023-03-24T07:25:21","guid":{"rendered":"https:\/\/wordpress.nibis.de\/dfrsmue\/?page_id=499"},"modified":"2023-03-24T08:25:22","modified_gmt":"2023-03-24T07:25:22","slug":"beratungslehrerin-2","status":"publish","type":"page","link":"https:\/\/wordpress.nibis.de\/dfrsmue\/beratungslehrerin-2\/","title":{"rendered":"Beratungslehrerin"},"content":{"rendered":"\n<p>Hilfe in Konfliktf\u00e4llen: Unsere Beratungslehrerin<br><\/p>\n\n\n\n<p>Wird professioneller Rat von Sch\u00fclern, Eltern oder Lehrern gebraucht, so steht daf\u00fcr Frau Kern-Opitz zu festen Sprechzeiten (s.u.) zur Verf\u00fcgung.<br><br>Sie bietet Hilfestellung und Rat an, vermittelt auch weiter an au\u00dferschulische Fachleute &#8211; und unterliegt dabei nat\u00fcrlich der Schweigepflicht gegen\u00fcber Dritten.<br><\/p>\n\n\n\n<p>Weiterhin findet vor allem f\u00fcr die Eltern selbstverst\u00e4ndlich Beratung statt durch die Schulleitung, die einzelnen KlassenlehrerInnen und durch die FachlehrerInnen.<\/p>\n\n\n\n<div data-wp-interactive=\"core\/file\" class=\"wp-block-file\"><object data-wp-bind--hidden=\"!state.hasPdfPreview\" hidden class=\"wp-block-file__embed\" data=\"https:\/\/wordpress.nibis.de\/dfrsmue\/files\/2023\/03\/Beratungslehrerin.pdf\" type=\"application\/pdf\" style=\"width:100%;height:600px\" aria-label=\"Einbettung von Einbettung von Beratungslehrerin..\"><\/object><a id=\"wp-block-file--media-9b2d6f91-8d63-4fe0-a936-98a6c9c5ce60\" href=\"https:\/\/wordpress.nibis.de\/dfrsmue\/files\/2023\/03\/Beratungslehrerin.pdf\">Beratungslehrerin<\/a><a href=\"https:\/\/wordpress.nibis.de\/dfrsmue\/files\/2023\/03\/Beratungslehrerin.pdf\" class=\"wp-block-file__button\" download aria-describedby=\"wp-block-file--media-9b2d6f91-8d63-4fe0-a936-98a6c9c5ce60\">Herunterladen<\/a><\/div>\n","protected":false},"excerpt":{"rendered":"<p>Hilfe in Konfliktf\u00e4llen: Unsere Beratungslehrerin Wird professioneller Rat von Sch\u00fclern, Eltern oder Lehrern gebraucht, so steht daf\u00fcr Frau Kern-Opitz zu festen Sprechzeiten (s.u.) zur Verf\u00fcgung. &hellip; <\/p>\n","protected":false},"author":9194097,"featured_media":0,"parent":0,"menu_order":0,"comment_status":"closed","ping_status":"closed","template":"","meta":{"footnotes":""},"class_list":["post-499","page","type-page","status-publish","hentry"],"_links":{"self":[{"href":"https:\/\/wordpress.nibis.de\/dfrsmue\/wp-json\/wp\/v2\/pages\/499","targetHints":{"allow":["GET"]}}],"collection":[{"href":"https:\/\/wordpress.nibis.de\/dfrsmue\/wp-json\/wp\/v2\/pages"}],"about":[{"href":"https:\/\/wordpress.nibis.de\/dfrsmue\/wp-json\/wp\/v2\/types\/page"}],"author":[{"embeddable":true,"href":"https:\/\/wordpress.nibis.de\/dfrsmue\/wp-json\/wp\/v2\/users\/9194097"}],"replies":[{"embeddable":true,"href":"https:\/\/wordpress.nibis.de\/dfrsmue\/wp-json\/wp\/v2\/comments?post=499"}],"version-history":[{"count":2,"href":"https:\/\/wordpress.nibis.de\/dfrsmue\/wp-json\/wp\/v2\/pages\/499\/revisions"}],"predecessor-version":[{"id":2013,"href":"https:\/\/wordpress.nibis.de\/dfrsmue\/wp-json\/wp\/v2\/pages\/499\/revisions\/2013"}],"wp:attachment":[{"href":"https:\/\/wordpress.nibis.de\/dfrsmue\/wp-json\/wp\/v2\/media?parent=499"}],"curies":[{"name":"wp","href":"https:\/\/api.w.org\/{rel}","templated":true}]}}